-- Table structure for table `oauth_auth_codes`
--

CREATE TABLE `oauth_auth_codes` (
  `id` varchar(100) COLLATE utf8mb4_unicode_ci NOT NULL,
  `user_id` bigint(20) UNSIGNED NOT NULL,
  `client_id` char(36) COLLATE utf8mb4_unicode_ci NOT NULL,
  `scopes` text COLLATE utf8mb4_unicode_ci DEFAULT NULL,
  `revoked` tinyint(1) NOT NULL,
  `expires_at` datetime DEFAULT NULL
) ENGINE=MyISAM DEFAULT CHARSET=utf8mb4 COLLATE=utf8mb4_unicode_ci;

-- --------------------------------------------------------

--
-- Table structure for table `oauth_clients`
--

CREATE TABLE `oauth_clients` (
  `id` char(36) COLLATE utf8mb4_unicode_ci NOT NULL,
  `user_id` bigint(20) UNSIGNED DEFAULT NULL,
  `name` varchar(191) COLLATE utf8mb4_unicode_ci NOT NULL,
  `secret` varchar(100) COLLATE utf8mb4_unicode_ci DEFAULT NULL,
  `provider` varchar(191) COLLATE utf8mb4_unicode_ci DEFAULT NULL,
  `redirect` text COLLATE utf8mb4_unicode_ci NOT NULL,
  `personal_access_client` tinyint(1) NOT NULL,
  `password_client` tinyint(1) NOT NULL,
  `revoked` tinyint(1) NOT NULL,
  `created_at` timestamp NULL DEFAULT NULL,
  `updated_at` timestamp NULL DEFAULT NULL
) ENGINE=MyISAM DEFAULT CHARSET=utf8mb4 COLLATE=utf8mb4_unicode_ci;

--
-- Dumping data for table `oauth_clients`
--

INSERT INTO `oauth_clients` (`id`, `user_id`, `name`, `secret`, `provider`, `redirect`, `personal_access_client`, `password_client`, `revoked`, `created_at`, `updated_at`) VALUES
('9241be9f-6d1a-4086-9be1-7a03a5ffe047', NULL, 'Laravel Personal Access Client', '6VH0WdfO5ywypizlYMGMb2CAXaTMas3RCUsEI105', NULL, 'http://localhost', 1, 0, 0, '2020-12-16 04:24:46', '2020-12-16 04:24:46'),
('9241be9f-7d68-4b30-a94e-e5ce61bb644d', NULL, 'Laravel Password Grant Client', 'm1e2Ngmofw6gwpznAXUaNU3x2X4ZzRmdq3iYP0HB', 'users', 'http://localhost', 0, 1, 0, '2020-12-16 04:24:46', '2020-12-16 04:24:46'),
('9241bfa0-c6ac-41d8-89ef-bf3dad04a026', NULL, 'pkce', 'kypTHx9Xu4yET7zG3YRWTcoTYE8hn9BqX9F0Q8Cq', 'users', 'http://localhost', 0, 1, 0, '2020-12-16 04:27:35', '2020-12-16 04:27:35'),
('9320bcde-fef9-422f-b36f-8e4be72fba44', NULL, 'Multi Vendor Personal Access Client', 'Wk4KMbS6dySIDVzKQltegJjJCTRgxHkDjHVoqS2f', NULL, 'http://localhost', 1, 0, 0, '2021-04-06 00:49:29', '2021-04-06 00:49:29'),
('9320bcdf-3042-483d-9715-08c383c0ddbe', NULL, 'Multi Vendor Password Grant Client', 'aOdTsFzkzVgEBQhtsFu0OJDUnsVXEYcuFJ7b50xS', 'users', 'http://localhost', 0, 1, 0, '2021-04-06 00:49:29', '2021-04-06 00:49:29');

-- --------------------------------------------------------

--
-- Table structure for table `oauth_personal_access_clients`
--

CREATE TABLE `oauth_personal_access_clients` (
  `id` bigint(20) UNSIGNED NOT NULL,
  `client_id` char(36) COLLATE utf8mb4_unicode_ci NOT NULL,
  `created_at` timestamp NULL DEFAULT NULL,
  `updated_at` timestamp NULL DEFAULT NULL
) ENGINE=MyISAM DEFAULT CHARSET=utf8mb4 COLLATE=utf8mb4_unicode_ci;

--
-- Dumping data for table `oauth_personal_access_clients`
--

INSERT INTO `oauth_personal_access_clients` (`id`, `client_id`, `created_at`, `updated_at`) VALUES
(1, '9241be9f-6d1a-4086-9be1-7a03a5ffe047', '2020-12-16 04:24:46', '2020-12-16 04:24:46'),
(2, '9320bcde-fef9-422f-b36f-8e4be72fba44', '2021-04-06 00:49:29', '2021-04-06 00:49:29');

-- --------------------------------------------------------

--
-- Table structure for table `oauth_refresh_tokens`
--

CREATE TABLE `oauth_refresh_tokens` (
  `id` varchar(100) COLLATE utf8mb4_unicode_ci NOT NULL,
  `access_token_id` varchar(100) COLLATE utf8mb4_unicode_ci NOT NULL,
  `revoked` tinyint(1) NOT NULL,
  `expires_at` datetime DEFAULT NULL
) ENGINE=MyISAM DEFAULT CHARSET=utf8mb4 COLLATE=utf8mb4_unicode_ci;

--
-- Dumping data for table `oauth_refresh_tokens`
--

INSERT INTO `oauth_refresh_tokens` (`id`, `access_token_id`, `revoked`, `expires_at`) VALUES
('52aa81c36184d7772fcf102bd278088e53e2fca5c48b7a24969336dcdd767edcfc3cadff70aeb318', 'c4a6bcd6dbcfed24798d938a3967ccb789bad5817bfed111fd89d1d34af9e297ca1ea4e2dbb1bb25', 0, '2022-01-21 05:56:50'),
('80fa39183211d25762ac7e859448415ea362969716eba747211d3f6d7e742d0eda885138c0e3e009', '6cfdb20e8d945c36ffb9c392f4d971195b63512420bead85e6c8cae440aeb615ad3ba5ab53c1748a', 0, '2022-01-23 07:30:54'),
('876fc9ac3b75ccbe981e292d2edbc733088a819965be9184eb0fe3101c047a504bb3c655d77f631f', 'c2b2cba24e05213268d1bd086e01c69e0af132461bf68d3b5e6f639c3fb7ac27df72b195f22eb241', 0, '2022-01-23 07:41:56'),
('889d27c847c91be17e235aaafdcc000be57cdea03d763853cf677ea6a5505c9a336d9ccb151b74dc', 'ee9b30260534364371ffa6e552c57736c573aa6a17f5de14beb8c66d4bb0ff5dda06a398d7dd114d', 0, '2022-01-23 12:47:42'),
('262a2c49a45cd83ea0fa66a143eba9f082fd56382303467c755a4ca0b913e4dd6f41f61249ee78de', '0f0d6658f45abb81b4582dae8e8755ba6e43fe2f81267f6725b322b32909e7723a058a19ba2f8c23', 0, '2022-01-25 05:39:22'),
('efe3005b69e0d67c31b2794b7a01a240d41f9af4f267ac8b7a47922768b68c77fc5f1b94ac401c03', '2f4455d03b67e2e460eab460c2cb6d1b87c0e69a33487fc0ee9232854bc39d21642356c4df68c2cd', 0, '2022-01-25 10:28:54'),
('67f5a5e18987920ef3026f83d96a59ec911e2f8660546a8ff256a21d48bb2c0e02d9f6d76f43c22d', 'a921ee4d3800325988f8ecbff1f4a19cba5a8e44ddfd93707805ed96a4c79d97913dc4eb758b59dd', 0, '2022-01-26 12:14:52'),
('cffc0e54417659f9d2d48962790f22682033739f52baf8afc4f7f5295700ddf6dd9c4abb86c2de42', '02ce97bef2a9325e633300745c10a347161b63a76d1ee76b00cd522eddf211caa4abe3d62e3f3e97', 0, '2022-01-27 06:06:29'),
('9ae1323ac0482cdba41a2f90e77721b16725e75e0974820a4baa4e5c441d59b0e8f283f21b1b6bb6', '4101dae8751f55161f65367dcfdf9867f075785d7016bd723200cfb4c8adb91e298ae102518ea937', 0, '2022-01-27 06:06:30'),
('f75442b03645bb4a3fdfdc1a2496445069d6335119b7cbe268c44d4419ffa8ac3ee4d451f2c5b673', 'e5fd8eb5f7991f96b332a1406d32371506a35ed77a6acd723388e50da639ca100454ef2aa36e1023', 0, '2022-01-28 04:45:57'),
('2fcf73614aa22c5fd890a84612d4f039fa3e57ddd5f278accbb1f3a60443e64053e62c447420ad02', 'f7ee364ed6063632f4169e3e5db3f07aaad97d927037afa141a6fd321c60e1723079ef95b1693a11', 0, '2022-01-28 12:13:38'),
('25d165e57b7862a0cc790eaaeca70e03ff338d7f73ee55278eee91068ddc2d2c7a7744ca34a05b47', '83d0b2cd533bd40ce600b100f891a6d659abaaf25d8d29cfb6b93a39527ce96fec3664df71344950', 0, '2022-01-29 05:34:46'),
('c3a03da63f98cffb090547ae69c0ff8a1c6b8fc9d31cb3795a7677c212d501e48c6f31c99f3254b8', '390b4949db81a215267d57c727ceefd805589337a492e08f20269537697a3472d663f3e161ebab77', 0, '2022-01-29 05:50:42'),
('e354747267e71e3989da68d7ab01d6a900e1f7a2f51aad36cd0e8480a40448c7be8f617847d52e3b', 'a11e5dd30c2f25a9dac937ab836f8141f4774af96c53aa438f1febe1e401d7e3d50433c9f19c60e5', 0, '2022-02-01 06:38:45'),
('8f056e6dce1f8aa14656738ad8aac48eb4e458e1b34e1159bc55e6b4193dd344c3fb145eae30b4a6', 'abad507868eaebbcb5533c23d607c99a9bc847d2453ec9a62ff70d184c8403667d93112cb8bad093', 0, '2022-02-02 06:21:56'),
('248462aa9453ca02eff784f7b876207a00b2dcaf521334d75f8fc8e985301fcb403cd6c7fcefb25b', '80e9090752501ec6680624f9d21ef18c658a5092e1348871c2bc039a8c9aaf563d1b6c6249a58556', 0, '2022-02-02 10:41:34'),
('34ab63d3918ed07bf2459cedab69098fb7c1977ca92507fe8cf3f4dba63eefd1a8c8d273e2b0a0bd', 'fa67e022c19e0150f9fb65a562f1ddaf297594854baee16deffc75f1832b84c310049bb3ea0a416a', 0, '2022-02-02 12:19:37'),
('3b1a62cdd13b473a8a3caebfe4378fbd8baa2ff3309c84e87d98c2bc1d8a341538a06c7ca7c19652', '68224a40784da1647a0c378cc2adc423ef2527b2dd1b26e95392b82ad159d1af817e21c314773bb3', 0, '2022-02-03 05:33:10'),
('462b980c5a38f9521ee4d5f3150e8a298c2ab92b7e760fe7bb8557d541c19a968ba34958dab47b2e', '0d6a6002a0381db61786aace65231968e55e0049b602a7a36fd92f3600206580ffba701d924578d3', 0, '2022-02-03 05:33:12'),
('dac2a558759a4408a2f12cdbb2204e4573b0795ca7827cc1513ad2b85fa2a799fa221aae90645d58', 'fee91f750889624592c54af4e8c8abdffb312ba9d0185110594e49163e6bad600053f8c27b0ee819', 0, '2022-02-03 06:46:52'),
('dc04761b3edb59098be191342868593d8f004af030e460ffbbadbed7b8d5188139f739be019b8b7d', '958aa8697c4023cfa7a72f275262ddd280f730d58fa0d3d546d41b1dfd920266d9682a7680161d03', 0, '2022-02-03 07:40:16'),
('de0d7ce0be87871de20f0fe3d420692b34edeb9c9ebd7963127592ef378cf66a6f278fc5589c9037', 'cae11579ad6d0cd9c7d10b5711eee93e5d390a628f28f5ca20e6033e79a53340baa28e02b69c7151', 0, '2022-02-04 07:36:39'),
('38103d35f1a78f5a6c01eace88464e7cd3836991cae2042b27c27b0ad344ba2a0d137f8d8fce6988', '08f633a082bd3caa19d056248aaf16ce5d2ef0d7e5773859ee4e964b1f8b46027b7b564e7f4c47ae', 0, '2022-02-04 07:36:42'),
('7843b0fb1affff8401b9638a9cf84297ed94f771ac7161afb334901c1952cfe12964d9722bf85e67', '13b2255dc9b35aae9d19fb3f65e90f2e78b3e7cb01f62818fcd0ed4ed1c72074e53a731c45b0d44a', 0, '2022-02-04 10:22:14'),
('42abed28702c0105c7805ed577055d219cfa8d2ed8891e2745aa53889bfc543752bb780c0b528818', '9b435d73dbb8ce8250fd4d5edb388e992534233cb18b371abeec525c3b46c97f5881f43f59d00882', 0, '2022-02-04 10:32:44'),
('080751a22ee82a38b630b930294c5ef988bac760c929e390139c57ae2c623cab19ac80443b0d1c6b', 'bddb95cd9817e5ec3c2f3e3cc60b27e5a6f65bd3b1a4ba3374bf1fcb1b3841e4a545dd81bc612d7f', 0, '2022-02-04 10:33:57'),
('9cb4590a293900e12b0aeb969d297a933367ca17205425d89858827f682fec3fa0b3f89b2890d76c', 'cb394f12e9c2cc4cd451705ecbe3a30aba7740b45f848646df8b7e57cd208651b0feddeb705fbbcf', 0, '2022-02-04 10:34:20'),
('d93069705416362a2c0f0019acbc83b34164b987eeb284df6f19e5b9f47518bb71327e1c05aa231a', 'd16ec08bc4f151f82a4d544af42d5c8963e46e9ae82d3af799fdbc6671840c9f98d7eaa3104af10b', 0, '2022-02-04 10:35:58'),
('4bb4af9b5130653e6d09fe323d32418e1a93b72e98e283baf522fdf360aac78412785bdf55312ce5', '89e52807713bdc4f1ca9eb189569e6bbd2e517560f119a7657a8e21317a0ddaa69f98c36f0652986', 0, '2022-02-04 10:38:01'),
('35564912cdadad9f805b653ac403a5b69ee15717ff8d0a54a4ac04b956c0a758cdf43164edf7f3b8', '1ed795e5c049f9ba24502034d3c30fbc75899a5a9b2a9304ed189c1a81199e5f280d635017c63722', 0, '2022-02-04 10:39:07'),
('67e51ae2f2594d5de8285691a96135b38e339c6c665f3db025013f92885712e7a7112a03473c47c0', '8ad49bb181047b6f8132fa11b5a7050e1444c2eddf3d2fdb98342590a787574c4642a7132219f8b8', 0, '2022-02-04 10:47:17'),
('64ab09ceb346ffddd179fa518585a80d5abca4a6dd0c005b9b7225a1615fccd500a9937d909e33e8', '302c9ec58156b2c91f475f3c99686d8e069290fe7caed44b74e076e822c3d46c83aa7a5668bfb78a', 0, '2022-02-04 11:16:57'),
('9e8af35582c85a0c6e4fd287c08d26da5259fcc2f7ac4e36a9a5d8b0f6d0c64a75c0ab11ec7261f7', '3063f1a293a40a4d22e0a86386cb4ddb39b411e607482791c0c6b754b71bfd82c27b10f4fa9256ea', 0, '2022-02-08 11:42:22'),
('2e367765022501e9716e9730f8a9e2948aff45e6d1bc6d711fe25842b59bd9d71057f0714e134e74', '5f7ba333027ffd0b445ef3c41fef25d6e5a44c5a27d329ef5636430ea88b9b25a163eebf143b91b7', 0, '2022-02-09 05:46:07'),
('fe810c15ec6a11278b701e90978e3ac651f84340c8b576b2bb72da4ce2c7212ff67b040668adf9e9', 'bdcb384709921941b4f6c85b33f1ddee06431af0820d053e96d3c0bc8f64e0a892ff59f78c679483', 0, '2022-02-10 06:01:31'),
('d011167d819326a341edb1bf3580e5a83d26d74b950268d6d40a6a7f583d48e9fb1d979f80f170fa', 'b7e1fd62949b678f264543fcde46404a3a1f3c5c4d39e69f3978865acf31c9ba4ac50bf45752d040', 0, '2022-02-10 10:19:32'),
('ffbbca119080b33ff1210ba509df3265204136b2de50ce24f6733b0fdd788a283424023e45b3afcf', 'd9a340bdf82ef6b17999bc7f591aeae45d0fea78a5caa6014252052d10c71ddf70d0222ad7c5a02d', 0, '2022-02-10 10:35:10'),
('c8c0a3892e221404de07c3f6fdf6153db799fad6ac2c80f4d25f504a47c503656ad6d9f79a45d529', 'ca718b0bcdf4304224f8267710a18f5b8689227db0926f939d0ea4e6d0b4e8b4762033d38d57aa0d', 0, '2022-02-11 05:54:25'),
('ad245e0a4760268e1891fd12ab3629dc3471ac11c5d00a4800630df78f762b8ce952fce0b133a156', '3fe905809f208372e07152e315a969319bf74193d2f069e680f6f850f61ea45b281541e202c7907d', 0, '2022-02-11 05:54:29'),
('22284485b2f4925094183ebaaa100fd54a072dca660f9e1903f0906e4ecfaa4922bf4e9cad9dfe36', '8948d12e06735c326afa8671096676b5fa95b5f626314101f04fad0a7bc323a4b3356ccfa5545d76', 0, '2022-02-12 05:17:32'),
('0de8736f04e18a448c78e8354a6e190a85668426e75727a5e08a9ec49ac96bfb4a5d9c4eb7d84d52', '4c418e85a99c1d911d59568d2d2970759d43fbbaead0908d4e2b1e2dedfbb6364c42b08cb6958795', 0, '2022-02-15 05:29:35'),
('0783745b6c50d2546acb22602013cdd5cd9a4b39baae95b2cb7ca19dbb0c6286fdf438e22121ca42', '9d5564a5da850b3e397356427ef25dba14307e7e063a2dd9aed9f8c394a78a5b3a08750b4dd6d6aa', 0, '2022-02-15 05:29:39'),
('f4ad2751b1628d1e162f26dd5730bbad345476a4b896290cfdee061c9330adf2dbff5a773535d8d3', '463177d0f5baa62f0981e35aef4e37ee7c70bb0d220314a8805dd39c73a5538703f6fdc161729deb', 0, '2022-02-15 09:17:45'),
('442c7dc74d6fc9367a0405e89654c7f002d57ce4898ff2cf52649aa7a3bbe7b322273173846cbf79', 'cceea61cab999766c410852262283950ea785f3f8beb2e2d01271360c60b11edaa01c83e4df41ba8', 0, '2022-02-16 06:23:44'),
('803ad7f772c1b07a26b5bb44777f2c972cba9a2589045400241c9ef6a597a457c5eef1e8d1caa256', 'b64d21d8b43c49915c3e57461258458187e32e7beef978c1b4be019e1db3820a659b76451b8b9274', 0, '2022-02-17 05:00:57'),
('6bfc38f5d99d2420615f7a3ed1ef7fb494014d2a1f915dbf063962e6abea9de81ae43e61bd41db61', '8dcf06681ff391d84ce1a759dbfa09debb6c926723bb49ecc73c00330939b54d4ac9456b4705d21d', 0, '2022-02-18 05:31:31'),
('bf0177381732986db9f0c251aafdf1f714b92d6c3ee6f828bebc97b0a3452dcab68893554918bed7', 'a113876e98fbd4b8c83bda1b190164ed33377c9fbb5f09ed2b0195e10bdacf3f75562bff1fa2ced6', 0, '2022-02-22 05:09:09'),
('a7709943d974157fb3ba94a1fd3bcfa80e46fd994b79526d39f67aef58a8604f0f78a531bba71035', 'be3a7fe938ae47e22f41e9ecf7126ee7b470f86fc6f52621885a6992f42e9e75d8c81233998f5a1d', 0, '2022-02-22 11:43:12'),
('a7be889b6088851b62e07a69672a8b5a29d6a79cf5117a4aa6409c24a90d1e9c259c739e4ebaf209', '3803fb197fbe311af9f10470b6eed1683075b14758f97748743d2b0bc5d8b010e905ec9ca37d55b0', 0, '2022-02-23 05:40:23'),
('605a091dfbbba1774ebf7dc6a5ada5d6f46ddf96bcc95ba99585d0acf0d112d77650cee5bc8eb9f0', '78563d6ca25912b74ce04ce895f9144412b30cd3a2a3240f49a14e5243584e89e62b3b9d13004807', 0, '2022-02-23 05:40:25'),
('f331f3e77c42d38b7ac3aa125e8cc58d1f64510362cbf70910e475c38418ca48c879b99b19a6a9d3', '083628d4be3e3f7328bb53a1f437902b5c71faceea18be755726cd48682bcd161210446aec6c0e4e', 0, '2022-02-23 10:16:55'),
('76edc42e4747a91ef3a7668be8a6617e809cc8731a27338df4523a1ee58d08beaec07f8fb020b1eb', '0a83f25e4ba6f2bf8b2306aff2bbb5c18a9ed9ee8835b9fc7a2d7a1859409f576284e28a6f18bbcf', 0, '2022-02-23 13:23:23'),
('ee78cd7d87bc26a1e82e65a51417f479b313674385d429f9fd2015501b19e4182517aca7f59fbe37', '86ff035fe58c002d60b150d5dd7b63e4c795c77c02980ec624d9a3d41a1c01162b9c6129cccef97b', 0, '2022-02-23 13:23:24'),
('3ef9923cead10244c492a27c15536020d0d4f022eb2932e2ac576c002b30a494f429753569f1a038', '7b774adea188c35223e44a40a70276606e6e16d3ec6dfb8f29f12d2246c30ca1034aa177702e9f07', 0, '2022-02-23 13:23:28'),
('d2739b429933fcd9f85ffcaf7b4e738a822b0ad5cfd63fac066f1111030ee2304de8af9daa07d3b3', '003d0d82a8a7ecd8e6d67f17f994cedb3101c92aa230e0ea5243da0f98eb1baa3435d24f58858bf2', 0, '2022-02-23 13:23:29'),
('a6bce8a4270fab8e8b1859d0094c6b529c13531271c9e9cfde5516e72fd668638533463990c59d53', 'e56561cd0bfe6a65df21ff9e386312229a7033d85d04ff13e64ce45e954c2fc6aa5cfc21992a7aed', 0, '2022-02-23 13:24:16'),
('46f13a646f595cb5dd3e2a0f164ed7369a7c8aecbea6b1afb4d5875595c968d6d9ac9cd51f74b9a8', '262de320274157b758666727e760407350f700a9b0d6a07d991adbabce966f045231712436d6cdde', 0, '2022-02-24 05:52:34'),
('8f4b5646d1f963c5c8e8fe5fd101ac3a94932ec6dc00402bf2faf9ea2fe913bed9809dd6a5decd19', '29b0644dc8f5fd290a249da2522d5e79022f2f2ce376048c36716a46aa4b05ccaccd902514161b6e', 0, '2022-02-26 04:58:31'),
('349d93d70620954c00f6fe5888904e994261509610724371ec813acf16ee7644c316439604df408d', '88c9ef6b5d9ce8342172769bbc62549f846022393acbcc1f35c7c256ab7bde7e8097be9c594772cd', 0, '2022-03-01 04:46:30'),
('e34b5ac74f547c431ab16ef5bfaec41942f427cd3f57c403bba529b8227207e1ac756f669ea80718', '6b073dfccf657dd6b27b0d57da51cfed6f8fac5268020b69ddada2df8e5c8f14ea3e5e75e8a3e0e5', 0, '2022-03-02 09:37:58'),
('412a142f04a252ef1af305704397391ed813efd9147d7669b4f608dac2d4bde916be98cc49aab1fc', '27f20cecfc8dc68e7e1d64f97051f3991f766adc9e28c30f67838d514e2d11ac5829396148ce92fe', 0, '2022-03-03 06:26:38'),
('6161785e4d2da98d9914a5061ff4c7220b177b07fd085fd9c386f17196e5de72fbe0b322008f2f85', 'e47cda5880a53857da0bd2d84190a3e7ff38a54dea47f742a304c356de94008605c999a50bb1ea79', 0, '2022-03-03 09:11:56'),
('f1714a01b38ba5b2d3a2cfd7e6482081716e1c6f17b2c5aa7c8927bb702eb4199768a7fd1795ac8d', 'd19ba6059ad2f59af2b9472b20fd2120f0b31235a9d1ce81a2a80ee421f5d891465c7727b69f5323', 0, '2022-03-04 12:26:35'),
('81b3a8eaed3e6493c625845dd6c251d56b60887bead2ef27aa6fe5f026632a6f3c470ac10f5f89de', '9183af5f098fc7b7fc3c2ec62fbb1d46278e2748584cbfbe5afb1c423fb27691ee7ffc5529a1649f', 0, '2022-03-05 07:08:30'),
('a6049095e66fff70dd9be80199c5952fa754f5afc77e45c83ac67a91a62c84b93c0e9f429574a7a3', '539acf93d91f020d0f3c58bc91c70def81df3abc140b66a2063a8fd6b46026558c4731d5ce323efd', 0, '2022-03-08 05:32:40'),
('4ef7f6582ae6c8d8baf49fbb2706c425bf93f69fc04f07522002e766609927fe0e84d5ebb39890d4', 'a0e989c55e76e2dbc0365bed479eb08dca8834d8527dfa4ef95623c5fe9937842715035232c186d7', 0, '2022-03-10 05:41:06'),
('daf9cb1db2250814addfc9dd91602790a7bd3827b2f4fc4a1fe87b51d6c0f3a0c1abbd4fc8406e8b', '15d86145bc3e50513f99343dd417c9942d042b8801e2e8ab7e03b79730dee47c5cb2205d0e450441', 0, '2022-03-10 13:02:25'),
('5377b90b778e858bf3b11a7be70feaae463dd0ba89318a6f1eca265718eb8a9797c31d9c2f0bce3f', '7d653b4c29f3adb6c51c90d9717f3a924cb806d03b56f138852a35507f87cadc463ea6d1007dda0e', 0, '2022-03-11 05:24:13'),
('26da733cb21246efd0631ed11ce5f0b5509914e9bdb87519eb9124829c6105210ce79ff915b428ef', 'fe2be384914e728f52efb4add53d85c825dba24f31ff198ce544be75d0514bff573b3431029990cd', 0, '2022-03-15 04:53:56'),
('fd4fd907b54f3626b41d6e77d58a2636899ae1146ab2399628999c00209aabae5b4836354ff4a33c', '4c65c254e772dd0ceab49b77267cde3df925d9d038223fdf15c8bf18ccfc791d657a61759f4c90ba', 0, '2022-03-15 05:12:30'),
('035871588a334e78e03764f188ddbfae6f0e8cd41d669e418eab988a8cb5923c84acb7b8dd4ac8bf', '29a43a8388a8086a85af25de49a8cd18dc13d1ef9d4635501ada81fe608c5e9e9bcd9e7309c356a2', 0, '2022-03-15 10:56:54'),
('861e8fe04b9b1cdfac3004429f54dccfdae59ef4da95c129fd0b1e4dc877bb8599885cf27daed3d4', '7fa1a095709e08fd95f8a7940baacc59825dc35e3e85eba7a4e9a6886814064741e29a19fa7e1738', 0, '2022-03-16 04:28:12'),
('d9f6f32c33c88583745f735ca80f9625f2062b3cfb8bb8b89bfbb331b324b69b6ce324c72a07a181', '5e755c698cfce1113d5c04bcba1474b7d105176287b231028b9054913f6d4da461b8c23de6fbee87', 0, '2022-03-16 05:08:52'),
('7064978cff919f33d9a44309fe76c10028d54a8cfc2a4d3154cb628a2e1b771301cf87ca0c32f0b4', '4d09e38d11c0955a0944ff87f347a082fe3856d6983a94c2fbb52da5fee87d3f221b0ab7d2162c9f', 0, '2022-03-17 10:42:29'),
('50d695ef2a20e0ea2497fda0efb859d41b3185a22838e5d33721047783c563a89435d6be6db496b3', '095332d171a2f6e8aae6c732a994de2c570c9386551eff086fe7075d8ad33c0e3d4cbcc11fcf1024', 0, '2022-03-17 11:03:03'),
('140dc16c6d1adb24552014b26ab011a339c744ae37be4b7a2bbca8cfac92719bd12b89e49148830a', '07e318be24fa5a15baf29b58ba8388aea38b0981b68ced7cd8213658abd6583f642d384411ff05b1', 0, '2022-03-18 05:09:04'),
('b9024d6eb924f1fe5bff4d89155fca7dab85851aaa8189658dc02ea88dcff0101591941e25a8a880', 'f43c67891b85c7498fce463c269029819aca9ce2fd3a3de7f50589f7fcb707af1cd26b0a755a88be', 0, '2022-03-18 07:30:26'),
('e30ea86ace5f294f74e3b1f09995fc50afe22fe968ed41ce0a4ca73f8c7bcdb24fc2f6c8076e152a', 'e103f1fd8b532fafcfd0f039e61830291b8df1f6cab295473afd397e6b4b9ab9dfb2e4a2e01ef06f', 0, '2022-03-18 10:35:39'),
('f8c373d50177c10e951cfbe54f24bc82091d3222a351f3705d33a129e4dca872b28a62d74b22e1ca', '8b6eb0bce7ee5bec70c17da5b2d0a63d92f9e7bae0e49a1bdbf77fd9c3b2fc6d1276e6ff4447bc70', 0, '2022-03-18 10:36:01'),
('ae32a077b7980b2efd6fa54fff10dd8c080a4e6c2d3d2d5ddc6df0c54b9fddef23fc9f76af509ee7', '43450f554968c16d4907c15f0555bafdc82f4f7c776f599b48f332bb7aa7c195a4802db0018ae397', 0, '2022-03-18 10:38:13'),
('b45e371c5db814a5340bd13d4b205a029b63461a68919da04561aa74250db019aa211b039d21aee5', '5c7822294017486c4f9b4b34fdb7cef3a5ea8dd10a50edf93b8de6c0c1dff3e3544ac59348104c59', 0, '2022-03-18 10:40:19'),
('093fe6d4ee0415bb36df03668934cdfeccef24e5c22c207b0c9e739215b31f06f16024d23569b9b9', '748a500201e84c3528d499a03096538264f95236d6da68c18a709016871fc5b0336e701dd49fb26d', 0, '2022-03-18 10:56:23'),
('33fce5736a8a4d9577b9ae41b7d9d1c7324b4603f7dad8dccd59ae0195b0796c3d08eacb0c782693', '72ea6fc07f99d0f4b244355bb9eac326cf1f44ed7eeb231dc67eb036cb007595d1073d9aaca4c16c', 0, '2022-03-18 10:59:28'),
('b4e031efebb16fe25e9ba7f601b31bb898c57707851b905dc3ec3f17c72ad95b8f1037dc2228fc53', 'ad9448d0663dd0e7552e725df8b11f9133fdad5538b8785732f9111af7658a0d116a286ae29d5b9c', 0, '2022-03-18 11:12:26'),
('1be4b58f5c89989ecbd519c79bc95c2c594c3406e8e0bb72260c303596e423768b620f6e9a23aad6', 'e8bb095a657a38514696b588ca9221ad1154766c72eab39dd7c23e5284eea9df2744e753bac0d7e0', 0, '2022-03-18 11:19:11'),
('241f2536ea8f45ef3d3a13a84222329e135558c44cea1c1f9b7d697e2da21de01f4766b6140d6e56', 'e90124d9b407255637c692163ded491938104be987d7e0111096d133f08e1121dcdb0b59f4f5abd8', 0, '2022-03-18 11:20:09'),
('6bb7839e95190392f3016fdf4902df6f7c009f427b0bf474c0615a5474d240dfff19a5e87008301a', 'bffb5959f549d9d189b76678d1fe3d369f804ea09269aea7cba9d2fca93cdf9495aac8aadec5c237', 0, '2022-03-18 11:22:02'),
('d41d6d6222a44c6671b5187df0606bde63219b395cefcc5559f940a3212686f7311e8676edd3ccf7', '50c99f51fcc758568fc3bb6c4db332e07f29b2042934590ce154d358f539f1bce97198c1c3337676', 0, '2022-03-18 11:22:44'),
('a011582a4207bd12516a9a7f547bbd14357bbc6430721478d7041fd05b16a1969b8dd2a4429dee92', 'e38d4f77ced40019d720dd3775c60c4d55a22eccf2b91c6605b4ba4320d930e4a603b793b646d42a', 0, '2022-03-18 11:26:32'),
('40555f5bacf3743de26a018a09879b99bdcb818ec9bd5c30ecf5ea8fec0f2a74ec0404ab48527926', 'cdbfa5bea96bbe295209bc99b6039b90c4aaa3a3a404b0d14dc67535644c79c06712e85a76a5bae3', 0, '2022-03-18 11:27:08'),
('16f30f0d55cd2690e96f048a8cc80b9d6c65950922434d34fa51e830cc76acffb4a067cff40d78a4', 'acf635a71a353fb114376dbab6cecc44663482a6616bb4162669e23c290f1f947370f0ffd39cd7fc', 0, '2022-03-19 09:29:27'),
('b5b2345f4a7578603bed9d8f45018ff0e162958b3b519383afb432735613e34713cbed0af72b2a77', '0065622cb633398f383af57ec8898c1130d7633d7566199696a93d7be7f9b9762f5e6ba61e20051f', 0, '2022-03-22 04:55:30'),
('684db6c99e109d1e4a82a7156a1b68cf2ebda97b59d3ff544f21cdf5f5f995640ce734d5e6c4d066', '520bcb3ff0811d38572edfa5439112b6ebb96e4ed45f7dfeaee86e427d36bcaacb454ce497f81217', 0, '2022-03-23 05:17:16'),
('2a7812b4f59eb7be9df5b143a261fed53de9837eda32379c052d8568b156239b30592f44a15bb614', 'a73781313130b2aebec765bb1be87d83d35188b90bd3d247f47fcf9d63d469efcf300d091dd97c4d', 0, '2022-03-23 10:38:39'),
('bcb89461d4eaf14837fd6f14eeccb293e3f61ed870424bfb6e7be46216395907a3dd75fa70de1b21', 'c43901807196e33ca8cd110b96888dd6e919470cc27a7709ad1027a8f225c2512cacffefdf24abfa', 0, '2022-03-23 10:58:38'),
('d9da1be87f90849d879786a566b0288ffa9695934573cc40a8aa79fb10ffd1ad9d9172c2ad945253', '77bd6eae7e56474611f43846c6c8cc977a8e723bacdf6870f72a7261d5bf5348d673c2991ff1ed21', 0, '2022-03-23 12:28:58'),
('c593f7f652cb62e7dad6efc5068e75bd08cc867e641eda0fb34ae4f1b508cfe254bb5b9d138ca87c', 'cd3d4eb90e4df1a47c81ec02432e060307c733e1f2c8767c0e3bbb137a4f87c32da395dad2212f3a', 0, '2022-03-23 12:31:51'),
('5794edc7774f1d4cd39440c7fb7e444068baab17c3dd7dc12579fc78487fcf5ebb4daa837941a6c1', 'aa057be22523a29c7b3d3694af6562078dc0048d212add7b463912388582d3e6e26bf1b5514324a6', 0, '2022-03-23 12:33:06'),
('32411d5edfb1e57b39e3819f706d0666cf67fc2f8e5a892e75e548a505544d551a650cfd5a8cec45', 'bb359f19b0eebcb7286c27e2ffe6122a39490b6f8fa54680e880f468421e7bf3ff232c37e4c56a29', 0, '2022-03-23 13:28:02'),
('1af266a5851b3ed426fedfaade8735b5f40db1afb62c9967ef193c231208cd8c0255e8743ef79df7', 'af3f55c8120d34259b712195ce579dcb94784bc6c3ea827531a8359621342a13e90f0c41cf77a6f4', 0, '2022-03-23 14:28:43'),
('128aa5121952da483c7374ddcd1e14122404f9a13090080dea0b12dea3b3517062d5e897bb552692', '4894867680eb13ae422f9382035b77a618871fa1b0bb5568fa0fd999be44845d1a0bf73345a5dff7', 0, '2022-03-24 05:57:58'),
('d4c5deefe1d0de4fb2dedaacbb869d56c3894de2e18e995399e59ad5a77494f40b7d903d72fb67fe', '419732d7e64d260d1fab8b7769cbd722911b8ef652f7052c9ad98f4ee48569373e48747980bf27d6', 0, '2022-03-24 05:58:00'),
('b97507fde402a8b46f9debb51a616403202de4fed9ded982ad2df7b8debf6fca3d06dc6b4161be59', '85d24b4d640b0941657c10629e1ac0818b4a91ab410a0e18f152ffb64a323d7842a17c48ff81d902', 0, '2022-03-24 06:27:26'),
('f9fa35648dccd2fc8154497922e5b5889d1ed3aa141a308acd49126023c8b55f3580446fd059264f', 'eec08b5284e3673057bb941aef288e75fb8a66f0f53f4433073707a52b02899f0e72098f4fb3c47f', 0, '2022-03-25 06:02:03'),
('d6b37b933835fd0a8727a23facdd676a2e431068f97810a8116543dc7014c33dc8a9ff86a77dbd39', '356322d31ccaaaf55473b8b18415f41e5efa8b8b201cfa9aabd25da5d659a5585f93cd689e3cdee9', 0, '2022-03-25 06:02:06'),
('995f7a166dd9eb658e8600f412f8f10ae089cd02e37d66eeb3a01788335e1dabf4d9d3c1812164ea', '7e71e8e28409bda929eb764489dc224ded4aba6dfc01955842b1b665d1be827fbc02520e39782462', 0, '2022-03-26 05:46:03'),
('3241611328e016efa876f6145f7780fb643017afd9afd68c82d9b8c944d11d8a54ba9b8a354a7772', '60a4254409a9184abe1d1716cab56af710de167dcc4c34df7902dd45e2a001c8c16283551dfc354d', 0, '2022-03-29 05:35:16'),
('27712510e1c8da153cd15c3af234a93b30c76f158849eeecb61d1200fa4f152539bb8887b593150c', '9d2f6b03020cc4467901caaf98955df7a64b9a751dd24127fcadaece5ac7969ea33bcc236120d3f4', 0, '2022-04-06 05:57:17'),
('63469d47a38e2beb0e1e1dd16eec24f5b23a81ba9ce8f12c9b22a3c62efde700698e50c1db4129f0', 'a700d4dc1ac4542bd93e6d70efea7d76a1a2d11c4d972b1bf9e88a815c108a63ad34d97f06ae78a7', 0, '2022-04-07 06:44:31'),
('56e1000e38aecf0b876317ca896156513ed2c60b50efd9411c5b7982ddb44149c2b0fcd804db7fa6', '06e085ed1a8356ca01dc47902beb41e3ed8020c5a159c5f29922a1795258464052e3fdee0609ae10', 0, '2022-04-09 05:04:59'),
('a138e6ec2c858f56f05bde4656d4a7814eb73622a525edac09da372513ba9abfef49ba18fafab165', '83369e52e78899750befa0927fbdf5f856bc120403f8db02257c01739fad467af4f9111ac6a387fa', 0, '2022-04-09 05:05:01'),
('f9bb7fff77e45b77e4edc643949498e9822c9ef825999968505597f9c75c1c040ee34b5cac91a54a', '592228dbbf3903a83b0afdc6ed86018f9cb1228f914ca0d676ec37d7b154d8890c802be78af2608d', 0, '2022-04-12 04:58:17'),
('022927325bed40602dbdf0f7ca66cc240f30c689868d2322e7350073d4516be57cba11a028b6bfd7', '1092b2d7c1f16561b22efd0779077e76f4f6324710e43c0e82f090b9400f2eceb3838380c790722c', 0, '2022-04-13 07:38:42'),
('9b764020c6adcdcb309bc26381fecd6d5565be6def4ce84ea2f7c21e2fea3e123825c597941820b8', '170d73ee667792f4f4a3fdd865124300962b6e5d62cdd8423842dba4910e2af6a515f065b84b6a57', 0, '2022-04-13 07:38:48'),
('58e552a8ea099eb0a09abeaaba75612ad2fce96910c4b31d3671d599cecbb0a3edcac5451c59c172', '179850ca0c02b7c69e14d0f12fdb9352629200a70ca75c544e23483e1d12f7372528e80472a9d0ee', 0, '2022-04-14 04:37:42'),
('da593009ab4cd2963f51a0b703b1daed0be657caf508bd41a13d6ecbbe40862c6faff744793c52a8', 'cf1b2ccce2720cc650ff4261cd1b21ab31a7292075badb57eee74039be2cbefb4e5376016e57d7ed', 0, '2022-04-15 05:11:08'),
('c4da5d5d0db9a272db93325aedb98bd662a3a5904c35671edf41c025f57b491f9d7758f5c7bdc5ac', 'f19fb7ff76d10c8ec45f4a4bbe9e154ac1c4d6deffedaa005124a90b2389c9bdaf738c877b6b6238', 0, '2022-04-15 05:11:23'),
('bfe35f2eb4d23885c92236b63ad4fa543b89be5489260e9c4bf10702530e17629fd74791979f08a6', 'cfabd9f45ff3e744e454d104ae1028616ebd31d63c8388d2f9a10740e5082d9b50393c6abdf8d7da', 0, '2022-04-16 05:16:44'),
('759adc3875ad1a8bda81c0aec2f832ac096a8444524bbaeb5d9d82ac813d642f3bae01a40cde9aff', 'f1765edf3567a5e218efbb8a186e8d084e886e451fa1924135f0498aef5a1250c01765fa9a06089f', 0, '2022-04-20 04:38:01'),
('659c74f75fb9d8e62647844e9357e10764bf1f6fc79507ca113c129ffda44ca20e4dedf9ef1779f2', '43da297b0e48d17e4df4e575d8122f978d84410391164c4d0acb1f7015701a47bc532186cdfcd560', 0, '2022-04-20 07:12:41'),
('cf94d92cbcba3c3147b8b8f7ffe83be4c137a66723549a7ce989c2c100a48e87a16c6ba5d52962fe', '8a505281009ee47573c7819c12c237bb97f5b64ab4a2e8403a4a80051ca00bf97a78c8a01fba0282', 0, '2022-04-20 07:33:45'),
('39c2fb47755e598aa2647f7f002523f4f572142dd16387cf0353615da4cb141bda1d6e3c3a8f3ba2', '1f356c9f9eb71360a9cfcd64c9b464c2770ee46df5573fe69964294267da06ee6623cc256a6f1904', 0, '2022-04-20 08:13:36'),
('0d96b6aad576d374d6e1cbd2d44fcd4a204febd47cd07b0c7dd9a245c1772ab6ffbdbc6aba804fa4', '5069f0f0a2229516a58f6627d9f8a6bf2dd40c7fac9dcfa515d44b9ef303fb8d6302bc03811c5fe9', 0, '2022-04-20 08:14:21'),
('df6367e8543998b0a905249900ed027052a421542321f03d7c0996e812298e3f5c169f5e33193f59', '6c116284a3b533001dbcbb8ff2fca8f853d235c85fd0434054ad1f9ab6230946e1c80e57238a19d5', 0, '2022-04-20 09:57:28'),
('a17a45a09b84f2b370df78cc5121dffe4fd95b47165e5dbced17d755cffb2924b91ccf61a3ec1443', '204c9e23be04d0e6a93d304d4a1dadd92f6a161a7cd6bd2642705c36a41ee6ecd6c8f632c61794cf', 0, '2022-04-20 09:57:54'),
('7926b02e3ba8099a6d5e821aac0f47cc73cb3b11c4a90bb4a1a70da5f4192c17515207499749b3ed', 'b1473d640f1ff8c583a26e09962019b3d854c315b8d9d77aa6e3e4d787943e0da155c6af63b31c3d', 0, '2022-04-20 11:37:30'),
('6d183d8f92ac8ad05c9557d4511680c361ecda8bc17fd014bcc468e30c30f953770d8e78aabc48dd', '1c33c052605966f14d1dfa9eb297e6812bbba6475d02df85e6e19a32d9e3638b8743f4be4c2a56a7', 0, '2022-04-20 11:39:36'),
('8ea6aa89b7a6060491aee2b4ecae79862b437736915e1f1c0c1cf953aaaaf01faba10f9e52cf0b8d', '9012f681d7260cac644ef921ab0e90eb0c8e17cf5979f5a7ee4498f2fa03cf987f698be41f0761ab', 0, '2022-04-20 11:47:41');

-- --------------------------------------------------------

--
-- Table structure for table `orders`
--

CREATE TABLE `orders` (
  `id` bigint(20) UNSIGNED NOT NULL,
  `order_number` varchar(255) COLLATE utf8mb4_unicode_ci NOT NULL,
  `order_status_id` bigint(20) NOT NULL,
  `payment_method_id` bigint(20) NOT NULL,
  `transaction_id` varchar(255) COLLATE utf8mb4_unicode_ci NOT NULL,
  `shipping_method_id` bigint(20) NOT NULL,
  `customer_id` bigint(20) NOT NULL,
  `is_active` int(11) NOT NULL,
  `is_paid` tinyint(1) NOT NULL DEFAULT 0,
  `transaction_status` varchar(255) COLLATE utf8mb4_unicode_ci NOT NULL,
  `total` float NOT NULL,
  `sub_total` float NOT NULL,
  `shipping_price` float NOT NULL,
  `current_currency` varchar(255) COLLATE utf8mb4_unicode_ci NOT NULL,
  `current_currency_total` float NOT NULL,
  `default_currency_total` varchar(255) COLLATE utf8mb4_unicode_ci NOT NULL,
  `default_currency` varchar(255) COLLATE utf8mb4_unicode_ci NOT NULL,
  `default_currency_value` float NOT NULL,
  `created_at` timestamp NULL DEFAULT NULL,
  `updated_at` timestamp NULL DEFAULT NULL
) ENGINE=InnoDB DEFAULT CHARSET=utf8mb4 COLLATE=utf8mb4_unicode_ci;

--
-- Dumping data for table `orders`
--

INSERT INTO `orders` (`id`, `order_number`, `order_status_id`, `payment_method_id`, `transaction_id`, `shipping_method_id`, `customer_id`, `is_active`, `is_paid`, `transaction_status`, `total`, `sub_total`, `shipping_price`, `current_currency`, `current_currency_total`, `default_currency_total`, `default_currency`, `default_currency_value`, `created_at`, `updated_at`) VALUES
(1, 'order_60e84eb8ba7ea', 22, 2, 'cash_on_delivery', 5, 5, 1, 0, 'captured', 1020, 1010, 10, 'USD', 1020, '1020', 'USD', 1, '2021-07-09 16:27:20', '2021-07-09 16:27:20'),
(2, 'order_60e850e0b68e8', 22, 2, 'cash_on_delivery', 5, 5, 1, 0, 'captured', 3580, 3570, 10, 'USD', 3580, '3580', 'USD', 1, '2021-07-09 16:36:32', '2021-07-09 16:36:32'),
(3, 'order_60e9d8f597a54', 22, 4, 'pi_1JBjzUCxPIycIwemr4VoUXys', 1, 11, 1, 1, 'captured', 25, 0, 25, 'USD', 25, '25', 'USD', 1, '2021-07-10 20:29:25', '2021-07-10 20:29:25'),
(4, 'order_60e9db6c5d7c1', 22, 4, 'pi_1JBk9fCxPIycIwemAVpGRxNN', 1, 12, 1, 1, 'captured', 25, 0, 25, 'USD', 25, '25', 'USD', 1, '2021-07-10 20:39:56', '2021-07-10 20:39:56'),
(5, 'order_60e9df9dab35b', 22, 2, 'cash_on_delivery', 1, 1, 1, 0, 'captured', 342, 317, 25, 'USD', 342, '342', 'USD', 1, '2021-07-10 20:57:49', '2021-07-10 20:57:49'),
(6, 'order_60e9e93bd9a80', 24, 2, 'cash_on_delivery', 1, 5, 1, 0, 'captured', 2995, 2970, 25, 'EUR', 2549.5, '2995', 'USD', 1, '2021-07-10 21:38:51', '2021-07-10 21:42:31'),
(7, 'order_60e9f1b454f6c', 25, 2, 'cash_on_delivery', 1, 14, 1, 0, 'captured', 4506, 4481, 25, 'EUR', 3833.9, '4506', 'USD', 1, '2021-07-10 22:15:00', '2021-07-10 22:23:11');

-- --------------------------------------------------------

--
-- Table structure for table `order_addresses`
--

CREATE TABLE `order_addresses` (
  `id` bigint(20) UNSIGNED NOT NULL,
  `order_id` bigint(20) NOT NULL,
  `first_name` varchar(255) COLLATE utf8mb4_unicode_ci NOT NULL,
  `last_name` varchar(255) COLLATE utf8mb4_unicode_ci NOT NULL,
  `country_id` bigint(20) NOT NULL,
  `email` varchar(255) COLLATE utf8mb4_unicode_ci NOT NULL,
  `state_id` bigint(20) NOT NULL,
  `city_id` bigint(20) NOT NULL,
  `address` varchar(255) COLLATE utf8mb4_unicode_ci NOT NULL,
  `zip_code` int(11) NOT NULL,
  `phone` varchar(255) COLLATE utf8mb4_unicode_ci NOT NULL,
  `address_type` varchar(255) COLLATE utf8mb4_unicode_ci NOT NULL,
  `created_at` timestamp NULL DEFAULT NULL,
  `updated_at` timestamp NULL DEFAULT NULL
) ENGINE=InnoDB DEFAULT CHARSET=utf8mb4 COLLATE=utf8mb4_unicode_ci;

--
-- Dumping data for table `order_addresses`
--

INSERT INTO `order_addresses` (`id`, `order_id`, `first_name`, `last_name`, `country_id`, `email`, `state_id`, `city_id`, `address`, `zip_code`, `phone`, `address_type`, `created_at`, `updated_at`) VALUES
(1, 1, 'Mubasher QA', 'aa', 167, 'qa@gmail.com', 3175, 85350, 'khurrianwala', 38000, '03211234567', 'shipping', '2021-07-09 16:27:21', '2021-07-09 16:27:21'),
(2, 1, 'Mubasher QA', 'aa', 167, 'qa@gmail.com', 3175, 85350, 'khurrianwala', 38000, '03211234567', 'billing', '2021-07-09 16:27:21', '2021-07-09 16:27:21'),
(3, 2, 'Mubasher', 'QA 1', 167, 'qa@gmail.com', 3175, 85350, 'Faisalabad', 38000, '03211234567', 'shipping', '2021-07-09 16:36:33', '2021-07-09 16:36:33'),
(4, 2, 'Mubasher', 'QA 1', 167, 'qa@gmail.com', 3175, 85350, 'Faisalabad', 38000, '03211234567', 'billing', '2021-07-09 16:36:33', '2021-07-09 16:36:33'),
(5, 3, 'bilal', 'naeem', 167, 'Bilalyar26@gmail.com', 3176, 85332, 'street 3 amin park', 38000, '0302112', 'shipping', '2021-07-10 20:29:25', '2021-07-10 20:29:25'),
(6, 3, 'bilal', 'naeem', 167, 'Bilalyar26@gmail.com', 3176, 85332, 'street 3 amin park', 38000, '0302112', 'billing', '2021-07-10 20:29:25', '2021-07-10 20:29:25'),
(7, 4, 'John', 'Developer', 167, 't-1624433456658@email.com', 3176, 85331, '575 Market St', 94105, '21313123123', 'shipping', '2021-07-10 20:39:56', '2021-07-10 20:39:56'),
(8, 4, 'John', 'Developer', 167, 't-1624433456658@email.com', 3176, 85331, '575 Market St', 94105, '21313123123', 'billing', '2021-07-10 20:39:56', '2021-07-10 20:39:56'),
(9, 5, 'bilal naeem', 'Naeem', 167, 'bilal.invictus@gmail.com', 3176, 85339, 'b-3, johar town, Lahore, Pakistan', 45665, '+9212345678', 'shipping', '2021-07-10 20:57:50', '2021-07-10 20:57:50'),
(10, 5, 'bilal naeem', 'Naeem', 167, 'bilal.invictus@gmail.com', 3176, 85339, 'dfsfdgfdgfhghh', 45665, '34343243434234', 'billing', '2021-07-10 20:57:50', '2021-07-10 20:57:50'),
(11, 6, 'mubasher', 'saleem', 167, 'qa@gmail.com', 3175, 85350, 'khurrianwala', 38000, '03121234567', 'shipping', '2021-07-10 21:38:52', '2021-07-10 21:38:52'),
(12, 6, 'mubasher', 'saleem', 167, 'qa@gmail.com', 3175, 85350, 'khurrianwala', 38000, '03121234567', 'billing', '2021-07-10 21:38:52', '2021-07-10 21:38:52'),
(13, 7, 'mubasher', 'saleem', 167, 'test@gmail.com', 3175, 85350, 'test', 38000, '03211234567', 'shipping', '2021-07-10 22:15:02', '2021-07-10 22:15:02'),
(14, 7, 'mubasher', 'saleem', 167, 'test@gmail.com', 3175, 85350, 'test', 38000, '03211234567', 'billing', '2021-07-10 22:15:02', '2021-07-10 22:15:02');

-- --------------------------------------------------------

--
-- Table structure for table `order_products`
--

CREATE TABLE `order_products` (
  `id` int(11) NOT NULL,
  `session_token` varchar(255) DEFAULT NULL,
  `order_id` bigint(20) NOT NULL,
  `quantity` int(11) DEFAULT NULL,
  `product_id` int(11) DEFAULT NULL,
  `variant` varchar(255) DEFAULT NULL,
  `sale_type` varchar(255) DEFAULT NULL,
  `sale_price_current` float NOT NULL,
  `total_sale_price_current` float NOT NULL,
  `single_price_current` float NOT NULL,
  `total_price_current` float NOT NULL,
  `single_price_default` float NOT NULL,
  `total_price_default` float NOT NULL,
  `created_at` datetime DEFAULT current_timestamp(),
  `updated_at` datetime DEFAULT current_timestamp()
) ENGINE=MyISAM DEFAULT CHARSET=latin1;

--
-- Dumping data for table `order_products`
--

INSERT INTO `order_products` (`id`, `session_token`, `order_id`, `quantity`, `product_id`, `variant`, `sale_type`, `sale_price_current`, `total_sale_price_current`, `single_price_current`, `total_price_current`, `single_price_default`, `total_price_default`, `created_at`, `updated_at`) VALUES
(1, NULL, 1, 2, 10, NULL, 'flash_sale', 70, 140, 95, 190, 95, 190, '2021-07-09 18:27:20', '2021-07-09 18:27:20'),
(2, NULL, 1, 5, 11, NULL, 'flash_sale', 99, 495, 150, 750, 150, 750, '2021-07-09 18:27:20', '2021-07-09 18:27:20'),
(3, NULL, 1, 5, 40, NULL, NULL, 0, 0, 75, 375, 75, 375, '2021-07-09 18:27:20', '2021-07-09 18:27:20'),
(4, NULL, 2, 10, 32, 'black', NULL, 0, 0, 99, 990, 99, 990, '2021-07-09 18:36:32', '2021-07-09 18:36:32'),
(5, NULL, 2, 10, 32, 'golden', NULL, 0, 0, 99, 990, 99, 990, '2021-07-09 18:36:32', '2021-07-09 18:36:32'),
(6, NULL, 2, 10, 32, 'silver', NULL, 0, 0, 99, 990, 99, 990, '2021-07-09 18:36:32', '2021-07-09 18:36:32'),
(7, NULL, 2, 4, 3, NULL, NULL, 0, 0, 150, 600, 150, 600, '2021-07-09 18:36:32', '2021-07-09 18:36:32'),
(8, NULL, 5, 1, 11, NULL, 'flash_sale', 99, 99, 150, 150, 150, 150, '2021-07-10 22:57:49', '2021-07-10 22:57:49'),
(9, NULL, 5, 1, 44, NULL, 'flash_sale', 88, 88, 121, 121, 121, 121, '2021-07-10 22:57:49', '2021-07-10 22:57:49'),
(10, NULL, 5, 1, 38, NULL, NULL, 0, 0, 130, 130, 130, 130, '2021-07-10 22:57:49', '2021-07-10 22:57:49'),
(11, NULL, 6, 10, 32, 'black', NULL, 0, 0, 84.15, 841.5, 99, 990, '2021-07-10 23:38:51', '2021-07-10 23:38:51'),
(12, NULL, 6, 10, 32, 'golden', NULL, 0, 0, 84.15, 841.5, 99, 990, '2021-07-10 23:38:51', '2021-07-10 23:38:51'),
(13, NULL, 6, 10, 32, 'silver', NULL, 0, 0, 84.15, 841.5, 99, 990, '2021-07-10 23:38:51', '2021-07-10 23:38:51'),
(14, NULL, 7, 2, 10, NULL, 'flash_sale', 59.5, 119, 80.75, 161.5, 95, 190, '2021-07-11 00:15:00', '2021-07-11 00:15:00'),
(15, NULL, 7, 5, 40, NULL, NULL, 0, 0, 63.75, 318.75, 75, 375, '2021-07-11 00:15:00', '2021-07-11 00:15:00'),
(16, NULL, 7, 5, 1, NULL, NULL, 0, 0, 127.5, 637.5, 150, 750, '2021-07-11 00:15:00', '2021-07-11 00:15:00'),
(17, NULL, 7, 5, 33, NULL, NULL, 0, 0, 255, 1275, 300, 1500, '2021-07-11 00:15:00', '2021-07-11 00:15:00'),
(18, NULL, 7, 7, 26, NULL, NULL, 0, 0, 170, 1190, 200, 1400, '2021-07-11 00:15:00', '2021-07-11 00:15:00'),
(19, NULL, 7, 2, 14, NULL, NULL, 0, 0, 134.3, 268.6, 158, 316, '2021-07-11 00:15:00', '2021-07-11 00:15:00');

-- --------------------------------------------------------

--
-- Table structure for table `order_product_variant_details`
--

CREATE TABLE `order_product_variant_details` (
  `id` int(11) NOT NULL,
  `order_product_id` bigint(11) NOT NULL,
  `attribute_name` text NOT NULL,
  `value_name` text NOT NULL,
  `created_at` timestamp NOT NULL DEFAULT current_timestamp() ON UPDATE current_timestamp(),
  `updated_at` timestamp NOT NULL DEFAULT current_timestamp()
) ENGINE=MyISAM DEFAULT CHARSET=latin1;

--
-- Dumping data for table `order_product_variant_details`
--

INSERT INTO `order_product_variant_details` (`id`, `order_product_id`, `attribute_name`, `value_name`, `created_at`, `updated_at`) VALUES
(1, 4, 'Colors', 'Black', '2021-07-09 16:36:32', '2021-07-09 16:36:32'),
(2, 5, 'Colors', 'Golden', '2021-07-09 16:36:32', '2021-07-09 16:36:32'),
(3, 6, 'Colors', 'Silver', '2021-07-09 16:36:32', '2021-07-09 16:36:32'),
(4, 11, 'Colors', 'Black', '2021-07-10 21:38:51', '2021-07-10 21:38:51'),
(5, 12, 'Colors', 'Golden', '2021-07-10 21:38:51', '2021-07-10 21:38:51'),
(6, 13, 'Colors', 'Silver', '2021-07-10 21:38:51', '2021-07-10 21:38:51');

-- --------------------------------------------------------

--
-- Table structure for table `order_statuses`
--

CREATE TABLE `order_statuses` (
  `id` int(11) NOT NULL,
  `name` varchar(255) NOT NULL,
  `description` varchar(255) NOT NULL,
  `is_active` int(11) NOT NULL,
  `is_default` int(11) NOT NULL DEFAULT 0,
  `created_at` timestamp NOT NULL DEFAULT current_timestamp() ON UPDATE current_timestamp(),
  `updated_at` timestamp NOT NULL DEFAULT '0000-00-00 00:00:00'
) ENGINE=MyISAM DEFAULT CHARSET=latin1;

--
-- Dumping data for table `order_statuses`
--

INSERT INTO `order_statuses` (`id`, `name`, `description`, `is_active`, `is_default`, `created_at`, `updated_at`) VALUES
(24, '{\"en\":\"Completed\",\"ar\":\"\\u0645\\u0643\\u062a\\u0645\\u0644\"}', '{\"en\":\"<p>orem ipsum dolor sit amet, consectetur adipiscing elit. Quisque auctor iaculis libero, eget vestibulum nisi rhoncus ac.<\\/p>\",\"ar\":\"<p>Testorem ipsum dolor sit amet, consectetur adipiscing elit. Quisque auctor iaculis libero, eget vestibulum nis', 1, 0, '2021-07-08 11:36:31', '2021-07-08 14:36:31'),
(18, '{\"en\":\"Accepted\"}', '{\"en\":\"<p>Order Accepted<\\/p>\"}', 1, 0, '2021-07-08 11:39:24', '2021-07-08 14:39:24'),
(22, '{\"en\":\"Pending\",\"ar\":\"\\u0642\\u064a\\u062f \\u0627\\u0644\\u0627\\u0646\\u062a\\u0638\\u0627\\u0631\",\"es\":\"Mughal\"}', '{\"en\":\"<p>Lorem ipsum dolor sit amet, consectetur adipiscing elit. Quisque auctor iaculis libero,<\\/p>\",\"ar\":\"<p>Lorem ipsum dolor sit amet, consectetur adipiscing elit. Quisque auctor iaculis libero,<\\/p>\",\"es\":\"<p>mughal<\\/p>\"}', 1, 1, '2021-07-08 11:31:32', '2021-07-08 14:31:32'),
(25, '{\"en\":\"Refunded\",\"ar\":\"\\u0645\\u0639\\u0627\\u062f\"}', '{\"ar\":\"<p>lorem ipsum dolor sit amet, consectetur adipiscing elit. Quisque auctor iaculis libero, eget vestibulum nisi rhoncus ac.<\\/p>\",\"en\":\"<p>lorem ipsum dolor sit amet, consectetur adipiscing elit. Quisque auctor iaculis libero, eget vestibulum nisi ', 1, 0, '2021-07-08 11:39:22', '2021-07-08 14:39:22'),
(26, '{\"en\":\"Canceled\",\"ar\":\"\\u0623\\u0644\\u063a\\u064a\\u062a\"}', '{\"ar\":\"<p>lorem ipsum dolor sit amet, consectetur adipiscing elit. Quisque auctor iaculis libero, eget vestibulum nisi rhoncus ac.<\\/p>\",\"en\":\"<p>lorem ipsum dolor sit amet, consectetur adipiscing elit. Quisque auctor iaculis libero, eget vestibulum nisi ', 1, 0, '2021-07-08 11:39:23', '2021-07-08 14:39:23'),
(27, '{\"en\":\"test\",\"so\":\"test\"}', '{\"en\":\"<p>test<\\/p>\",\"so\":\"<p>test<\\/p>\"}', 0, 0, '2021-07-10 19:20:26', '2021-07-10 22:20:26');

-- --------------------------------------------------------

--
-- Table structure for table `parallax_banners`
--

CREATE TABLE `parallax_banners` (
  `id` int(10) UNSIGNED NOT NULL,
  `image` text COLLATE utf8mb4_unicode_ci NOT NULL,
  `name` varchar(255) COLLATE utf8mb4_unicode_ci NOT NULL,
  `description` varchar(255) COLLATE utf8mb4_unicode_ci NOT NULL,
  `website_url` text COLLATE utf8mb4_unicode_ci NOT NULL,
  `button_text` text COLLATE utf8mb4_unicode_ci DEFAULT NULL,
  `url_type` int(11) NOT NULL DEFAULT 1 COMMENT '1:internal 2:external',
  `expiry_date` varchar(255) COLLATE utf8mb4_unicode_ci DEFAULT NULL,
  `is_active` int(11) NOT NULL,
  `created_at` timestamp NULL DEFAULT NULL,
  `updated_at` timestamp NULL DEFAULT NULL
) ENGINE=InnoDB DEFAULT CHARSET=utf8mb4 COLLATE=utf8mb4_unicode_ci;

--
-- Dumping data for table `parallax_banners`
--

INSERT INTO `parallax_banners` (`id`, `image`, `name`, `description`, `website_url`, `button_text`, `url_type`, `expiry_date`, `is_active`, `created_at`, `updated_at`) VALUES
(3, '{\"es\":162,\"en\":162,\"sr\":82}', '{\"es\":\"Parallax Spanish\",\"en\":\"COUPLE BEST MATCH\",\"sr\":\"Parallax Arabic\"}', '{\"es\":\"<p>Parallax Spanish<\\/p>\",\"en\":\"<p><strong>Lorem Ipsum<\\/strong> is simply dummy text of the printing and typesetting industry. Lorem Ipsum has been the industry\'s standard dummy text ever since the 1500s, when an unknown printer took a galley of t', 'https://multivendor.softwaresbranding.com', NULL, 2, '2022-05-05T09:33:00.000Z', 0, '2021-05-05 04:33:29', '2021-07-09 10:47:13'),
(4, '{\"en\":195,\"ar\":195}', '{\"ar\":\"SQA Team\",\"en\":\"SQA Team\"}', '', 'https://multivendor.softwaresbranding.com/', NULL, 2, '2021-06-11T07:27:00.000Z', 0, '2021-06-11 05:28:11', '2021-07-09 08:52:56'),
(5, '{\"en\":72}', '{\"en\":\"HP\"}', '{\"en\":\"<p>sdsd<\\/p>\"}', 'https://multivendor.softwaresbranding.com/admin/parallax_banners/create', NULL, 2, '2021-06-17T06:25:00.000Z', 0, '2021-06-15 04:25:51', '2021-07-09 10:47:13'),
(6, '{\"en\":398}', '{\"en\":\"COUPLE BEST MATCH\"}', '{\"en\":\"<p><strong>Lorem Ipsum<\\/strong> is simply dummy text of the printing and typesetting industry. Lorem Ipsum has been the industry\'<\\/p>\"}', '/store/Nictus%20fashion', '{\"en\":\"VIEW COLLECTION\"}', 1, '2021-07-31T07:47:00.000Z', 1, '2021-07-09 10:56:24', '2021-07-09 13:26:50');

-- --------------------------------------------------------

--
-- Table structure for table `password_resets`
--

CREATE TABLE `password_resets` (
  `email` varchar(191) COLLATE utf8mb4_unicode_ci NOT NULL,
  `token` varchar(191) COLLATE utf8mb4_unicode_ci NOT NULL,
  `created_at` timestamp NULL DEFAULT NULL
) ENGINE=MyISAM DEFAULT CHARSET=utf8mb4 COLLATE=utf8mb4_unicode_ci;

-- --------------------------------------------------------

--
-- Table structure for table `payment_methods`
--

CREATE TABLE `payment_methods` (
  `id` int(11) NOT NULL,
  `name` varchar(255) NOT NULL,
  `description` varchar(255) NOT NULL,
  `image_id` bigint(11) NOT NULL,
  `is_active` int(11) NOT NULL,
  `is_default` int(11) NOT NULL,
  `code` varchar(255) NOT NULL DEFAULT 'code',
  `created_at` timestamp NOT NULL DEFAULT current_timestamp() ON UPDATE current_timestamp(),
  `updated_at` timestamp NOT NULL DEFAULT current_timestamp()
) ENGINE=MyISAM DEFAULT CHARSET=latin1;

--
-- Dumping data for table `payment_methods`
--

INSERT INTO `payment_methods` (`id`, `name`, `description`, `image_id`, `is_active`, `is_default`, `code`, `created_at`, `updated_at`) VALUES
(1, '{\"en\":\"Direct Bank Transfer\"}', '{\"en\":\"<p>Direct Bank Transfer<\\/p>\",\"es\":\"<p>Fixa Shappinga<\\/p>\",\"sr\":\"<h2>Fixa Shappinga<\\/h2>\"}', 0, 0, 0, 'direct_bank', '2021-06-29 07:57:59', '2021-06-29 02:31:45'),
(2, '{\"en\":\"Cash On Delivery\"}', '{\"en\":\"<p>Cash On Delivery<\\/p>\",\"es\":\"Free Shappinga Oh yeah\",\"sr\":\"Mufta Shappinga Oh yeah\"}', 0, 1, 0, 'cash_on_delivery', '2021-06-29 07:58:12', '2021-06-11 03:28:57'),
(3, '{\"en\":\"Paypal\",\"es\":\"Paypal\",\"sr\":\"Paypal\"}', '{\"en\":\"<p>Paypal<\\/p>\",\"es\":\"<p>Paypal<\\/p>\",\"sr\":\"<p>Paypal<\\/p>\"}', 0, 0, 0, 'paypal', '2021-07-09 13:22:53', '2021-07-09 16:22:53'),
(4, '{\"en\":\"Stripe\",\"es\":\"Stripe\",\"sr\":\"Stripe\"}', '{\"en\":\"<p>Stripe<\\/p>\",\"es\":\"<p>Stripe<\\/p>\",\"sr\":\"<p>Stripe<\\/p>\"}', 0, 1, 1, 'stripe', '2021-06-29 07:58:26', '2021-06-14 11:42:58'),
(5, '{\"en\":\"Braintre\",\"es\":\"Braintre\",\"sr\":\"Braintre\"}', '{\"en\":\"<p>Braintre<\\/p>\",\"es\":\"<p>Braintre<\\/p>\",\"sr\":\"<p>Braintre<\\/p>\"}', 55, 1, 0, 'braintree', '2021-06-29 07:58:37', '2021-06-01 04:54:10'),
(6, '{\"en\":\"Instamojo\",\"es\":\"Instamojo\",\"sr\":\"Instamojo\"}', '{\"en\":\"<p>Instamojo<\\/p>\",\"es\":\"<p>Instamojo<\\/p>\",\"sr\":\"<p>Instamojo<\\/p>\"}', 55, 0, 0, 'instamojo', '2021-07-09 13:22:51', '2021-07-09 16:22:51'),
(7, '{\"en\":\"Paytm\",\"es\":\"Paytm\",\"sr\":\"Paytm\"}', '{\"en\":\"<p>Paytm<\\/p>\",\"es\":\"<p>Paytm<\\/p>\",\"sr\":\"<p>Paytm<\\/p>\"}', 55, 0, 0, 'paytm', '2021-07-09 13:22:50', '2021-07-09 16:22:50');

-- --------------------------------------------------------

--
-- Table structure for table `payment_method_settings`
--

CREATE TABLE `payment_method_settings` (
  `id` int(11) NOT NULL,
  `name` varchar(255) NOT NULL,
  `value` varchar(255) NOT NULL,
  `payment_method_id` int(11) NOT NULL,
  `created_at` timestamp NOT NULL DEFAULT current_timestamp() ON UPDATE current_timestamp(),
  `updated_at` timestamp NOT NULL DEFAULT '0000-00-00 00:00:00'
) ENGINE=MyISAM DEFAULT CHARSET=latin1;

--
-- Dumping data for table `payment_method_settings`
--

INSERT INTO `payment_method_settings` (`id`, `name`, `value`, `payment_method_id`, `created_at`, `updated_at`) VALUES
(1, 'account_title', 'asdadasd', 1, '2021-05-27 19:00:00', '2021-05-28 04:43:07'),
(2, 'account_number', 'asdasda', 1, '2021-05-27 19:00:00', '2021-05-28 04:43:07'),
(3, 'bank_name', 'asdasdd', 1, '2021-05-27 19:00:00', '2021-05-28 04:43:07'),
(4, 'code', 'dasdasdas', 1, '2021-05-27 19:00:00', '2021-05-28 04:43:07'),
(5, 'iban', 'asdasdas', 1, '2021-05-27 19:00:00', '2021-05-28 04:43:07'),
(6, 'swift', 'asdasdasda', 1, '2021-05-27 19:00:00', '2021-05-28 04:43:07'),
(7, 'mode', 'test', 2, '2021-05-27 19:00:00', '2021-05-28 04:46:12'),
(8, 'secret_key', 'EPygm7q8uNwKNjrjKpmKPX29dSitFAvkblXZBfuKfN8LXvOm2KhaZUMbAFosLBE7TLuicT4WbeBLxxh8', 3, '2021-06-25 11:35:48', '2021-05-28 04:49:26'),
(9, 'client_id', 'AT5XB_sgA7HN0iBo_V55rjVGgbIPIMTqHl5qi04mhz1PHNHYYJHXbXuXXluVAmsuqE00G-6M_5n3-9X7', 3, '2021-06-25 11:49:11', '2021-05-28 04:49:26'),
(10, 'mode', 'test', 4, '2021-05-27 19:00:00', '2021-05-28 05:06:05'),
(11, 'secret_key', 'sk_test_51J0L0dCxPIycIwem4U1tCrSv6sXSZ0NRl3EXiFJwsNzdyWrIbOXR34W4mtftVrX8u3ow5BlqV3oTYCJxaxdZrUMp003924MYv8', 4, '2021-06-18 12:32:54', '2021-05-28 05:06:05'),
(12, 'publisher_key', '345345345345345345', 4, '2021-05-27 19:00:00', '2021-05-28 05:06:05'),
(13, 'mode', 'sandbox', 5, '2021-06-24 11:31:03', '2021-06-10 10:08:59'),
(14, 'merchant_id', '7n3b7qh2qw34jfc3', 5, '2021-06-24 05:02:32', '2021-06-10 10:08:59'),
(15, 'public_key', 'g5m8jk369d7bwgwc', 5, '2021-06-24 05:02:37', '2021-06-10 10:08:59'),
(16, 'private_key', 'f8f38631f3cd4c265be3fedfaac2c854', 5, '2021-06-24 05:02:43', '2021-06-10 10:08:59'),
(17, 'client_id', 'g5m8jk369d7bwgwc', 6, '2021-06-28 09:43:29', '2021-06-10 10:08:59'),
(18, 'client_secret', 'f8f38631f3cd4c265be3fedfaac2c854', 6, '2021-06-28 09:43:35', '2021-06-10 10:08:59'),
(20, 'website_name', 'Privide by Paytm', 7, '2021-06-29 05:47:52', '2021-06-10 10:08:59'),
(21, 'merchant_id', 'Privide by Paytm', 7, '2021-06-29 05:47:52', '2021-06-10 10:08:59');

-- --------------------------------------------------------

--
-- Table structure for table `permissions`
--

CREATE TABLE `permissions` (
  `id` bigint(20) UNSIGNED NOT NULL,
  `name` varchar(191) COLLATE utf8mb4_unicode_ci NOT NULL,
  `display_name` varchar(191) COLLATE utf8mb4_unicode_ci DEFAULT NULL,
  `description` varchar(191) COLLATE utf8mb4_unicode_ci DEFAULT NULL,
  `created_at` timestamp NULL DEFAULT NULL,
  `updated_at` timestamp NULL DEFAULT NULL
) ENGINE=MyISAM DEFAULT CHARSET=utf8mb4 COLLATE=utf8mb4_unicode_ci;

--
-- Dumping data for table `permissions`
--

INSERT INTO `permissions` (`id`, `name`, `display_name`, `description`, `created_at`, `updated_at`) VALUES
(118, 'customers.create', NULL, NULL, '2021-03-23 08:19:33', '2021-03-23 08:19:33'),
(117, 'customers.index', NULL, NULL, '2021-03-23 08:19:33', '2021-03-23 08:19:33'),
(5, 'languages.index', 'View Languages', 'View Languages', '2021-01-05 01:53:59', '2021-01-05 01:53:59'),
(6, 'languages.create', 'Create Languages', 'Create Languages', '2021-01-05 01:53:59', '2021-01-05 01:53:59'),
(7, 'products.create', 'Create Product', 'Create Products', '2021-01-05 01:53:59', '2021-01-05 01:53:59'),
(8, 'products.index', 'View products', 'View products', '2021-01-05 01:53:59', '2021-01-05 01:53:59'),
(9, 'products.update', 'View products', 'View products', '2021-01-05 01:53:59', '2021-01-05 01:53:59'),
(10, 'units.index', 'View units', 'View units', '2021-01-05 01:53:59', '2021-01-05 01:53:59'),
(11, 'units.create', 'View units', 'View units', '2021-01-05 01:53:59', '2021-01-05 01:53:59'),
(12, 'units.update', 'View units', 'View units', '2021-01-05 01:53:59', '2021-01-05 01:53:59'),
(13, 'units.delete', 'View units', 'View units', '2021-01-05 01:53:59', '2021-01-05 01:53:59'),
(14, 'manufacturers.index', 'View units', 'View units', '2021-01-05 01:53:59', '2021-01-05 01:53:59'),
(15, 'manufacturers.create', 'View units', 'View units', '2021-01-05 01:53:59', '2021-01-05 01:53:59'),
(16, 'manufacturers.update', 'View units', 'View units', '2021-01-05 01:53:59', '2021-01-05 01:53:59'),
(17, 'manufacturers.delete', 'View units', 'View units', '2021-01-05 01:53:59', '2021-01-05 01:53:59'),
(18, 'tax_classes.index', 'View units', 'View units', '2021-01-05 01:53:59', '2021-01-05 01:53:59'),
(19, 'tax_classes.create', 'View units', 'View units', '2021-01-05 01:53:59', '2021-01-05 01:53:59'),
(20, 'tax_classes.update', 'View units', 'View units', '2021-01-05 01:53:59', '2021-01-05 01:53:59'),
(21, 'tax_classes.delete', 'View units', 'View units', '2021-01-05 01:53:59', '2021-01-05 01:53:59'),
(22, 'categories.index', 'View units', 'View units', '2021-01-05 01:53:59', '2021-01-05 01:53:59'),
(23, 'categories.create', 'View units', 'View units', '2021-01-05 01:53:59', '2021-01-05 01:53:59'),
(24, 'categories.update', 'View units', 'View units', '2021-01-05 01:53:59', '2021-01-05 01:53:59'),
(25, 'categories.delete', 'View units', 'View units', '2021-01-05 01:53:59', '2021-01-05 01:53:59'),
(26, 'vendors.index', 'View units', 'View units', '2021-01-05 01:53:59', '2021-01-05 01:53:59'),
(27, 'vendors.create', 'View units', 'View units', '2021-01-05 01:53:59', '2021-01-05 01:53:59'),
(28, 'vendors.update', 'View units', 'View units', '2021-01-05 01:53:59', '2021-01-05 01:53:59'),
(29, 'vendors.delete', 'View units', 'View units', '2021-01-05 01:53:59', '2021-01-05 01:53:59'),
(30, 'media_settings.update', 'View units', 'View units', '2021-01-05 01:53:59', '2021-01-05 01:53:59'),
(31, 'media_settings.index', 'View units', 'View units', '2021-01-05 01:53:59', '2021-01-05 01:53:59'),
(32, 'settings.index', 'View units', 'View units', '2021-01-05 01:53:59', '2021-01-05 01:53:59'),
(33, 'settings.update', 'View units', 'View units', '2021-01-05 01:53:59', '2021-01-05 01:53:59'),
(34, 'order_statuses.index', 'View units', 'View units', '2021-01-05 01:53:59', '2021-01-05 01:53:59'),
(35, 'order_statuses.create', 'View units', 'View units', '2021-01-05 01:53:59', '2021-01-05 01:53:59'),
(36, 'order_statuses.update', 'View units', 'View units', '2021-01-05 01:53:59', '2021-01-05 01:53:59'),
(37, 'order_statuses.delete', 'View units', 'View units', '2021-01-05 01:53:59', '2021-01-05 01:53:59'),
(38, 'roles.index', 'View roles', 'View roles', '2021-01-05 01:53:59', '2021-01-05 01:53:59'),
(39, 'roles.create', 'View roles', 'Add roles', '2021-01-05 01:53:59', '2021-01-05 01:53:59'),
(40, 'roles.update', 'View roles', 'Update roles', '2021-01-05 01:53:59', '2021-01-05 01:53:59'),
(41, 'roles.delete', 'View roles', 'Delete roles', '2021-01-05 01:53:59', '2021-01-05 01:53:59'),
(42, 'roles.show', 'View roles', 'Change Permissions roles', '2021-01-05 01:53:59', '2021-01-05 01:53:59'),
(43, 'permissions.index', 'View roles', 'View roles', '2021-01-05 01:53:59', '2021-01-05 01:53:59'),
(44, 'permissions.create', 'View roles', 'Add roles', '2021-01-05 01:53:59', '2021-01-05 01:53:59'),
(45, 'permissions.update', 'View roles', 'Update roles', '2021-01-05 01:53:59', '2021-01-05 01:53:59'),
(46, 'permissions.delete', 'View roles', 'Delete roles', '2021-01-05 01:53:59', '2021-01-05 01:53:59'),
(53, 'currencies.index', '{\"en\":\"Currency View\"}', '{\"en\":\"<p>Can View All Currencies.<\\/p>\"}', '2021-03-15 01:32:27', '2021-03-15 01:32:27'),
(54, 'currencies.create', '{\"en\":\"Add Currency\"}', '{\"en\":\"<p>Can Add New Currency.<\\/p>\"}', '2021-03-15 01:35:51', '2021-03-15 01:35:51'),
(55, 'currencies.update', '{\"en\":\"Edit Currency\"}', '{\"en\":\"<p>Can Edit Currency<\\/p>\"}', '2021-03-15 01:36:29', '2021-03-15 01:36:29'),
(56, 'currencies.delete', '{\"en\":\"Delete Currency\"}', '{\"en\":\"<p>Can Delete Any Currency<\\/p>\"}', '2021-03-15 01:49:41', '2021-03-15 01:49:41'),
(57, 'slider_images.index', '{\"en\":\"slider_images.index\"}', '{\"en\":\"<p>slider_images.index<\\/p>\"}', '2021-03-16 02:06:37', '2021-03-16 02:06:37'),
(58, 'slider_images.create', '{\"en\":\"slider_images.create\"}', '{\"en\":\"<p>slider_images.create<\\/p>\"}', '2021-03-16 02:21:37', '2021-03-16 02:21:37'),
(59, 'slider_images.update', '{\"en\":\"slider_images.update\"}', '{\"en\":\"<p>slider_images.update<\\/p>\"}', '2021-03-16 02:21:57', '2021-03-16 02:21:57'),
(60, 'slider_images.delete', '{\"en\":\"slider_images.delete\"}', '{\"en\":\"<p>slider_images.delete<\\/p>\"}', '2021-03-16 05:23:55', '2021-03-16 05:23:55'),
(61, 'static_banners.index', '{\"en\":\"static_banners.index\"}', '{\"en\":\"<p>static_banners.index<\\/p>\"}', '2021-03-16 07:58:08', '2021-03-16 07:58:08'),
(62, 'static_banners.update', '{\"en\":\"static_banners.update\"}', '{\"en\":\"<p>static_banners.update<\\/p>\"}', '2021-03-16 07:58:21', '2021-03-16 07:58:21'),
(63, 'static_banners.delete', '{\"en\":\"static_banners.delete\"}', '{\"en\":\"<p>static_banners.delete<\\/p>\"}', '2021-03-16 07:58:32', '2021-03-16 07:58:32'),
(64, 'static_banners.create', '{\"en\":\"static_banners.create\"}', '{\"en\":\"<p>static_banners.create<\\/p>\"}', '2021-03-16 08:07:06', '2021-03-16 08:07:06'),
(65, 'countries.index', '{\"en\":\"countries.index\"}', '{\"en\":\"<p>countries.index<\\/p>\"}', '2021-03-17 00:51:07', '2021-03-17 00:51:07'),
(66, 'countries.update', '{\"en\":\"countries.update\"}', '{\"en\":\"<p>countries.update<\\/p>\"}', '2021-03-17 00:51:19', '2021-03-17 00:51:19'),
(67, 'countries.delete', '{\"en\":\"countries.delete\"}', '{\"en\":\"<p>countries.delete<\\/p>\"}', '2021-03-17 00:51:32', '2021-03-17 00:51:32'),
(68, 'countries.create', '{\"en\":\"countries.create\"}', '{\"en\":\"<p>countries.create<\\/p>\"}', '2021-03-17 00:51:52', '2021-03-17 00:51:52'),
(69, 'zones.index', '{\"en\":\"zones.index\"}', '{\"en\":\"<p>zones.index<\\/p>\"}', '2021-03-17 01:49:07', '2021-03-17 01:49:07'),
(70, 'zones.create', '{\"en\":\"zones.create\"}', '{\"en\":\"<p>zones.create<\\/p>\"}', '2021-03-17 01:49:19', '2021-03-17 01:49:19'),
(71, 'zones.update', '{\"en\":\"zones.update\"}', '{\"en\":\"<p>zones.update<\\/p>\"}', '2021-03-17 01:49:30', '2021-03-17 01:49:30'),
(72, 'zones.delete', '{\"en\":\"zones.delete\"}', '{\"en\":\"<p>zones.delete<\\/p>\"}', '2021-03-17 01:49:43', '2021-03-17 01:49:43'),
(73, 'tax_rates.index', '{\"en\":\"tax_rates.index\"}', '{\"en\":\"<p>tax_rates.index<\\/p>\"}', '2021-03-17 02:09:24', '2021-03-17 02:09:24'),
(74, 'tax_rates.delete', '{\"en\":\"tax_rates.delete\"}', '{\"en\":\"<p>tax_rates.delete<\\/p>\"}', '2021-03-17 02:09:39', '2021-03-17 02:09:39'),
(75, 'tax_rates.create', '{\"en\":\"tax_rates.create\"}', '{\"en\":\"<p>tax_rates.create<\\/p>\"}', '2021-03-17 02:09:51', '2021-03-17 02:09:51'),
(76, 'tax_rates.update', '{\"en\":\"tax_rates.update\"}', '{\"en\":\"<p>tax_rates.update<\\/p>\"}', '2021-03-17 02:10:03', '2021-03-17 02:10:03'),
(77, 'cities.index', '{\"en\":\"cities.index\"}', '{\"en\":\"<p>cities.index<\\/p>\"}', '2021-03-17 02:37:22', '2021-03-17 02:37:22'),
(78, 'cities.create', '{\"en\":\"cities.create\"}', '{\"en\":\"<p>cities.create<\\/p>\"}', '2021-03-17 02:37:37', '2021-03-17 02:37:37'),
(79, 'cities.update', '{\"en\":\"cities.update\"}', '{\"en\":\"<p>cities.update<\\/p>\"}', '2021-03-17 02:37:47', '2021-03-17 02:37:47'),
(80, 'cities.delete', '{\"en\":\"cities.delete\"}', '{\"en\":\"<p>cities.delete<\\/p>\"}', '2021-03-17 02:38:04', '2021-03-17 02:38:04'),
(81, 'states.index', '{\"en\":\"states.index\"}', '{\"en\":\"<p>states.index<\\/p>\"}', '2021-03-17 02:56:25', '2021-03-17 02:56:25'),
(82, 'states.update', '{\"en\":\"states.update\"}', '{\"en\":\"<p>states.update<\\/p>\"}', '2021-03-17 02:56:36', '2021-03-17 02:56:36'),
(83, 'states.delete', '{\"en\":\"states.delete\"}', '{\"en\":\"<p>states.delete<\\/p>\"}', '2021-03-17 02:56:48', '2021-03-17 02:56:48'),
(84, 'states.create', '{\"en\":\"states.create\"}', '{\"en\":\"<p>states.create<\\/p>\"}', '2021-03-17 02:58:13', '2021-03-17 02:58:13'),
(85, 'languages.update', NULL, NULL, '2021-03-17 07:40:58', '2021-03-17 07:40:58'),
(86, 'coupons.index', NULL, NULL, '2021-03-18 01:08:10', '2021-03-18 01:08:10'),
(87, 'languages.delete', NULL, NULL, '2021-03-18 01:08:10', '2021-03-18 01:08:10'),
(88, 'languages.is_active', NULL, NULL, '2021-03-18 01:08:10', '2021-03-18 01:08:10'),
(89, 'manufacturers.is_active', NULL, NULL, '2021-03-18 01:08:10', '2021-03-18 01:08:10'),
(90, 'products.delete', NULL, NULL, '2021-03-18 01:08:10', '2021-03-18 01:08:10'),
(91, 'products.is_active', NULL, NULL, '2021-03-18 01:08:10', '2021-03-18 01:08:10'),
(92, 'units.is_active', NULL, NULL, '2021-03-18 01:08:10', '2021-03-18 01:08:10'),
(93, 'categories.is_active', NULL, NULL, '2021-03-18 01:08:10', '2021-03-18 01:08:10'),
(94, 'tax_classes.is_active', NULL, NULL, '2021-03-18 01:08:10', '2021-03-18 01:08:10'),
(95, 'vendors.is_active', NULL, NULL, '2021-03-18 01:08:10', '2021-03-18 01:08:10'),
(96, 'order_statuses.is_active', NULL, NULL, '2021-03-18 01:08:10', '2021-03-18 01:08:10'),
(97, 'roles.is_active', NULL, NULL, '2021-03-18 01:08:10', '2021-03-18 01:08:10'),
(98, 'permissions.is_active', NULL, NULL, '2021-03-18 01:08:10', '2021-03-18 01:08:10'),
(99, 'currencies.is_active', NULL, NULL, '2021-03-18 01:08:10', '2021-03-18 01:08:10'),
(100, 'coupons.create', NULL, NULL, '2021-03-18 01:08:10', '2021-03-18 01:08:10'),
(101, 'coupons.update', NULL, NULL, '2021-03-18 01:08:10', '2021-03-18 01:08:10'),
(102, 'coupons.delete', NULL, NULL, '2021-03-18 01:08:10', '2021-03-18 01:08:10'),
(103, 'coupons.is_active', NULL, NULL, '2021-03-18 01:08:10', '2021-03-18 01:08:10'),
(119, 'customers.update', NULL, NULL, '2021-03-23 08:19:33', '2021-03-23 08:19:33'),
(105, 'parallax_banners.index', NULL, NULL, '2021-03-22 00:24:09', '2021-03-22 00:24:09'),
(106, 'parallax_banners.create', NULL, NULL, '2021-03-22 00:24:09', '2021-03-22 00:24:09'),
(107, 'parallax_banners.update', NULL, NULL, '2021-03-22 00:24:09', '2021-03-22 00:24:09'),
(108, 'parallax_banners.delete', NULL, NULL, '2021-03-22 00:24:09', '2021-03-22 00:24:09'),
(109, 'slider_images.is_active', NULL, NULL, '2021-03-22 00:24:09', '2021-03-22 00:24:09'),
(110, 'static_banners.is_active', NULL, NULL, '2021-03-22 00:24:09', '2021-03-22 00:24:09'),
(111, 'zones.is_active', NULL, NULL, '2021-03-22 00:24:09', '2021-03-22 00:24:09'),
(112, 'countries.is_active', NULL, NULL, '2021-03-22 00:24:09', '2021-03-22 00:24:09'),
(113, 'cities.is_active', NULL, NULL, '2021-03-22 00:24:09', '2021-03-22 00:24:09'),
(114, 'states.is_active', NULL, NULL, '2021-03-22 00:24:09', '2021-03-22 00:24:09'),
(115, 'tax_rates.is_active', NULL, NULL, '2021-03-22 00:24:09', '2021-03-22 00:24:09'),
(116, 'parallax_banners.is_active', NULL, NULL, '2021-03-22 00:24:09', '2021-03-22 00:24:09'),
(120, 'customers.delete', NULL, NULL, '2021-03-23 08:19:33', '2021-03-23 08:19:33'),
(121, 'customers.is_active', NULL, NULL, '2021-03-23 08:19:33', '2021-03-23 08:19:33'),
(122, 'newses.index', NULL, NULL, '2021-03-24 04:28:24', '2021-03-24 04:28:24'),
(123, 'newses.create', NULL, NULL, '2021-03-24 04:28:24', '2021-03-24 04:28:24'),
(124, 'newses.update', NULL, NULL, '2021-03-24 04:28:24', '2021-03-24 04:28:24'),
(125, 'newses.delete', NULL, NULL, '2021-03-24 04:28:24', '2021-03-24 04:28:24'),
(126, 'newses.is_active', NULL, NULL, '2021-03-24 04:28:24', '2021-03-24 04:28:24'),
(127, 'admins.index', NULL, NULL, '2021-04-06 04:28:38', '2021-04-06 04:28:38'),
(128, 'admins.create', NULL, NULL, '2021-04-06 04:28:38', '2021-04-06 04:28:38'),
(129, 'admins.update', NULL, NULL, '2021-04-06 04:28:38', '2021-04-06 04:28:38'),
(130, 'admins.delete', NULL, NULL, '2021-04-06 04:28:38', '2021-04-06 04:28:38'),
(131, 'admins.is_active', NULL, NULL, '2021-04-06 04:28:38', '2021-04-06 04:28:38'),
(132, 'news_categories.index', NULL, NULL, '2021-04-06 04:28:38', '2021-04-06 04:28:38'),
(133, 'news_categories.create', NULL, NULL, '2021-04-06 04:28:38', '2021-04-06 04:28:38'),
(134, 'news_categories.update', NULL, NULL, '2021-04-06 04:28:38', '2021-04-06 04:28:38'),
(135, 'news_categories.delete', NULL, NULL, '2021-04-06 04:28:38', '2021-04-06 04:28:38'),
(136, 'news_categories.is_active', NULL, NULL, '2021-04-06 04:28:38', '2021-04-06 04:28:38'),
(137, 'addresses.index', NULL, NULL, '2021-04-08 08:26:57', '2021-04-08 08:26:57'),
(138, 'addresses.create', NULL, NULL, '2021-04-08 08:26:57', '2021-04-08 08:26:57'),
(139, 'addresses.update', NULL, NULL, '2021-04-08 08:26:57', '2021-04-08 08:26:57'),
(140, 'addresses.delete', NULL, NULL, '2021-04-08 08:26:57', '2021-04-08 08:26:57'),
(141, 'addresses.is_active', NULL, NULL, '2021-04-08 08:26:57', '2021-04-08 08:26:57'),
(142, 'content_pages.index', NULL, NULL, '2021-04-08 08:26:57', '2021-04-08 08:26:57'),
(143, 'content_pages.create', NULL, NULL, '2021-04-08 08:26:57', '2021-04-08 08:26:57'),
(144, 'content_pages.update', NULL, NULL, '2021-04-08 08:26:57', '2021-04-08 08:26:57'),
(145, 'content_pages.delete', NULL, NULL, '2021-04-08 08:26:57', '2021-04-08 08:26:57'),
(146, 'content_pages.is_active', NULL, NULL, '2021-04-08 08:26:57', '2021-04-08 08:26:57'),
(147, 'commissions.index', NULL, NULL, '2021-04-08 08:26:57', '2021-04-08 08:26:57'),
(148, 'commissions.update', NULL, NULL, '2021-04-08 08:26:57', '2021-04-08 08:26:57'),
(149, 'seo_pages.index', NULL, NULL, '2021-04-11 23:58:41', '2021-04-11 23:58:41'),
(150, 'seo_pages.create', NULL, NULL, '2021-04-11 23:58:41', '2021-04-11 23:58:41'),
(151, 'seo_pages.update', NULL, NULL, '2021-04-11 23:58:41', '2021-04-11 23:58:41'),
(152, 'seo_pages.delete', NULL, NULL, '2021-04-11 23:58:41', '2021-04-11 23:58:41'),
(153, 'seo_pages.is_active', NULL, NULL, '2021-04-11 23:58:41', '2021-04-11 23:58:41'),
(154, 'reviews.index', NULL, NULL, '2021-04-20 06:47:22', '2021-04-20 06:47:22'),
(155, 'reviews.create', NULL, NULL, '2021-04-20 06:47:23', '2021-04-20 06:47:23'),
(156, 'reviews.update', NULL, NULL, '2021-04-20 06:47:23', '2021-04-20 06:47:23'),
(157, 'reviews.delete', NULL, NULL, '2021-04-20 06:47:23', '2021-04-20 06:47:23'),
(158, 'reviews.is_active', NULL, NULL, '2021-04-20 06:47:23', '2021-04-20 06:47:23'),
(159, 'review_statuses.index', NULL, NULL, '2021-04-21 05:18:25', '2021-04-21 05:18:25'),
(160, 'review_statuses.create', NULL, NULL, '2021-04-21 05:18:25', '2021-04-21 05:18:25'),
(161, 'review_statuses.update', NULL, NULL, '2021-04-21 05:18:25', '2021-04-21 05:18:25'),
(162, 'review_statuses.delete', NULL, NULL, '2021-04-21 05:18:25', '2021-04-21 05:18:25'),
(163, 'review_statuses.is_active', NULL, NULL, '2021-04-21 05:18:25', '2021-04-21 05:18:25'),
(164, 'application_banners.index', NULL, NULL, '2021-04-30 00:29:45', '2021-04-30 00:29:45'),
(165, 'application_banners.create', NULL, NULL, '2021-04-30 00:29:45', '2021-04-30 00:29:45'),
(166, 'application_banners.update', NULL, NULL, '2021-04-30 00:29:45', '2021-04-30 00:29:45'),
(167, 'application_banners.delete', NULL, NULL, '2021-04-30 00:29:45', '2021-04-30 00:29:45'),
(168, 'application_banners.is_active', NULL, NULL, '2021-04-30 00:29:45', '2021-04-30 00:29:45'),
(169, 'splash_screens.index', NULL, NULL, '2021-04-30 00:29:45', '2021-04-30 00:29:45'),
(170, 'splash_screens.create', NULL, NULL, '2021-04-30 00:29:45', '2021-04-30 00:29:45'),
(171, 'splash_screens.update', NULL, NULL, '2021-04-30 00:29:45', '2021-04-30 00:29:45'),
(172, 'splash_screens.delete', NULL, NULL, '2021-04-30 00:29:45', '2021-04-30 00:29:45'),
(173, 'splash_screens.is_active', NULL, NULL, '2021-04-30 00:29:45', '2021-04-30 00:29:45'),
(174, 'application_parallax_banners.index', NULL, NULL, '2021-04-30 00:29:45', '2021-04-30 00:29:45'),
(175, 'application_parallax_banners.create', NULL, NULL, '2021-04-30 00:29:45', '2021-04-30 00:29:45'),
(176, 'application_parallax_banners.update', NULL, NULL, '2021-04-30 00:29:45', '2021-04-30 00:29:45'),
(177, 'application_parallax_banners.delete', NULL, NULL, '2021-04-30 00:29:45', '2021-04-30 00:29:45'),
(178, 'application_parallax_banners.is_active', NULL, NULL, '2021-04-30 00:29:45', '2021-04-30 00:29:45'),
(179, 'application_slider_images.index', NULL, NULL, '2021-04-30 00:29:45', '2021-04-30 00:29:45'),
(180, 'application_slider_images.create', NULL, NULL, '2021-04-30 00:29:45', '2021-04-30 00:29:45'),
(181, 'application_slider_images.update', NULL, NULL, '2021-04-30 00:29:45', '2021-04-30 00:29:45'),
(182, 'application_slider_images.delete', NULL, NULL, '2021-04-30 00:29:45', '2021-04-30 00:29:45'),
(183, 'application_slider_images.is_active', NULL, NULL, '2021-04-30 00:29:45', '2021-04-30 00:29:45'),
(184, 'content_application_pages.index', NULL, NULL, '2021-04-30 00:29:45', '2021-04-30 00:29:45'),
(185, 'content_application_pages.create', NULL, NULL, '2021-04-30 00:29:45', '2021-04-30 00:29:45'),
(186, 'content_application_pages.update', NULL, NULL, '2021-04-30 00:29:45', '2021-04-30 00:29:45'),
(187, 'content_application_pages.delete', NULL, NULL, '2021-04-30 00:29:45', '2021-04-30 00:29:45'),
(188, 'content_application_pages.is_active', NULL, NULL, '2021-04-30 00:29:45', '2021-04-30 00:29:45'),
(189, 'brands.index', NULL, NULL, '2021-04-30 00:29:45', '2021-04-30 00:29:45'),
(190, 'brands.create', NULL, NULL, '2021-04-30 00:29:45', '2021-04-30 00:29:45'),
(191, 'brands.update', NULL, NULL, '2021-04-30 00:29:45', '2021-04-30 00:29:45'),
(192, 'brands.delete', NULL, NULL, '2021-04-30 00:29:45', '2021-04-30 00:29:45'),
(193, 'brands.is_active', NULL, NULL, '2021-04-30 00:29:45', '2021-04-30 00:29:45'),
(194, 'store_settings.index', NULL, NULL, '2021-04-30 00:29:45', '2021-04-30 00:29:45'),
(195, 'store_settings.update', NULL, NULL, '2021-04-30 00:29:45', '2021-04-30 00:29:45'),
(196, 'facebook_settings.index', NULL, NULL, '2021-04-30 00:29:45', '2021-04-30 00:29:45'),
(197, 'facebook_settings.update', NULL, NULL, '2021-04-30 00:29:45', '2021-04-30 00:29:45'),
(198, 'google_settings.index', NULL, NULL, '2021-04-30 00:29:45', '2021-04-30 00:29:45'),
(199, 'google_settings.update', NULL, NULL, '2021-04-30 00:29:45', '2021-04-30 00:29:45'),
(200, 'alert_settings.index', NULL, NULL, '2021-04-30 00:29:45', '2021-04-30 00:29:45'),
(201, 'alert_settings.update', NULL, NULL, '2021-04-30 00:29:45', '2021-04-30 00:29:45'),
(202, 'api_protection_settings.index', NULL, NULL, '2021-04-30 00:29:45', '2021-04-30 00:29:45'),
(203, 'api_protection_settings.update', NULL, NULL, '2021-04-30 00:29:45', '2021-04-30 00:29:45'),
(204, 'social_login_settings.index', NULL, NULL, '2021-04-30 00:29:45', '2021-04-30 00:29:45'),
(205, 'social_login_settings.update', NULL, NULL, '2021-04-30 00:29:45', '2021-04-30 00:29:45'),
(206, 'main_settings.index', NULL, NULL, '2021-05-05 06:42:33', '2021-05-05 06:42:33'),
(207, 'main_settings.update', NULL, NULL, '2021-05-05 06:42:33', '2021-05-05 06:42:33'),
(208, 'shipping_methods.index', NULL, NULL, '2021-05-25 05:14:35', '2021-05-25 05:14:35'),
(209, 'shipping_methods.create', NULL, NULL, '2021-05-25 05:14:35', '2021-05-25 05:14:35'),
(210, 'shipping_methods.update', NULL, NULL, '2021-05-25 05:14:35', '2021-05-25 05:14:35'),
(211, 'shipping_methods.delete', NULL, NULL, '2021-05-25 05:14:35', '2021-05-25 05:14:35'),
(212, 'shipping_methods.is_active', NULL, NULL, '2021-05-25 05:14:35', '2021-05-25 05:14:35'),
(213, 'attributes.index', NULL, NULL, '2021-06-02 04:57:07', '2021-06-02 04:57:07'),
(214, 'attributes.create', NULL, NULL, '2021-06-02 04:57:07', '2021-06-02 04:57:07'),
(215, 'attributes.update', NULL, NULL, '2021-06-02 04:57:07', '2021-06-02 04:57:07'),
(216, 'attributes.delete', NULL, NULL, '2021-06-02 04:57:07', '2021-06-02 04:57:07'),
(217, 'attributes.is_active', NULL, NULL, '2021-06-02 04:57:07', '2021-06-02 04:57:07'),
(218, 'attribute_values.index', NULL, NULL, '2021-06-02 04:57:07', '2021-06-02 04:57:07'),
(219, 'attribute_values.create', NULL, NULL, '2021-06-02 04:57:07', '2021-06-02 04:57:07'),
(220, 'attribute_values.update', NULL, NULL, '2021-06-02 04:57:07', '2021-06-02 04:57:07'),
(221, 'attribute_values.delete', NULL, NULL, '2021-06-02 04:57:07', '2021-06-02 04:57:07'),
(222, 'attribute_values.is_active', NULL, NULL, '2021-06-02 04:57:07', '2021-06-02 04:57:07'),
(223, 'orders.index', NULL, NULL, '2021-06-02 04:57:07', '2021-06-02 04:57:07'),
(224, 'orders.create', NULL, NULL, '2021-06-02 04:57:07', '2021-06-02 04:57:07'),
(225, 'orders.update', NULL, NULL, '2021-06-02 04:57:07', '2021-06-02 04:57:07'),
(226, 'orders.delete', NULL, NULL, '2021-06-02 04:57:07', '2021-06-02 04:57:07'),
(227, 'orders.is_active', NULL, NULL, '2021-06-02 04:57:07', '2021-06-02 04:57:07'),
(228, 'payment_methods.index', NULL, NULL, '2021-06-02 04:57:07', '2021-06-02 04:57:07'),
(229, 'payment_methods.create', NULL, NULL, '2021-06-02 04:57:07', '2021-06-02 04:57:07'),
(230, 'payment_methods.update', NULL, NULL, '2021-06-02 04:57:07', '2021-06-02 04:57:07'),
(231, 'payment_methods.delete', NULL, NULL, '2021-06-02 04:57:07', '2021-06-02 04:57:07'),
(232, 'payment_methods.is_active', NULL, NULL, '2021-06-02 04:57:07', '2021-06-02 04:57:07'),
(233, 'inventories.index', NULL, NULL, '2021-06-10 09:18:27', '2021-06-10 09:18:27'),
(234, 'inventories.update', NULL, NULL, '2021-06-10 09:18:27', '2021-06-10 09:18:27'),
(235, 'faqs.index', NULL, NULL, '2021-06-29 09:56:37', '2021-06-29 09:56:37'),
(236, 'faqs.create', NULL, NULL, '2021-06-29 09:56:37', '2021-06-29 09:56:37'),
(237, 'faqs.update', NULL, NULL, '2021-06-29 09:56:37', '2021-06-29 09:56:37'),
(238, 'faqs.delete', NULL, NULL, '2021-06-29 09:56:37', '2021-06-29 09:56:37'),
(239, 'faqs.is_active', NULL, NULL, '2021-06-29 09:56:37', '2021-06-29 09:56:37'),
(240, 'newsletters.index', NULL, NULL, '2021-07-09 10:34:04', '2021-07-09 10:34:04'),
(241, 'newsletters.create', NULL, NULL, '2021-07-09 10:34:04', '2021-07-09 10:34:04'),
(242, 'newsletters.update', NULL, NULL, '2021-07-09 10:34:04', '2021-07-09 10:34:04'),
(243, 'newsletters.delete', NULL, NULL, '2021-07-09 10:34:04', '2021-07-09 10:34:04'),
(244, 'newsletters.is_active', NULL, NULL, '2021-07-09 10:34:04', '2021-07-09 10:34:04'),
(245, 'settings.is_active', NULL, NULL, '2021-07-09 11:17:11', '2021-07-09 11:17:11'),
(246, 'media_settings.is_active', NULL, NULL, '2021-07-09 11:17:11', '2021-07-09 11:17:11'),
(247, 'commissions.is_active', NULL, NULL, '2021-07-09 11:17:11', '2021-07-09 11:17:11'),
(248, 'store_settings.is_active', NULL, NULL, '2021-07-09 11:17:11', '2021-07-09 11:17:11'),
(249, 'facebook_settings.is_active', NULL, NULL, '2021-07-09 11:17:11', '2021-07-09 11:17:11'),
(250, 'google_settings.is_active', NULL, NULL, '2021-07-09 11:17:11', '2021-07-09 11:17:11'),
(251, 'alert_settings.is_active', NULL, NULL, '2021-07-09 11:17:11', '2021-07-09 11:17:11'),
(252, 'api_protection_settings.is_active', NULL, NULL, '2021-07-09 11:17:11', '2021-07-09 11:17:11'),
(253, 'social_login_settings.is_active', NULL, NULL, '2021-07-09 11:17:11', '2021-07-09 11:17:11'),
(254, 'main_settings.is_active', NULL, NULL, '2021-07-09 11:17:11', '2021-07-09 11:17:11'),
(255, 'inventories.is_active', NULL, NULL, '2021-07-09 11:17:11', '2021-07-09 11:17:11'),
(256, 'settings.delete', NULL, NULL, '2021-07-09 11:17:28', '2021-07-09 11:17:28'),
(257, 'media_settings.delete', NULL, NULL, '2021-07-09 11:17:28', '2021-07-09 11:17:28'),
(258, 'commissions.delete', NULL, NULL, '2021-07-09 11:17:28', '2021-07-09 11:17:28'),
(259, 'store_settings.delete', NULL, NULL, '2021-07-09 11:17:28', '2021-07-09 11:17:28'),
(260, 'facebook_settings.delete', NULL, NULL, '2021-07-09 11:17:28', '2021-07-09 11:17:28'),
(261, 'google_settings.delete', NULL, NULL, '2021-07-09 11:17:28', '2021-07-09 11:17:28'),
(262, 'alert_settings.delete', NULL, NULL, '2021-07-09 11:17:28', '2021-07-09 11:17:28'),
(263, 'api_protection_settings.delete', NULL, NULL, '2021-07-09 11:17:28', '2021-07-09 11:17:28'),
(264, 'social_login_settings.delete', NULL, NULL, '2021-07-09 11:17:28', '2021-07-09 11:17:28'),
(265, 'main_settings.delete', NULL, NULL, '2021-07-09 11:17:28', '2021-07-09 11:17:28'),
(266, 'inventories.delete', NULL, NULL, '2021-07-09 11:17:28', '2021-07-09 11:17:28'),
(267, 'settings.create', NULL, NULL, '2021-07-09 11:17:46', '2021-07-09 11:17:46'),
(268, 'media_settings.create', NULL, NULL, '2021-07-09 11:17:46', '2021-07-09 11:17:46'),
(269, 'commissions.create', NULL, NULL, '2021-07-09 11:17:46', '2021-07-09 11:17:46'),
(270, 'store_settings.create', NULL, NULL, '2021-07-09 11:17:46', '2021-07-09 11:17:46'),
(271, 'facebook_settings.create', NULL, NULL, '2021-07-09 11:17:46', '2021-07-09 11:17:46'),
(272, 'google_settings.create', NULL, NULL, '2021-07-09 11:17:46', '2021-07-09 11:17:46'),
(273, 'alert_settings.create', NULL, NULL, '2021-07-09 11:17:46', '2021-07-09 11:17:46'),
(274, 'api_protection_settings.create', NULL, NULL, '2021-07-09 11:17:46', '2021-07-09 11:17:46'),
(275, 'social_login_settings.create', NULL, NULL, '2021-07-09 11:17:46', '2021-07-09 11:17:46'),
(276, 'main_settings.create', NULL, NULL, '2021-07-09 11:17:46', '2021-07-09 11:17:46'),
(277, 'inventories.create', NULL, NULL, '2021-07-09 11:17:46', '2021-07-09 11:17:46');

-- --------------------------------------------------------

--
-- Table structure for table `permission_admin`
--

CREATE TABLE `permission_admin` (
  `permission_id` bigint(20) UNSIGNED NOT NULL,
  `admin_id` bigint(20) UNSIGNED NOT NULL,
  `user_type` varchar(191) COLLATE utf8mb4_unicode_ci NOT NULL
) ENGINE=MyISAM DEFAULT CHARSET=utf8mb4 COLLATE=utf8mb4_unicode_ci;

-- --------------------------------------------------------

--
-- Table structure for table `permission_role`
--

CREATE TABLE `permission_role` (
  `permission_id` bigint(20) UNSIGNED NOT NULL,
  `role_id` bigint(20) UNSIGNED NOT NULL
) ENGINE=MyISAM DEFAULT CHARSET=utf8mb4 COLLATE=utf8mb4_unicode_ci;

--
-- Dumping data for table `permission_role`
--

INSERT INTO `permission_role` (`permission_id`, `role_id`) VALUES
(5, 1),
(5, 5),
(5, 6),
(5, 12),
(5, 17),
(5, 32),
(5, 33),
(6, 1),
(6, 5),
(6, 6),
(6, 12),
(6, 17),
(6, 34),
(7, 1),
(7, 5),
(7, 6),
(7, 12),
(7, 34),
(8, 1),
(8, 5),
(8, 6),
(8, 12),
(8, 32),
(8, 33),
(9, 1),
(9, 5),
(9, 6),
(9, 12),
(9, 33),
(10, 1),
(10, 5),
(10, 6),
(10, 12),
(10, 32),
(10, 33),
(11, 1),
(11, 5),
(11, 6),
(11, 12),
(11, 34),
(12, 1),
(12, 5),
(12, 6),
(12, 12),
(12, 33),
(13, 1),
(13, 5),
(13, 6),
(13, 12),
(13, 35),
(14, 1),
(14, 5),
(14, 6),
(14, 12),
(14, 32),
(14, 33),
(15, 1),
(15, 5),
(15, 6),
(15, 12),
(15, 34),
(16, 1),
(16, 5),
(16, 6),
(16, 12),
(16, 33),
(17, 1),
(17, 5),
(17, 6),
(17, 12),
(17, 35),
(18, 1),
(18, 5),
(18, 6),
(18, 12),
(18, 32),
(18, 33),
(19, 1),
(19, 5),
(19, 6),
(19, 12),
(19, 34),
(20, 1),
(20, 5),
(20, 6),
(20, 12),
(20, 33),
(21, 1),
(21, 5),
(21, 6),
(21, 12),
(21, 35),
(22, 1),
(22, 5),
(22, 6),
(22, 12),
(22, 32),
(22, 33),
(23, 1),
(23, 5),
(23, 6),
(23, 12),
(23, 34),
(24, 1),
(24, 5),
(24, 6),
(24, 12),
(24, 33),
(25, 1),
(25, 5),
(25, 6),
(25, 12),
(25, 35),
(26, 1),
(26, 5),
(26, 6),
(26, 12),
(26, 32),
(26, 33),
(27, 1),
(27, 5),
(27, 6),
(27, 12),
(27, 34),
(28, 1),
(28, 5),
(28, 6),
(28, 12),
(28, 33),
(29, 1),
(29, 5),
(29, 6),
(29, 12),
(29, 35),
(30, 1),
(30, 5),
(30, 6),
(30, 12),
(30, 33),
(31, 1),
(31, 5),
(31, 6),
(31, 12),
(31, 32),
(31, 33),
(32, 1),
(32, 5),
(32, 6),
(32, 12),
(32, 32),
(32, 33),
(33, 1),
(33, 5),
(33, 6),
(33, 12),
(33, 33),
(34, 1),
(34, 5),
(34, 6),
(34, 12),
(34, 32),
(34, 33),
(35, 1),
(35, 5),
(35, 6),
(35, 12),
(35, 34),
(36, 1),
(36, 5),
(36, 6),
(36, 12),
(36, 33),
(37, 1),
(37, 5),
(37, 6),
(37, 12),
(37, 35),
(38, 1),
(38, 5),
(38, 6),
(38, 12),
(38, 32),
(38, 33),
(39, 1),
(39, 5),
(39, 6),
(39, 12),
(39, 34),
(40, 1),
(40, 5),
(40, 6),
(40, 12),
(40, 33),
(41, 1),
(41, 5),
(41, 6),
(41, 12),
(41, 35),
(42, 1),
(42, 6),
(42, 12),
(43, 1),
(43, 5),
(43, 6),
(43, 12),
(43, 17),
(44, 1),
(44, 5),
(44, 6),
(44, 12),
(44, 17),
(45, 1),
(45, 5),
(45, 6),
(45, 12),
(45, 17),
(46, 1),
(46, 5),
(46, 6),
(46, 12),
(46, 17),
(53, 1),
(53, 5),
(53, 6),
(53, 12),
(53, 32),
(53, 33),
(54, 1),
(54, 5),
(54, 6),
(54, 12),
(54, 34),
(55, 1),
(55, 5),
(55, 6),
(55, 12),
(55, 33),
(56, 1),
(56, 5),
(56, 6),
(56, 12),
(56, 35),
(57, 1),
(57, 6),
(57, 32),
(57, 33),
(58, 1),
(58, 6),
(58, 34),
(59, 1),
(59, 6),
(59, 33),
(60, 1),
(60, 6),
(60, 35),
(61, 1),
(61, 6),
(61, 32),
(61, 33),
(62, 1),
(62, 6),
(62, 33),
(63, 1),
(63, 6),
(63, 35),
(64, 1),
(64, 6),
(64, 34),
(65, 1),
(65, 6),
(65, 32),
(65, 33),
(66, 1),
(66, 6),
(66, 33),
(67, 1),
(67, 6),
(67, 35),
(68, 1),
(68, 6),
(68, 34),
(69, 1),
(69, 6),
(69, 32),
(69, 33),
(70, 1),
(70, 6),
(70, 34),
(71, 1),
(71, 6),
(71, 33),
(72, 1),
(72, 6),
(72, 35),
(73, 1),
(73, 6),
(73, 32),
(73, 33),
(74, 1),
(74, 6),
(74, 35),
(75, 1),
(75, 6),
(75, 34),
(76, 1),
(76, 6),
(76, 33),
(77, 1),
(77, 6),
(77, 32),
(77, 33),
(78, 1),
(78, 6),
(78, 34),
(79, 1),
(79, 6),
(79, 33),
(80, 1),
(80, 6),
(80, 35),
(81, 1),
(81, 6),
(81, 32),
(81, 33),
(82, 1),
(82, 6),
(82, 33),
(83, 1),
(83, 6),
(83, 35),
(84, 1),
(84, 6),
(84, 34),
(85, 1),
(85, 5),
(85, 6),
(85, 12),
(85, 33),
(86, 1),
(86, 5),
(86, 6),
(86, 12),
(86, 32),
(86, 33),
(87, 1),
(87, 5),
(87, 6),
(87, 12),
(87, 35),
(88, 1),
(88, 5),
(88, 6),
(88, 12),
(88, 36),
(89, 1),
(89, 5),
(89, 6),
(89, 12),
(89, 36),
(90, 1),
(90, 5),
(90, 6),
(90, 12),
(90, 35),
(91, 1),
(91, 5),
(91, 6),
(91, 12),
(91, 36),
(92, 1),
(92, 5),
(92, 6),
(92, 12),
(92, 36),
(93, 1),
(93, 5),
(93, 6),
(93, 12),
(93, 36),
(94, 1),
(94, 5),
(94, 6),
(94, 12),
(94, 36),
(95, 1),
(95, 5),
(95, 6),
(95, 12),
(95, 36),
(96, 1),
(96, 5),
(96, 6),
(96, 12),
(96, 36),
(97, 1),
(97, 5),
(97, 6),
(97, 12),
(97, 36),
(98, 1),
(98, 5),
(98, 6),
(98, 12),
(99, 1),
(99, 5),
(99, 6),
(99, 12),
(99, 36),
(100, 1),
(100, 5),
(100, 6),
(100, 12),
(100, 34),
(101, 1),
(101, 5),
(101, 6),
(101, 12),
(101, 33),
(102, 1),
(102, 5),
(102, 6),
(102, 12),
(102, 35),
(103, 1),
(103, 5),
(103, 6),
(103, 12),
(103, 36),
(105, 1),
(105, 6),
(105, 32),
(105, 33),
(106, 1),
(106, 6),
(106, 34),
(107, 1),
(107, 6),
(107, 33),
(108, 1),
(108, 6),
(108, 35),
(109, 1),
(109, 6),
(109, 36),
(110, 1),
(110, 6),
(110, 36),
(111, 1),
(111, 6),
(111, 36),
(112, 1),
(112, 6),
(112, 36),
(113, 1),
(113, 6),
(113, 36),
(114, 1),
(114, 6),
(114, 36),
(115, 1),
(115, 6),
(115, 36),
(116, 1),
(116, 6),
(116, 36),
(117, 1),
(117, 6),
(117, 32),
(117, 33),
(118, 1),
(118, 6),
(118, 34),
(119, 1),
(119, 6),
(119, 33),
(120, 1),
(120, 6),
(120, 35),
(121, 1),
(121, 6),
(121, 36),
(122, 1),
(122, 6),
(122, 32),
(122, 33),
(123, 1),
(123, 6),
(123, 34),
(124, 1),
(124, 6),
(124, 33),
(125, 1),
(125, 6),
(125, 35),
(126, 1),
(126, 6),
(126, 36),
(127, 1),
(127, 6),
(127, 32),
(127, 33),
(128, 1),
(128, 6),
(128, 34),
(129, 1),
(129, 6),
(129, 33),
(130, 1),
(130, 6),
(130, 35),
(131, 1),
(131, 6),
(131, 36),
(132, 1),
(132, 6),
(132, 32),
(132, 33),
(133, 1),
(133, 6),
(133, 34),
(134, 1),
(134, 6),
(134, 33),
(135, 1),
(135, 6),
(135, 35),
(136, 1),
(136, 6),
(136, 36),
(137, 1),
(137, 6),
(137, 32),
(137, 33),
(138, 1),
(138, 6),
(138, 34),
(139, 1),
(139, 6),
(139, 33),
(140, 1),
(140, 6),
(140, 35),
(141, 1),
(141, 6),
(141, 36),
(142, 1),
(142, 6),
(142, 32),
(142, 33),
(143, 1),
(143, 6),
(143, 34),
(144, 1),
(144, 6),
(144, 33),
(145, 1),
(145, 6),
(145, 35),
(146, 1),
(146, 6),
(146, 36),
(147, 1),
(147, 6),
(147, 32),
(147, 33),
(148, 1),
(148, 6),
(148, 33),
(149, 1),
(149, 6),
(149, 32),
(149, 33),
(150, 1),
(150, 6),
(150, 34),
(151, 1),
(151, 6),
(151, 33),
(152, 1),
(152, 6),
(152, 35),
(153, 1),
(153, 6),
(153, 36),
(154, 1),
(154, 6),
(154, 32),
(154, 33),
(155, 1),
(155, 6),
(155, 34),
(156, 1),
(156, 6),
(156, 33),
(157, 1),
(157, 6),
(157, 35),
(158, 1),
(158, 6),
(158, 36),
(159, 1),
(159, 6),
(159, 32),
(159, 33),
(160, 1),
(160, 6),
(160, 34),
(161, 1),
(161, 6),
(161, 33),
(162, 1),
(162, 6),
(162, 35),
(163, 1),
(163, 6),
(163, 36),
(164, 1),
(164, 6),
(164, 32),
(164, 33),
(165, 1),
(165, 6),
(165, 34),
(166, 1),
(166, 6),
(166, 33),
(167, 1),
(167, 6),
(167, 35),
(168, 1),
(168, 6),
(168, 36),
(169, 1),
(169, 6),
(169, 32),
(169, 33),
(170, 1),
(170, 6),
(170, 34),
(171, 1),
(171, 6),
(171, 33),
(172, 1),
(172, 6),
(172, 35),
(173, 1),
(173, 6),
(173, 36),
(174, 1),
(174, 6),
(174, 32),
(174, 33),
(175, 1),
(175, 6),
(175, 34),
(176, 1),
(176, 6),
(176, 33),
(177, 1),
(177, 6),
(177, 35),
(178, 1),
(178, 6),
(178, 36),
(179, 1),
(179, 6),
(179, 32),
(179, 33),
(180, 1),
(180, 6),
(180, 34),
(181, 1),
(181, 6),
(181, 33),
(182, 1),
(182, 6),
(182, 35),
(183, 1),
(183, 6),
(183, 36),
(184, 1),
(184, 6),
(184, 32),
(184, 33),
(185, 1),
(185, 6),
(185, 34),
(186, 1),
(186, 6),
(186, 33),
(187, 1),
(187, 6),
(187, 35),
(188, 1),
(188, 6),
(188, 36),
(189, 1),
(189, 6),
(189, 32),
(189, 33),
(190, 1),
(190, 6),
(190, 34),
(191, 1),
(191, 6),
(191, 33),
(192, 1),
(192, 6),
(192, 35),
(193, 1),
(193, 6),
(193, 36),
(194, 1),
(194, 6),
(194, 32),
(194, 33),
(195, 1),
(195, 6),
(195, 33),
(196, 1),
(196, 6),
(196, 32),
(196, 33),
(197, 1),
(197, 6),
(197, 33),
(198, 1),
(198, 6),
(198, 32),
(198, 33),
(199, 1),
(199, 6),
(199, 33),
(200, 1),
(200, 6),
(200, 32),
(200, 33),
(201, 1),
(201, 6),
(201, 33),
(202, 1),
(202, 6),
(202, 32),
(202, 33),
(203, 1),
(203, 6),
(203, 33),
(204, 1),
(204, 6),
(204, 32),
(204, 33),
(205, 1),
(205, 6),
(205, 33),
(206, 1),
(206, 6),
(206, 32),
(206, 33),
(207, 1),
(207, 6),
(207, 33),
(208, 1),
(208, 6),
(208, 32),
(208, 33),
(209, 1),
(209, 6),
(209, 34),
(210, 1),
(210, 6),
(210, 33),
(211, 1),
(211, 6),
(211, 35),
(212, 1),
(212, 6),
(212, 36),
(213, 1),
(213, 6),
(213, 32),
(213, 33),
(214, 1),
(214, 6),
(214, 34),
(215, 1),
(215, 6),
(215, 33),
(216, 1),
(216, 6),
(216, 35),
(217, 1),
(217, 6),
(217, 36),
(218, 1),
(218, 6),
(218, 32),
(218, 33),
(219, 1),
(219, 6),
(219, 34),
(220, 1),
(220, 6),
(220, 33),
(221, 1),
(221, 6),
(221, 35),
(222, 1),
(222, 6),
(222, 36),
(223, 1),
(223, 6),
(223, 32),
(223, 33),
(224, 1),
(224, 6),
(224, 34),
(225, 1),
(225, 6),
(225, 33),
(226, 1),
(226, 6),
(226, 35),
(227, 1),
(227, 6),
(227, 36),
(228, 1),
(228, 6),
(228, 32),
(228, 33),
(229, 1),
(229, 6),
(229, 34),
(230, 1),
(230, 6),
(230, 33),
(231, 1),
(231, 6),
(231, 35),
(232, 1),
(232, 6),
(232, 36),
(233, 1),
(233, 6),
(233, 32),
(233, 33),
(234, 1),
(234, 6),
(234, 33),
(235, 1),
(235, 6),
(235, 32),
(235, 33),
(236, 1),
(236, 6),
(236, 34),
(237, 1),
(237, 6),
(237, 33),
(238, 1),
(238, 6),
(238, 35),
(239, 1),
(239, 6),
(239, 36),
(240, 1),
(240, 6),
(240, 32),
(240, 33),
(241, 1),
(241, 6),
(241, 34),
(242, 1),
(242, 6),
(242, 33),
(243, 1),
(243, 6),
(243, 35),
(244, 1),
(244, 6),
(244, 36),
(245, 1),
(245, 36),
(246, 1),
(246, 36),
(247, 1),
(247, 36),
(248, 1),
(248, 36),
(249, 1),
(249, 36),
(250, 1),
(250, 36),
(251, 1),
(251, 36),
(252, 1),
(252, 36),
(253, 1),
(253, 36),
(254, 1),
(254, 36),
(255, 1),
(255, 36),
(256, 1),
(256, 35),
(257, 1),
(257, 35),
(258, 1),
(258, 35),
(259, 1),
(259, 35),
(260, 1),
(260, 35),
(261, 1),
(261, 35),
(262, 1),
(262, 35),
(263, 1),
(263, 35),
(264, 1),
(264, 35),
(265, 1),
(265, 35),
(266, 1),
(266, 35),
(267, 1),
(267, 34),
(268, 1),
(268, 34),
(269, 1),
(269, 34),
(270, 1),
(270, 34),
(271, 1),
(271, 34),
(272, 1),
(272, 34),
(273, 1),
(273, 34),
(274, 1),
(274, 34),
(275, 1),
(275, 34),
(276, 1),
(276, 34),
(277, 1),
(277, 34);

-- --------------------------------------------------------

--
-- Table structure for table `products`
--

CREATE TABLE `products` (
  `id` bigint(20) UNSIGNED NOT NULL,
  `vendor_id` bigint(20) UNSIGNED NOT NULL,
  `name` longtext COLLATE utf8_unicode_ci NOT NULL,
  `description` longtext COLLATE utf8_unicode_ci NOT NULL,
  `short_description` longtext COLLATE utf8_unicode_ci DEFAULT NULL,
  `refund_policy` longtext COLLATE utf8_unicode_ci DEFAULT NULL,
  `product_type` int(11) NOT NULL,
  `modal` varchar(255) COLLATE utf8_unicode_ci DEFAULT NULL,
  `is_feature` tinyint(1) NOT NULL,
  `price` decimal(15,6) NOT NULL,
  `sku` varchar(255) COLLATE utf8_unicode_ci DEFAULT NULL,
  `stock` int(11) DEFAULT 10,
  `quantity` int(11) NOT NULL,
  `available_date` varchar(255) COLLATE utf8_unicode_ci DEFAULT NULL,
  `weight` varchar(191) COLLATE utf8_unicode_ci NOT NULL,
  `unit_id` int(11) NOT NULL,
  `is_active` tinyint(4) NOT NULL,
  `manufacturer_id` int(11) NOT NULL,
  `brand_id` int(11) DEFAULT NULL,
  `tax_class_id` int(11) NOT NULL,
  `product_ordered` int(11) NOT NULL DEFAULT 0,
  `product_liked` int(11) NOT NULL DEFAULT 0,
  `slug` varchar(255) COLLATE utf8_unicode_ci DEFAULT NULL,
  `external_link` varchar(255) COLLATE utf8_unicode_ci DEFAULT NULL,
  `max_order` int(11) NOT NULL,
  `min_order` int(11) NOT NULL,
  `created_at` timestamp NULL DEFAULT current_timestamp(),
  `updated_at` timestamp NULL DEFAULT current_timestamp()
) ENGINE=InnoDB DEFAULT CHARSET=utf8 COLLATE=utf8_unicode_ci;

--
-- Dumping data for table `products`
--

INSERT INTO `products` (`id`, `vendor_id`, `name`, `description`, `short_description`, `refund_policy`, `product_type`, `modal`, `is_feature`, `price`, `sku`, `stock`, `quantity`, `available_date`, `weight`, `unit_id`, `is_active`, `manufacturer_id`, `brand_id`, `tax_class_id`, `product_ordered`, `product_liked`, `slug`, `external_link`, `max_order`, `min_order`, `created_at`, `updated_at`) VALUES
(1, 2, '{\"en\":\"Modern Kraft Paper Chair\",\"ar\":\"\\u0643\\u0631\\u0633\\u064a \\u0648\\u0631\\u0642 \\u0627\\u0644\\u0643\\u0631\\u0627\\u0641\\u062a \\u0627\\u0644\\u062d\\u062f\\u064a\\u062b\"}', '{\"en\":\"<p>The wood product manufacturing subsector is part of the manufacturing sector. Industries in the Wood Product Manufacturing subsector manufacture wood products, such as lumber, plywood, veneers, wood containers, wood flooring, wood trusses, manufactured homes (i.e., mobile homes), and prefabricated wood buildings.<\\/p>\",\"ar\":\"<p>\\u064a\\u0639\\u062a\\u0628\\u0631 \\u0627\\u0644\\u0642\\u0637\\u0627\\u0639 \\u0627\\u0644\\u0641\\u0631\\u0639\\u064a \\u0644\\u062a\\u0635\\u0646\\u064a\\u0639 \\u0627\\u0644\\u0645\\u0646\\u062a\\u062c\\u0627\\u062a \\u0627\\u0644\\u062e\\u0634\\u0628\\u064a\\u0629 \\u062c\\u0632\\u0621\\u064b\\u0627 \\u0645\\u0646 \\u0642\\u0637\\u0627\\u0639 \\u0627\\u0644\\u062a\\u0635\\u0646\\u064a\\u0639. \\u062a\\u0642\\u0648\\u0645 \\u0627\\u0644\\u0635\\u0646\\u0627\\u0639\\u0627\\u062a \\u0641\\u064a \\u0627\\u0644\\u0642\\u0637\\u0627\\u0639 \\u0627\\u0644\\u0641\\u0631\\u0639\\u064a \\u0644\\u062a\\u0635\\u0646\\u064a\\u0639 \\u0627\\u0644\\u0645\\u0646\\u062a\\u062c\\u0627\\u062a \\u0627\\u0644\\u062e\\u0634\\u0628\\u064a\\u0629 \\u0628\\u062a\\u0635\\u0646\\u064a\\u0639 \\u0627\\u0644\\u0645\\u0646\\u062a\\u062c\\u0627\\u062a \\u0627\\u0644\\u062e\\u0634\\u0628\\u064a\\u0629 \\u060c \\u0645\\u062b\\u0644 \\u0627\\u0644\\u062e\\u0634\\u0628 \\u060c \\u0648\\u0627\\u0644\\u062e\\u0634\\u0628 \\u0627\\u0644\\u0631\\u0642\\u0627\\u0626\\u0642\\u064a \\u060c \\u0648\\u0627\\u0644\\u0642\\u0634\\u0631\\u0629 \\u060c \\u0648\\u0627\\u0644\\u062d\\u0627\\u0648\\u064a\\u0627\\u062a \\u0627\\u0644\\u062e\\u0634\\u0628\\u064a\\u0629 \\u060c \\u0648\\u0627\\u0644\\u0623\\u0631\\u0636\\u064a\\u0627\\u062a \\u0627\\u0644\\u062e\\u0634\\u0628\\u064a\\u0629 \\u060c \\u0648\\u062f\\u0639\\u0627\\u0645\\u0627\\u062a \\u0627\\u0644\\u062e\\u0634\\u0628 \\u060c \\u0648\\u0627\\u0644\\u0645\\u0646\\u0627\\u0632\\u0644 \\u0627\\u0644\\u0645\\u0635\\u0646\\u0639\\u0629 (\\u0645\\u062b\\u0644 \\u0627\\u0644\\u0645\\u0646\\u0627\\u0632\\u0644 \\u0627\\u0644\\u0645\\u062a\\u0646\\u0642\\u0644\\u0629) \\u060c \\u0648\\u0627\\u0644\\u0645\\u0628\\u0627\\u0646\\u064a \\u0627\\u0644\\u062e\\u0634\\u0628\\u064a\\u0629 \\u0627\\u0644\\u062c\\u0627\\u0647\\u0632\\u0629.<\\/p>\"}', '{\"en\":\"<p>The wood product manufacturing subsector is part of the manufacturing sector. Industries in the Wood Product Manufacturing subsector manufacture wood products, such as lumber, plywood, veneers, wood containers, wood flooring, wood trusses, manufactured homes (i.e., mobile homes), and prefabricated wood buildings.<\\/p>\",\"ar\":\"<p>\\u064a\\u0639\\u062a\\u0628\\u0631 \\u0627\\u0644\\u0642\\u0637\\u0627\\u0639 \\u0627\\u0644\\u0641\\u0631\\u0639\\u064a \\u0644\\u062a\\u0635\\u0646\\u064a\\u0639 \\u0627\\u0644\\u0645\\u0646\\u062a\\u062c\\u0627\\u062a \\u0627\\u0644\\u062e\\u0634\\u0628\\u064a\\u0629 \\u062c\\u0632\\u0621\\u064b\\u0627 \\u0645\\u0646 \\u0642\\u0637\\u0627\\u0639 \\u0627\\u0644\\u062a\\u0635\\u0646\\u064a\\u0639. \\u062a\\u0642\\u0648\\u0645 \\u0627\\u0644\\u0635\\u0646\\u0627\\u0639\\u0627\\u062a \\u0641\\u064a \\u0627\\u0644\\u0642\\u0637\\u0627\\u0639 \\u0627\\u0644\\u0641\\u0631\\u0639\\u064a \\u0644\\u062a\\u0635\\u0646\\u064a\\u0639 \\u0627\\u0644\\u0645\\u0646\\u062a\\u062c\\u0627\\u062a \\u0627\\u0644\\u062e\\u0634\\u0628\\u064a\\u0629 \\u0628\\u062a\\u0635\\u0646\\u064a\\u0639 \\u0627\\u0644\\u0645\\u0646\\u062a\\u062c\\u0627\\u062a \\u0627\\u0644\\u062e\\u0634\\u0628\\u064a\\u0629 \\u060c \\u0645\\u062b\\u0644 \\u0627\\u0644\\u062e\\u0634\\u0628 \\u060c \\u0648\\u0627\\u0644\\u062e\\u0634\\u0628 \\u0627\\u0644\\u0631\\u0642\\u0627\\u0626\\u0642\\u064a \\u060c \\u0648\\u0627\\u0644\\u0642\\u0634\\u0631\\u0629 \\u060c \\u0648\\u0627\\u0644\\u062d\\u0627\\u0648\\u064a\\u0627\\u062a \\u0627\\u0644\\u062e\\u0634\\u0628\\u064a\\u0629 \\u060c \\u0648\\u0627\\u0644\\u0623\\u0631\\u0636\\u064a\\u0627\\u062a \\u0627\\u0644\\u062e\\u0634\\u0628\\u064a\\u0629 \\u060c \\u0648\\u062f\\u0639\\u0627\\u0645\\u0627\\u062a \\u0627\\u0644\\u062e\\u0634\\u0628 \\u060c \\u0648\\u0627\\u0644\\u0645\\u0646\\u0627\\u0632\\u0644 \\u0627\\u0644\\u0645\\u0635\\u0646\\u0639\\u0629 (\\u0645\\u062b\\u0644 \\u0627\\u0644\\u0645\\u0646\\u0627\\u0632\\u0644 \\u0627\\u0644\\u0645\\u062a\\u0646\\u0642\\u0644\\u0629) \\u060c \\u0648\\u0627\\u0644\\u0645\\u0628\\u0627\\u0646\\u064a \\u0627\\u0644\\u062e\\u0634\\u0628\\u064a\\u0629 \\u0627\\u0644\\u062c\\u0627\\u0647\\u0632\\u0629.<\\/p>\"}', '{\"en\":\"<p>The wood product manufacturing subsector is part of the manufacturing sector. Industries in the Wood Product Manufacturing subsector manufacture wood products, such as lumber, plywood, veneers, wood containers, wood flooring, wood trusses, manufactured homes (i.e., mobile homes), and prefabricated wood buildings.<\\/p>\",\"ar\":\"<p>\\u064a\\u0639\\u062a\\u0628\\u0631 \\u0627\\u0644\\u0642\\u0637\\u0627\\u0639 \\u0627\\u0644\\u0641\\u0631\\u0639\\u064a \\u0644\\u062a\\u0635\\u0646\\u064a\\u0639 \\u0627\\u0644\\u0645\\u0646\\u062a\\u062c\\u0627\\u062a \\u0627\\u0644\\u062e\\u0634\\u0628\\u064a\\u0629 \\u062c\\u0632\\u0621\\u064b\\u0627 \\u0645\\u0646 \\u0642\\u0637\\u0627\\u0639 \\u0627\\u0644\\u062a\\u0635\\u0646\\u064a\\u0639. \\u062a\\u0642\\u0648\\u0645 \\u0627\\u0644\\u0635\\u0646\\u0627\\u0639\\u0627\\u062a \\u0641\\u064a \\u0627\\u0644\\u0642\\u0637\\u0627\\u0639 \\u0627\\u0644\\u0641\\u0631\\u0639\\u064a \\u0644\\u062a\\u0635\\u0646\\u064a\\u0639 \\u0627\\u0644\\u0645\\u0646\\u062a\\u062c\\u0627\\u062a \\u0627\\u0644\\u062e\\u0634\\u0628\\u064a\\u0629 \\u0628\\u062a\\u0635\\u0646\\u064a\\u0639 \\u0627\\u0644\\u0645\\u0646\\u062a\\u062c\\u0627\\u062a \\u0627\\u0644\\u062e\\u0634\\u0628\\u064a\\u0629 \\u060c \\u0645\\u062b\\u0644 \\u0627\\u0644\\u062e\\u0634\\u0628 \\u060c \\u0648\\u0627\\u0644\\u062e\\u0634\\u0628 \\u0627\\u0644\\u0631\\u0642\\u0627\\u0626\\u0642\\u064a \\u060c \\u0648\\u0627\\u0644\\u0642\\u0634\\u0631\\u0629 \\u060c \\u0648\\u0627\\u0644\\u062d\\u0627\\u0648\\u064a\\u0627\\u062a \\u0627\\u0644\\u062e\\u0634\\u0628\\u064a\\u0629 \\u060c \\u0648\\u0627\\u0644\\u0623\\u0631\\u0636\\u064a\\u0627\\u062a \\u0627\\u0644\\u062e\\u0634\\u0628\\u064a\\u0629 \\u060c \\u0648\\u062f\\u0639\\u0627\\u0645\\u0627\\u062a \\u0627\\u0644\\u062e\\u0634\\u0628 \\u060c \\u0648\\u0627\\u0644\\u0645\\u0646\\u0627\\u0632\\u0644 \\u0627\\u0644\\u0645\\u0635\\u0646\\u0639\\u0629 (\\u0645\\u062b\\u0644 \\u0627\\u0644\\u0645\\u0646\\u0627\\u0632\\u0644 \\u0627\\u0644\\u0645\\u062a\\u0646\\u0642\\u0644\\u0629) \\u060c \\u0648\\u0627\\u0644\\u0645\\u0628\\u0627\\u0646\\u064a \\u0627\\u0644\\u062e\\u0634\\u0628\\u064a\\u0629 \\u0627\\u0644\\u062c\\u0627\\u0647\\u0632\\u0629.<\\/p>\"}', 1, '2020', 1, 150.000000, '102', 95, 0, '2021-07-09T06:04:00.000Z', '5', 2, 1, 2, 27, 3, 0, 0, 'modern-kraft-paper-chair-102', NULL, 5, 1, '2021-07-08 09:08:41', '2021-07-10 22:15:01'),
(2, 2, '{\"en\":\"Home Computer Chair Sofa\",\"ar\":\"\\u0643\\u0631\\u0633\\u064a \\u0627\\u0644\\u0643\\u0645\\u0628\\u064a\\u0648\\u062a\\u0631 \\u0627\\u0644\\u0645\\u0646\\u0632\\u0644\\u064a \\u0623\\u0631\\u064a\\u0643\\u0629\"}', '{\"ar\":\"<p>\\u0643\\u0631\\u0633\\u064a \\u0627\\u0644\\u0643\\u0645\\u0628\\u064a\\u0648\\u062a\\u0631 \\u0627\\u0644\\u0645\\u0646\\u0632\\u0644\\u064a \\u0623\\u0631\\u064a\\u0643\\u0629<\\/p>\",\"en\":\"<p>Home Computer Chair Sofa<\\/p>\"}', '{\"ar\":\"<p>\\u0643\\u0631\\u0633\\u064a \\u0627\\u0644\\u0643\\u0645\\u0628\\u064a\\u0648\\u062a\\u0631 \\u0627\\u0644\\u0645\\u0646\\u0632\\u0644\\u064a \\u0623\\u0631\\u064a\\u0643\\u0629<\\/p>\",\"en\":\"<p>Home Computer Chair Sofa<\\/p>\"}', '{\"ar\":\"<p>\\u0643\\u0631\\u0633\\u064a \\u0627\\u0644\\u0643\\u0645\\u0628\\u064a\\u0648\\u062a\\u0631 \\u0627\\u0644\\u0645\\u0646\\u0632\\u0644\\u064a \\u0623\\u0631\\u064a\\u0643\\u0629<\\/p>\",\"en\":\"<p>Home Computer Chair Sofa<\\/p>\"}', 1, '2021', 0, 15000.000000, '103', 103, 0, '2021-07-09T06:34:00.000Z', '20', 2, 1, 2, 27, 3, 0, 0, 'home-computer-chair-sofa-103', NULL, 1, 1, '2021-07-08 09:36:15', '2021-07-08 09:36:15'),
(3, 3, '{\"en\":\"Summer printed women shirt\"}', '{\"en\":\"<p>Lorem Ipsum is simply dummy text of the printing and typesetting industry. Lorem Ipsum has been the industry\'s standard dummy text ever since the 1500s, when an unknown printer took a galley o Lorem Ipsum is simply dummy text of the printing and typesetting industry. Lorem Ipsum has been the industry\'s standard dummy text ever since the 1500s, when an unknown printer took a galley o<\\/p>\",\"ar\":\"<p>Lorem Ipsum is simply dummy text of the printing and typesetting industry. Lorem Ipsum has been the industry\'s standard dummy text ever since the 1500s, when an unknown printer took a galley o Lorem Ipsum is simply dummy text of the printing and typesetting industry. Lorem Ipsum has been the industry\'s standard dummy text ever since the 1500s, when an unknown printer took a galley o<\\/p>\"}', '{\"en\":\"<p>Lorem Ipsum is simply dummy text of the printing and typesetting industry. Lorem Ipsum has been the industry\'s standard dummy text ever since the 1500s, when an unknown printer took a galley o Lorem Ipsum is simply dummy text of the printing and typesetting industry. Lorem Ipsum has been the industry\'s standard dummy text ever since the 1500s, when an unknown printer took a galley o<\\/p>\",\"ar\":\"<p>Lorem Ipsum is simply dummy text of the printing and typesetting industry. Lorem Ipsum has been the industry\'s standard dummy text ever since the 1500s, when an unknown printer took a galley o Lorem Ipsum is simply dummy text of the printing and typesetting industry. Lorem Ipsum has been the industry\'s standard dummy text ever since the 1500s, when an unknown printer took a galley o<\\/p>\"}', '{\"en\":\"<p>Lorem Ipsum is simply dummy text of the printing and typesetting industry. Lorem Ipsum has been the industry\'s standard dummy text ever since the 1500s, when an unknown printer took a galley o Lorem Ipsum is simply dummy text of the printing and typesetting industry. Lorem Ipsum has been the industry\'s standard dummy text ever since the 1500s, when an unknown printer took a galley o<\\/p>\",\"ar\":\"<p>Lorem Ipsum is simply dummy text of the printing and typesetting industry. Lorem Ipsum has been the industry\'s standard dummy text ever since the 1500s, when an unknown printer took a galley o Lorem Ipsum is simply dummy text of the printing and typesetting industry. Lorem Ipsum has been the industry\'s standard dummy text ever since the 1500s, when an unknown printer took a galley o<\\/p>\"}', 1, 'fabric', 1, 150.000000, '1000200NF', 198996, 0, '2021-07-08T06:44:00.000Z', '110', 9, 1, 3, 28, 3, 0, 0, 'summer-printed-women-shirt-1000200nf', NULL, 5, 1, '2021-07-08 09:45:14', '2021-07-09 16:36:33'),
(4, 2, '{\"en\":\"Nordic Restaurant Chairs\",\"ar\":\"\\u0643\\u0631\\u0627\\u0633\\u064a \\u0645\\u0637\\u0639\\u0645 \\u0627\\u0644\\u0634\\u0645\\u0627\\u0644\"}', '{\"en\":\"<p>Nordic Restaurant Chairs<\\/p>\",\"ar\":\"<p>\\u0643\\u0631\\u0627\\u0633\\u064a \\u0645\\u0637\\u0639\\u0645 \\u0627\\u0644\\u0634\\u0645\\u0627\\u0644<\\/p>\"}', '{\"en\":\"<p>Nordic Restaurant Chairs<\\/p>\",\"ar\":\"<p>\\u0643\\u0631\\u0627\\u0633\\u064a \\u0645\\u0637\\u0639\\u0645 \\u0627\\u0644\\u0634\\u0645\\u0627\\u0644<\\/p>\"}', '{\"en\":\"<p>Nordic Restaurant Chairs<\\/p>\",\"ar\":\"<p>\\u0643\\u0631\\u0627\\u0633\\u064a \\u0645\\u0637\\u0639\\u0645 \\u0627\\u0644\\u0634\\u0645\\u0627\\u0644<\\/p>\"}', 1, '2021', 0, 120.000000, '104', 104, 0, '2021-07-08T06:47:00.000Z', '10', 2, 1, 2, 27, 3, 0, 0, 'nordic-restaurant-chairs-104', NULL, 12, 1, '2021-07-08 09:50:06', '2021-07-08 12:49:03'),
(5, 3, '{\"en\":\"Women casual summer top\",\"ar\":\"\\u0627\\u0644\\u0645\\u0631\\u0623\\u0629 \\u0627\\u0644\\u0635\\u064a\\u0641 \\u0639\\u0627\\u0631\\u0636\\u0629 \\u0623\\u0639\\u0644\\u0649\"}', '{\"en\":\"<p>women fashion&nbsp;<\\/p>\",\"ar\":\"<p>\\u0627\\u0644\\u0645\\u0631\\u0623\\u0629 \\u0627\\u0644\\u0635\\u064a\\u0641 \\u0639\\u0627\\u0631\\u0636\\u0629 \\u0623\\u0639\\u0644\\u0649<\\/p>\"}', '{\"en\":\"<p>women fashion<\\/p>\",\"ar\":\"<p>\\u0627\\u0644\\u0645\\u0631\\u0623\\u0629 \\u0627\\u0644\\u0635\\u064a\\u0641 \\u0639\\u0627\\u0631\\u0636\\u0629 \\u0623\\u0639\\u0644\\u0649<\\/p>\"}', '{\"en\":\"<p>women fashion<\\/p>\",\"ar\":\"<p>\\u0627\\u0644\\u0645\\u0631\\u0623\\u0629 \\u0627\\u0644\\u0635\\u064a\\u0641 \\u0639\\u0627\\u0631\\u0636\\u0629 \\u0623\\u0639\\u0644\\u0649<\\/p>\"}', 1, '1.1', 0, 2300.000000, '10002200NF', 1000200, 0, '2021-07-09T06:52:00.000Z', '1.33', 2, 0, 3, 28, 3, 0, 0, 'women-casual-summer-top-10002200nf', NULL, 5, 1, '2021-07-08 09:57:37', '2021-07-09 09:25:31'),
(6, 3, '{\"en\":\"Women Jersey Full T-shirt\",\"ar\":\"\\u0642\\u0645\\u064a\\u0635 \\u0646\\u0633\\u0627\\u0626\\u064a \\u0643\\u0627\\u0645\\u0644 \\u0645\\u0646 \\u0627\\u0644\\u062c\\u064a\\u0631\\u0633\\u064a\\u0647\"}', '{\"en\":\"<p>Lorem Ipsum is simply dummy text of the printing and typesetting industry. Lorem Ipsum has been the industry\'s standard dummy text ever since the 1500s, when an unknown printer took a galley o Lorem Ipsum is simply dummy text of the printing and typesetting industry. Lorem Ipsum has been the industry\'s standard dummy text ever since the 1500s, when an unknown printer took a galley o<\\/p>\",\"ar\":\"<p>Lorem Ipsum is simply dummy text of the printing and typesetting industry. Lorem Ipsum has been the industry\'s standard dummy text ever since the 1500s, when an unknown printer took a galley o Lorem Ipsum is simply dummy text of the printing and typesetting industry. Lorem Ipsum has been the industry\'s standard dummy text ever since the 1500s, when an unknown printer took a galley o<\\/p>\"}', '{\"en\":\"<p>Lorem Ipsum is simply dummy text of the printing and typesetting industry. Lorem Ipsum has been the industry\'s standard dummy text ever since the 1500s, when an unknown printer took a galley o Lorem Ipsum is simply dummy text of the printing and typesetting industry. Lorem Ipsum has been the industry\'s standard dummy text ever since the 1500s, when an unknown printer took a galley o<\\/p>\",\"ar\":\"<p>Lorem Ipsum is simply dummy text of the printing and typesetting industry. Lorem Ipsum has been the industry\'s standard dummy text ever since the 1500s, when an unknown printer took a galley o Lorem Ipsum is simply dummy text of the printing and typesetting industry. Lorem Ipsum has been the industry\'s standard dummy text ever since the 1500s, when an unknown printer took a galley o<\\/p>\"}', '{\"en\":\"<p>Lorem Ipsum is simply dummy text of the printing and typesetting industry. Lorem Ipsum has been the industry\'s standard dummy text ever since the 1500s, when an unknown printer took a galley o Lorem Ipsum is simply dummy text of the printing and typesetting industry. Lorem Ipsum has been the industry\'s standard dummy text ever since the 1500s, when an unknown printer took a galley o<\\/p>\",\"ar\":\"<p>Lorem Ipsum is simply dummy text of the printing and typesetting industry. Lorem Ipsum has been the industry\'s standard dummy text ever since the 1500s, when an unknown printer took a galley o Lorem Ipsum is simply dummy text of the printing and typesetting industry. Lorem Ipsum has been the industry\'s standard dummy text ever since the 1500s, when an unknown printer took a galley o<\\/p>\"}', 1, '1.3', 0, 1200.000000, '1000203NF', 1000203, 0, '2021-07-08T07:00:00.000Z', '1.1', 2, 1, 3, 28, 3, 0, 0, 'women-jersey-full-t-shirt-1000203nf', NULL, 5, 1, '2021-07-08 10:04:31', '2021-07-10 23:32:53'),
(7, 2, '{\"en\":\"Outdoor Egg Swings\",\"ar\":\"\\u064a\\u062a\\u0623\\u0631\\u062c\\u062d \\u0627\\u0644\\u0628\\u064a\\u0636 \\u0641\\u064a \\u0627\\u0644\\u0647\\u0648\\u0627\\u0621 \\u0627\\u0644\\u0637\\u0644\\u0642\"}', '{\"ar\":\"<p>\\u064a\\u062a\\u0623\\u0631\\u062c\\u062d \\u0627\\u0644\\u0628\\u064a\\u0636 \\u0641\\u064a \\u0627\\u0644\\u0647\\u0648\\u0627\\u0621 \\u0627\\u0644\\u0637\\u0644\\u0642<\\/p>\",\"en\":\"<p>Outdoor Egg Swings<\\/p>\"}', '{\"en\":\"<p>Outdoor Egg Swings<\\/p>\",\"ar\":\"<p>\\u064a\\u062a\\u0623\\u0631\\u062c\\u062d \\u0627\\u0644\\u0628\\u064a\\u0636 \\u0641\\u064a \\u0627\\u0644\\u0647\\u0648\\u0627\\u0621 \\u0627\\u0644\\u0637\\u0644\\u0642<\\/p>\"}', '{\"ar\":\"<p>\\u064a\\u062a\\u0623\\u0631\\u062c\\u062d \\u0627\\u0644\\u0628\\u064a\\u0636 \\u0641\\u064a \\u0627\\u0644\\u0647\\u0648\\u0627\\u0621 \\u0627\\u0644\\u0637\\u0644\\u0642<\\/p>\",\"en\":\"<p>Outdoor Egg Swings<\\/p>\"}', 1, '2019', 0, 90.000000, '105', 105, 0, '2021-07-08T07:05:00.000Z', '35', 2, 1, 2, 27, 3, 0, 0, 'outdoor-egg-swings-105', NULL, 3, 1, '2021-07-08 10:07:19', '2021-07-08 12:50:55'),
(8, 3, '{\"en\":\"Women Pattern Cotton Shirt\",\"ar\":\"\\u0642\\u0645\\u064a\\u0635 \\u0642\\u0637\\u0646\\u064a \\u0628\\u0646\\u0645\\u0637 \\u0646\\u0633\\u0627\\u0626\\u064a\"}', '{\"en\":\"<p>Lorem Ipsum is simply dummy text of the printing and typesetting industry. Lorem Ipsum has been the industry\'s standard dummy text ever since the 1500s, when an unknown printer took a galley o Lorem Ipsum is simply dummy text of the printing and typesetting industry. Lorem Ipsum has been the industry\'s standard dummy text ever since the 1500s, when an unknown printer took a galley o<\\/p>\",\"ar\":\"<p>Lorem Ipsum is simply dummy text of the printing and typesetting industry. Lorem Ipsum has been the industry\'s standard dummy text ever since the 1500s, when an unknown printer took a galley o Lorem Ipsum is simply dummy text of the printing and typesetting industry. Lorem Ipsum has been the industry\'s standard dummy text ever since the 1500s, when an unknown printer took a galley o<\\/p>\"}', '{\"en\":\"<p>Lorem Ipsum is simply dummy text of the printing and typesetting industry. Lorem Ipsum has been the industry\'s standard dummy text ever since the 1500s, when an unknown printer took a galley o Lorem Ipsum is simply dummy text of the printing and typesetting industry. Lorem Ipsum has been the industry\'s standard dummy text ever since the 1500s, when an unknown printer took a galley o<\\/p>\",\"ar\":\"<p>Lorem Ipsum is simply dummy text of the printing and typesetting industry. Lorem Ipsum has been the industry\'s standard dummy text ever since the 1500s, when an unknown printer took a galley o Lorem Ipsum is simply dummy text of the printing and typesetting industry. Lorem Ipsum has been the industry\'s standard dummy text ever since the 1500s, when an unknown printer took a galley o<\\/p>\"}', '{\"en\":\"<p>Lorem Ipsum is simply dummy text of the printing and typesetting industry. Lorem Ipsum has been the industry\'s standard dummy text ever since the 1500s, when an unknown printer took a galley o Lorem Ipsum is simply dummy text of the printing and typesetting industry. Lorem Ipsum has been the industry\'s standard dummy text ever since the 1500s, when an unknown printer took a galley o<\\/p>\",\"ar\":\"<p>Lorem Ipsum is simply dummy text of the printing and typesetting industry. Lorem Ipsum has been the industry\'s standard dummy text ever since the 1500s, when an unknown printer took a galley o Lorem Ipsum is simply dummy text of the printing and typesetting industry. Lorem Ipsum has been the industry\'s standard dummy text ever since the 1500s, when an unknown printer took a galley o<\\/p>\"}', 1, '1.8', 1, 500.000000, '1000204NF', 1000205, 0, '2021-07-08T07:12:00.000Z', '.22', 2, 1, 3, 28, 3, 0, 0, 'women-pattern-cotton-shirt-1000204nf', NULL, 5, 1, '2021-07-08 10:11:57', '2021-07-10 23:31:43'),
(9, 4, '{\"en\":\"Curved 75Hz Monitor\",\"ar\":\"\\u0634\\u0627\\u0634\\u0629 \\u0645\\u0646\\u062d\\u0646\\u064a\\u0629 75 \\u0647\\u0631\\u062a\\u0632\"}', '{\"en\":\"<p>24 inch Curved 75Hz Monitor<\\/p>\",\"ar\":\"<p>\\u0634\\u0627\\u0634\\u0629 \\u0645\\u0646\\u062d\\u0646\\u064a\\u0629 \\u0645\\u0642\\u0627\\u0633 24 \\u0628\\u0648\\u0635\\u0629 75 \\u0647\\u0631\\u062a\\u0632<\\/p>\"}', '{\"en\":\"<p>24 inch Curved 75Hz Monitor<\\/p>\",\"ar\":\"<p>\\u0634\\u0627\\u0634\\u0629 \\u0645\\u0646\\u062d\\u0646\\u064a\\u0629 \\u0645\\u0642\\u0627\\u0633 24 \\u0628\\u0648\\u0635\\u0629 75 \\u0647\\u0631\\u062a\\u0632<\\/p>\"}', '{\"en\":\"<p>24 inch Curved 75Hz Monitor<\\/p>\",\"ar\":\"<p>\\u0634\\u0627\\u0634\\u0629 \\u0645\\u0646\\u062d\\u0646\\u064a\\u0629 \\u0645\\u0642\\u0627\\u0633 24 \\u0628\\u0648\\u0635\\u0629 75 \\u0647\\u0631\\u062a\\u0632<\\/p>\"}', 1, '2021', 0, 75800.000000, '107', 104, 0, '2021-07-08T07:33:00.000Z', '35', 2, 0, 4, 29, 3, 0, 0, 'curved-75hz-monitor-107', NULL, 5, 1, '2021-07-08 10:35:03', '2021-07-09 09:03:05'),
(10, 3, '{\"en\":\"Fashion Bright Silk Top\",\"ar\":\"\\u0623\\u0632\\u064a\\u0627\\u0621 \\u0627\\u0644\\u062d\\u0631\\u064a\\u0631 \\u0627\\u0644\\u0633\\u0627\\u0637\\u0639 \\u0627\\u0644\\u0623\\u0639\\u0644\\u0649\"}', '{\"ar\":\"<p>\\u0644\\u0648\\u0631\\u064a\\u0645 \\u0625\\u064a\\u0628\\u0633\\u0648\\u0645 \\u0647\\u0648 \\u0628\\u0628\\u0633\\u0627\\u0637\\u0629 \\u0646\\u0635 \\u0634\\u0643\\u0644\\u064a \\u064a\\u0633\\u062a\\u062e\\u062f\\u0645 \\u0641\\u064a \\u0635\\u0646\\u0627\\u0639\\u0629 \\u0627\\u0644\\u0637\\u0628\\u0627\\u0639\\u0629 \\u0648\\u0627\\u0644\\u062a\\u0646\\u0636\\u064a\\u062f. \\u0643\\u0627\\u0646 \\u0644\\u0648\\u0631\\u064a\\u0645 \\u0625\\u064a\\u0628\\u0633\\u0648\\u0645 \\u0647\\u0648 \\u0627\\u0644\\u0646\\u0635 \\u0627\\u0644\\u0648\\u0647\\u0645\\u064a \\u0627\\u0644\\u0642\\u064a\\u0627\\u0633\\u064a \\u0641\\u064a \\u0627\\u0644\\u0635\\u0646\\u0627\\u0639\\u0629 \\u0645\\u0646\\u0630 \\u0627\\u0644\\u0642\\u0631\\u0646 \\u0627\\u0644\\u062e\\u0627\\u0645\\u0633 \\u0639\\u0634\\u0631 \\u0627\\u0644\\u0645\\u064a\\u0644\\u0627\\u062f\\u064a \\u060c \\u0639\\u0646\\u062f\\u0645\\u0627 \\u0623\\u062e\\u0630\\u062a \\u0637\\u0627\\u0628\\u0639\\u0629 \\u063a\\u064a\\u0631 \\u0645\\u0639\\u0631\\u0648\\u0641\\u0629 \\u0644\\u0648\\u062d\\u064b\\u0627 \\u060c \\u0623\\u0648 \\u0644\\u0648\\u0631\\u064a\\u0645 \\u0625\\u064a\\u0628\\u0633\\u0648\\u0645 \\u0647\\u0648 \\u0645\\u062c\\u0631\\u062f \\u0646\\u0635 \\u0648\\u0647\\u0645\\u064a \\u0644\\u0635\\u0646\\u0627\\u0639\\u0629 \\u0627\\u0644\\u0637\\u0628\\u0627\\u0639\\u0629 \\u0648\\u0627\\u0644\\u062a\\u0646\\u0636\\u064a\\u062f. \\u0643\\u0627\\u0646 Lorem Ipsum \\u0647\\u0648<\\/p>\",\"en\":\"<p>Lorem Ipsum is simply dummy text of the printing and typesetting industry. Lorem Ipsum has been the industry\'s standard dummy text ever since the 1500s, when an unknown printer took a galley o Lorem Ipsum is simply dummy text of the printing and typesetting industry. Lorem Ipsum has been the industry\'s standard dummy text ever since the 1500s, when an unknown printer took a galley o<\\/p>\"}', '{\"ar\":\"<p>\\u0644\\u0648\\u0631\\u064a\\u0645 \\u0625\\u064a\\u0628\\u0633\\u0648\\u0645 \\u0647\\u0648 \\u0628\\u0628\\u0633\\u0627\\u0637\\u0629 \\u0646\\u0635 \\u0634\\u0643\\u0644\\u064a \\u064a\\u0633\\u062a\\u062e\\u062f\\u0645 \\u0641\\u064a \\u0635\\u0646\\u0627\\u0639\\u0629 \\u0627\\u0644\\u0637\\u0628\\u0627\\u0639\\u0629 \\u0648\\u0627\\u0644\\u062a\\u0646\\u0636\\u064a\\u062f. \\u0643\\u0627\\u0646 \\u0644\\u0648\\u0631\\u064a\\u0645 \\u0625\\u064a\\u0628\\u0633\\u0648\\u0645 \\u0647\\u0648 \\u0627\\u0644\\u0646\\u0635 \\u0627\\u0644\\u0648\\u0647\\u0645\\u064a \\u0627\\u0644\\u0642\\u064a\\u0627\\u0633\\u064a \\u0641\\u064a \\u0627\\u0644\\u0635\\u0646\\u0627\\u0639\\u0629 \\u0645\\u0646\\u0630 \\u0627\\u0644\\u0642\\u0631\\u0646 \\u0627\\u0644\\u062e\\u0627\\u0645\\u0633 \\u0639\\u0634\\u0631 \\u0627\\u0644\\u0645\\u064a\\u0644\\u0627\\u062f\\u064a \\u060c \\u0639\\u0646\\u062f\\u0645\\u0627 \\u0623\\u062e\\u0630\\u062a \\u0637\\u0627\\u0628\\u0639\\u0629 \\u063a\\u064a\\u0631 \\u0645\\u0639\\u0631\\u0648\\u0641\\u0629 \\u0644\\u0648\\u062d\\u064b\\u0627 \\u060c \\u0623\\u0648 \\u0644\\u0648\\u0631\\u064a\\u0645 \\u0625\\u064a\\u0628\\u0633\\u0648\\u0645 \\u0647\\u0648 \\u0645\\u062c\\u0631\\u062f \\u0646\\u0635 \\u0648\\u0647\\u0645\\u064a \\u0644\\u0635\\u0646\\u0627\\u0639\\u0629 \\u0627\\u0644\\u0637\\u0628\\u0627\\u0639\\u0629 \\u0648\\u0627\\u0644\\u062a\\u0646\\u0636\\u064a\\u062f. \\u0643\\u0627\\u0646 Lorem Ipsum \\u0647\\u0648<\\/p>\",\"en\":\"<p>Lorem Ipsum is simply dummy text of the printing and typesetting industry. Lorem Ipsum has been the industry\'s standard dummy text ever since the 1500s, when an unknown printer took a galley o Lorem Ipsum is simply dummy text of the printing and typesetting industry. Lorem Ipsum has been the industry\'s standard dummy text ever since the 1500s, when an unknown printer took a galley o<\\/p>\"}', '{\"ar\":\"<p>\\u0644\\u0648\\u0631\\u064a\\u0645 \\u0625\\u064a\\u0628\\u0633\\u0648\\u0645 \\u0647\\u0648 \\u0628\\u0628\\u0633\\u0627\\u0637\\u0629 \\u0646\\u0635 \\u0634\\u0643\\u0644\\u064a \\u064a\\u0633\\u062a\\u062e\\u062f\\u0645 \\u0641\\u064a \\u0635\\u0646\\u0627\\u0639\\u0629 \\u0627\\u0644\\u0637\\u0628\\u0627\\u0639\\u0629 \\u0648\\u0627\\u0644\\u062a\\u0646\\u0636\\u064a\\u062f. \\u0643\\u0627\\u0646 \\u0644\\u0648\\u0631\\u064a\\u0645 \\u0625\\u064a\\u0628\\u0633\\u0648\\u0645 \\u0647\\u0648 \\u0627\\u0644\\u0646\\u0635 \\u0627\\u0644\\u0648\\u0647\\u0645\\u064a \\u0627\\u0644\\u0642\\u064a\\u0627\\u0633\\u064a \\u0641\\u064a \\u0627\\u0644\\u0635\\u0646\\u0627\\u0639\\u0629 \\u0645\\u0646\\u0630 \\u0627\\u0644\\u0642\\u0631\\u0646 \\u0627\\u0644\\u062e\\u0627\\u0645\\u0633 \\u0639\\u0634\\u0631 \\u0627\\u0644\\u0645\\u064a\\u0644\\u0627\\u062f\\u064a \\u060c \\u0639\\u0646\\u062f\\u0645\\u0627 \\u0623\\u062e\\u0630\\u062a \\u0637\\u0627\\u0628\\u0639\\u0629 \\u063a\\u064a\\u0631 \\u0645\\u0639\\u0631\\u0648\\u0641\\u0629 \\u0644\\u0648\\u062d\\u064b\\u0627 \\u060c \\u0623\\u0648 \\u0644\\u0648\\u0631\\u064a\\u0645 \\u0625\\u064a\\u0628\\u0633\\u0648\\u0645 \\u0647\\u0648 \\u0645\\u062c\\u0631\\u062f \\u0646\\u0635 \\u0648\\u0647\\u0645\\u064a \\u0644\\u0635\\u0646\\u0627\\u0639\\u0629 \\u0627\\u0644\\u0637\\u0628\\u0627\\u0639\\u0629 \\u0648\\u0627\\u0644\\u062a\\u0646\\u0636\\u064a\\u062f. \\u0643\\u0627\\u0646 Lorem Ipsum \\u0647\\u0648<\\/p>\",\"en\":\"<p>Lorem Ipsum is simply dummy text of the printing and typesetting industry. Lorem Ipsum has been the industry\'s standard dummy text ever since the 1500s, when an unknown printer took a galley o Lorem Ipsum is simply dummy text of the printing and typesetting industry. Lorem Ipsum has been the industry\'s standard dummy text ever since the 1500s, when an unknown printer took a galley o<\\/p>\"}', 1, '2.3', 0, 95.000000, '20001999NF', 94, 0, '2021-07-08T07:33:00.000Z', '.500', 2, 1, 3, 28, 3, 0, 0, 'fashion-bright-silk-top-20001999nf', NULL, 2, 1, '2021-07-08 10:35:49', '2021-07-10 22:15:00'),
(11, 3, '{\"en\":\"Gold Plated bangle\",\"ar\":\"\\u0633\\u0648\\u0627\\u0631 \\u0645\\u0637\\u0644\\u064a \\u0628\\u0627\\u0644\\u0630\\u0647\\u0628\"}', '{\"en\":\"<p>Lorem Ipsum is simply dummy text of the printing and typesetting industry. Lorem Ipsum has been the industry\'s standard dummy text ever since the 1500s, when an unknown&nbsp;<\\/p>\",\"ar\":\"<p>\\u0643\\u0631\\u0633\\u064a \\u0635\\u0627\\u0644\\u0629 \\u0643\\u0644\\u0627\\u0633\\u064a\\u0643\\u064a<\\/p>\"}', '{\"en\":\"<p>Lorem Ipsum is simply dummy text of the printing and typesetting industry. Lorem Ipsum has been the industry\'s standard dummy text ever since the 1500s, when an unknown&nbsp;<\\/p>\",\"ar\":\"<p>\\u0643\\u0631\\u0633\\u064a \\u0635\\u0627\\u0644\\u0629 \\u0643\\u0644\\u0627\\u0633\\u064a\\u0643\\u064a<\\/p>\"}', '{\"en\":\"<p>Lorem Ipsum is simply dummy text of the printing and typesetting industry. Lorem Ipsum has been the industry\'s standard dummy text ever since the 1500s, when an unknown&nbsp;<\\/p>\",\"ar\":\"<p>\\u0643\\u0631\\u0633\\u064a \\u0635\\u0627\\u0644\\u0629 \\u0643\\u0644\\u0627\\u0633\\u064a\\u0643\\u064a<\\/p>\"}', 1, '100092', 0, 150.000000, '10002009F', 1986, 0, '2021-07-08T07:39:00.000Z', '3', 2, 1, 3, 27, 3, 0, 0, 'gold-plated-bangle-10002009f', NULL, 5, 1, '2021-07-08 10:40:42', '2021-07-10 20:57:49'),
(12, 4, '{\"en\":\"Galay S21+Ultra Smartphone\",\"ar\":\"\\u0647\\u0627\\u062a\\u0641 Galaxy S21 + Ultra \\u0627\\u0644\\u0630\\u0643\\u064a\"}', '{\"en\":\"<p>Galay S21+Ultra Smartphone,Lorem Ipsum is simply dummy text of the printing and typesetting industry. Lorem Ipsum has been the industry\'s standard dummy text ever since the 1500s, when an unknown printer took a galley o Lorem Ipsum is simply dummy text of the printing and typesetting industry. Lorem Ipsum has been the industry\'s standard dummy text ever since the 1500s, when an unknown printer took a galley&nbsp;<\\/p>\",\"ar\":\"<p>\\u0647\\u0627\\u062a\\u0641 Galaxy S21 + Ultra ,\\u0644\\u0648\\u0631\\u064a\\u0645 \\u0625\\u064a\\u0628\\u0633\\u0648\\u0645 \\u0647\\u0648 \\u0628\\u0628\\u0633\\u0627\\u0637\\u0629 \\u0646\\u0635 \\u0634\\u0643\\u0644\\u064a \\u064a\\u0633\\u062a\\u062e\\u062f\\u0645 \\u0641\\u064a \\u0635\\u0646\\u0627\\u0639\\u0629 \\u0627\\u0644\\u0637\\u0628\\u0627\\u0639\\u0629 \\u0648\\u0627\\u0644\\u062a\\u0646\\u0636\\u064a\\u062f. \\u0643\\u0627\\u0646 \\u0644\\u0648\\u0631\\u064a\\u0645 \\u0625\\u064a\\u0628\\u0633\\u0648\\u0645 \\u0647\\u0648 \\u0627\\u0644\\u0646\\u0635 \\u0627\\u0644\\u0648\\u0647\\u0645\\u064a \\u0627\\u0644\\u0642\\u064a\\u0627\\u0633\\u064a \\u0641\\u064a \\u0627\\u0644\\u0635\\u0646\\u0627\\u0639\\u0629 \\u0645\\u0646\\u0630 \\u0627\\u0644\\u0642\\u0631\\u0646 \\u0627\\u0644\\u062e\\u0627\\u0645\\u0633 \\u0639\\u0634\\u0631 \\u0627\\u0644\\u0645\\u064a\\u0644\\u0627\\u062f\\u064a \\u060c \\u0639\\u0646\\u062f\\u0645\\u0627 \\u0623\\u062e\\u0630\\u062a \\u0637\\u0627\\u0628\\u0639\\u0629 \\u063a\\u064a\\u0631 \\u0645\\u0639\\u0631\\u0648\\u0641\\u0629 \\u0644\\u0648\\u062d\\u064b\\u0627 \\u060c \\u0623\\u0648 \\u0644\\u0648\\u0631\\u064a\\u0645 \\u0625\\u064a\\u0628\\u0633\\u0648\\u0645 \\u0647\\u0648 \\u0628\\u0628\\u0633\\u0627\\u0637\\u0629 \\u0646\\u0635 \\u0634\\u0643\\u0644\\u064a \\u0641\\u064a \\u0635\\u0646\\u0627\\u0639\\u0629 \\u0627\\u0644\\u0637\\u0628\\u0627\\u0639\\u0629 \\u0648\\u0627\\u0644\\u062a\\u0646\\u0636\\u064a\\u062f. \\u0643\\u0627\\u0646 Lorem Ipsum \\u0647\\u0648 \\u0627\\u0644\\u0646\\u0635 \\u0627\\u0644\\u0648\\u0647\\u0645\\u064a \\u0627\\u0644\\u0642\\u064a\\u0627\\u0633\\u064a \\u0641\\u064a \\u0627\\u0644\\u0635\\u0646\\u0627\\u0639\\u0629 \\u0645\\u0646\\u0630 \\u0627\\u0644\\u0642\\u0631\\u0646 \\u0627\\u0644\\u062e\\u0627\\u0645\\u0633 \\u0639\\u0634\\u0631 \\u0627\\u0644\\u0645\\u064a\\u0644\\u0627\\u062f\\u064a \\u060c \\u0639\\u0646\\u062f\\u0645\\u0627 \\u0627\\u0633\\u062a\\u0648\\u0644\\u062a \\u0637\\u0627\\u0628\\u0639\\u0629 \\u063a\\u064a\\u0631 \\u0645\\u0639\\u0631\\u0648\\u0641\\u0629 \\u0639\\u0644\\u0649 \\u0644\\u0648\\u062d\\u0627\\u0644\\u0630\\u0643\\u064a<\\/p>\"}', '{\"en\":\"<p>Galay S21+Ultra Smartphone,Lorem Ipsum is simply dummy text of the printing and typesetting industry. Lorem Ipsum has been the industry\'s standard dummy text ever since the 1500s, when an unknown printer took a galley o Lorem Ipsum is simply dummy text of the printing and typesetting industry. Lorem Ipsum has been the industry\'s standard dummy text ever since the 1500s, when an unknown printer took a galley&nbsp;<\\/p>\",\"ar\":\"<p>\\u0647\\u0627\\u062a\\u0641 Galaxy S21 + Ultra ,\\u0644\\u0648\\u0631\\u064a\\u0645 \\u0625\\u064a\\u0628\\u0633\\u0648\\u0645 \\u0647\\u0648 \\u0628\\u0628\\u0633\\u0627\\u0637\\u0629 \\u0646\\u0635 \\u0634\\u0643\\u0644\\u064a \\u064a\\u0633\\u062a\\u062e\\u062f\\u0645 \\u0641\\u064a \\u0635\\u0646\\u0627\\u0639\\u0629 \\u0627\\u0644\\u0637\\u0628\\u0627\\u0639\\u0629 \\u0648\\u0627\\u0644\\u062a\\u0646\\u0636\\u064a\\u062f. \\u0643\\u0627\\u0646 \\u0644\\u0648\\u0631\\u064a\\u0645 \\u0625\\u064a\\u0628\\u0633\\u0648\\u0645 \\u0647\\u0648 \\u0627\\u0644\\u0646\\u0635 \\u0627\\u0644\\u0648\\u0647\\u0645\\u064a \\u0627\\u0644\\u0642\\u064a\\u0627\\u0633\\u064a \\u0641\\u064a \\u0627\\u0644\\u0635\\u0646\\u0627\\u0639\\u0629 \\u0645\\u0646\\u0630 \\u0627\\u0644\\u0642\\u0631\\u0646 \\u0627\\u0644\\u062e\\u0627\\u0645\\u0633 \\u0639\\u0634\\u0631 \\u0627\\u0644\\u0645\\u064a\\u0644\\u0627\\u062f\\u064a \\u060c \\u0639\\u0646\\u062f\\u0645\\u0627 \\u0623\\u062e\\u0630\\u062a \\u0637\\u0627\\u0628\\u0639\\u0629 \\u063a\\u064a\\u0631 \\u0645\\u0639\\u0631\\u0648\\u0641\\u0629 \\u0644\\u0648\\u062d\\u064b\\u0627 \\u060c \\u0623\\u0648 \\u0644\\u0648\\u0631\\u064a\\u0645 \\u0625\\u064a\\u0628\\u0633\\u0648\\u0645 \\u0647\\u0648 \\u0628\\u0628\\u0633\\u0627\\u0637\\u0629 \\u0646\\u0635 \\u0634\\u0643\\u0644\\u064a \\u0641\\u064a \\u0635\\u0646\\u0627\\u0639\\u0629 \\u0627\\u0644\\u0637\\u0628\\u0627\\u0639\\u0629 \\u0648\\u0627\\u0644\\u062a\\u0646\\u0636\\u064a\\u062f. \\u0643\\u0627\\u0646 Lorem Ipsum \\u0647\\u0648 \\u0627\\u0644\\u0646\\u0635 \\u0627\\u0644\\u0648\\u0647\\u0645\\u064a \\u0627\\u0644\\u0642\\u064a\\u0627\\u0633\\u064a \\u0641\\u064a \\u0627\\u0644\\u0635\\u0646\\u0627\\u0639\\u0629 \\u0645\\u0646\\u0630 \\u0627\\u0644\\u0642\\u0631\\u0646 \\u0627\\u0644\\u062e\\u0627\\u0645\\u0633 \\u0639\\u0634\\u0631 \\u0627\\u0644\\u0645\\u064a\\u0644\\u0627\\u062f\\u064a \\u060c \\u0639\\u0646\\u062f\\u0645\\u0627 \\u0627\\u0633\\u062a\\u0648\\u0644\\u062a \\u0637\\u0627\\u0628\\u0639\\u0629 \\u063a\\u064a\\u0631 \\u0645\\u0639\\u0631\\u0648\\u0641\\u0629 \\u0639\\u0644\\u0649 \\u0644\\u0648\\u062d\\u0627\\u0644\\u0630\\u0643\\u064a<\\/p>\"}', '{\"en\":\"<p>Galay S21+Ultra Smartphone,Lorem Ipsum is simply dummy text of the printing and typesetting industry. Lorem Ipsum has been the industry\'s standard dummy text ever since the 1500s, when an unknown printer took a galley o Lorem Ipsum is simply dummy text of the printing and typesetting industry. Lorem Ipsum has been the industry\'s standard dummy text ever since the 1500s, when an unknown printer took a galley&nbsp;<\\/p>\",\"ar\":\"<p>\\u0647\\u0627\\u062a\\u0641 Galaxy S21 + Ultra ,\\u0644\\u0648\\u0631\\u064a\\u0645 \\u0625\\u064a\\u0628\\u0633\\u0648\\u0645 \\u0647\\u0648 \\u0628\\u0628\\u0633\\u0627\\u0637\\u0629 \\u0646\\u0635 \\u0634\\u0643\\u0644\\u064a \\u064a\\u0633\\u062a\\u062e\\u062f\\u0645 \\u0641\\u064a \\u0635\\u0646\\u0627\\u0639\\u0629 \\u0627\\u0644\\u0637\\u0628\\u0627\\u0639\\u0629 \\u0648\\u0627\\u0644\\u062a\\u0646\\u0636\\u064a\\u062f. \\u0643\\u0627\\u0646 \\u0644\\u0648\\u0631\\u064a\\u0645 \\u0625\\u064a\\u0628\\u0633\\u0648\\u0645 \\u0647\\u0648 \\u0627\\u0644\\u0646\\u0635 \\u0627\\u0644\\u0648\\u0647\\u0645\\u064a \\u0627\\u0644\\u0642\\u064a\\u0627\\u0633\\u064a \\u0641\\u064a \\u0627\\u0644\\u0635\\u0646\\u0627\\u0639\\u0629 \\u0645\\u0646\\u0630 \\u0627\\u0644\\u0642\\u0631\\u0646 \\u0627\\u0644\\u062e\\u0627\\u0645\\u0633 \\u0639\\u0634\\u0631 \\u0627\\u0644\\u0645\\u064a\\u0644\\u0627\\u062f\\u064a \\u060c \\u0639\\u0646\\u062f\\u0645\\u0627 \\u0623\\u062e\\u0630\\u062a \\u0637\\u0627\\u0628\\u0639\\u0629 \\u063a\\u064a\\u0631 \\u0645\\u0639\\u0631\\u0648\\u0641\\u0629 \\u0644\\u0648\\u062d\\u064b\\u0627 \\u060c \\u0623\\u0648 \\u0644\\u0648\\u0631\\u064a\\u0645 \\u0625\\u064a\\u0628\\u0633\\u0648\\u0645 \\u0647\\u0648 \\u0628\\u0628\\u0633\\u0627\\u0637\\u0629 \\u0646\\u0635 \\u0634\\u0643\\u0644\\u064a \\u0641\\u064a \\u0635\\u0646\\u0627\\u0639\\u0629 \\u0627\\u0644\\u0637\\u0628\\u0627\\u0639\\u0629 \\u0648\\u0627\\u0644\\u062a\\u0646\\u0636\\u064a\\u062f. \\u0643\\u0627\\u0646 Lorem Ipsum \\u0647\\u0648 \\u0627\\u0644\\u0646\\u0635 \\u0627\\u0644\\u0648\\u0647\\u0645\\u064a \\u0627\\u0644\\u0642\\u064a\\u0627\\u0633\\u064a \\u0641\\u064a \\u0627\\u0644\\u0635\\u0646\\u0627\\u0639\\u0629 \\u0645\\u0646\\u0630 \\u0627\\u0644\\u0642\\u0631\\u0646 \\u0627\\u0644\\u062e\\u0627\\u0645\\u0633 \\u0639\\u0634\\u0631 \\u0627\\u0644\\u0645\\u064a\\u0644\\u0627\\u062f\\u064a \\u060c \\u0639\\u0646\\u062f\\u0645\\u0627 \\u0627\\u0633\\u062a\\u0648\\u0644\\u062a \\u0637\\u0627\\u0628\\u0639\\u0629 \\u063a\\u064a\\u0631 \\u0645\\u0639\\u0631\\u0648\\u0641\\u0629 \\u0639\\u0644\\u0649 \\u0644\\u0648\\u062d\\u0627\\u0644\\u0630\\u0643\\u064a<\\/p>\"}', 1, '2021', 1, 45000.000000, '108', 107, 0, '2021-07-08T07:45:00.000Z', '0.2', 2, 1, 4, 29, 2, 0, 0, 'galay-s21ultra-smartphone-108', NULL, 5, 1, '2021-07-08 10:47:41', '2021-07-09 09:18:00'),
(13, 4, '{\"en\":\"Xiao M9 Plus 12GB 512GB\",\"ar\":\"\\u0634\\u064a\\u0627\\u0648 \\u0627\\u0645 9 \\u0628\\u0644\\u0633 12 \\u062c\\u064a\\u062c\\u0627 512 \\u062c\\u064a\\u062c\\u0627\"}', '{\"en\":\"<p>Xiao M9 Plus 12GB 512GB,Lorem Ipsum is simply dummy text of the printing and typesetting industry. Lorem Ipsum has been the industry\'s standard dummy text ever since the 1500s, when an unknown printer took a galley o Lorem Ipsum is simply dummy text of the printing and typesetting industry. Lorem Ipsum has been the industry\'s standard dummy text ever since the 1500s, when an unknown printer took a galley o<\\/p>\",\"ar\":\"<p>,\\u0644\\u0648\\u0631\\u064a\\u0645 \\u0625\\u064a\\u0628\\u0633\\u0648\\u0645 \\u0647\\u0648 \\u0628\\u0628\\u0633\\u0627\\u0637\\u0629 \\u0646\\u0635 \\u0634\\u0643\\u0644\\u064a \\u064a\\u0633\\u062a\\u062e\\u062f\\u0645 \\u0641\\u064a \\u0635\\u0646\\u0627\\u0639\\u0629 \\u0627\\u0644\\u0637\\u0628\\u0627\\u0639\\u0629 \\u0648\\u0627\\u0644\\u062a\\u0646\\u0636\\u064a\\u062f. \\u0643\\u0627\\u0646 \\u0644\\u0648\\u0631\\u064a\\u0645 \\u0625\\u064a\\u0628\\u0633\\u0648\\u0645 \\u0647\\u0648 \\u0627\\u0644\\u0646\\u0635 \\u0627\\u0644\\u0648\\u0647\\u0645\\u064a \\u0627\\u0644\\u0642\\u064a\\u0627\\u0633\\u064a \\u0641\\u064a \\u0627\\u0644\\u0635\\u0646\\u0627\\u0639\\u0629 \\u0645\\u0646\\u0630 \\u0627\\u0644\\u0642\\u0631\\u0646 \\u0627\\u0644\\u062e\\u0627\\u0645\\u0633 \\u0639\\u0634\\u0631 \\u0627\\u0644\\u0645\\u064a\\u0644\\u0627\\u062f\\u064a \\u060c \\u0639\\u0646\\u062f\\u0645\\u0627 \\u0623\\u062e\\u0630\\u062a \\u0637\\u0627\\u0628\\u0639\\u0629 \\u063a\\u064a\\u0631 \\u0645\\u0639\\u0631\\u0648\\u0641\\u0629 \\u0644\\u0648\\u062d\\u064b\\u0627 \\u060c \\u0623\\u0648 \\u0644\\u0648\\u0631\\u064a\\u0645 \\u0625\\u064a\\u0628\\u0633\\u0648\\u0645 \\u0647\\u0648 \\u0628\\u0628\\u0633\\u0627\\u0637\\u0629 \\u0646\\u0635 \\u0634\\u0643\\u0644\\u064a \\u0641\\u064a \\u0635\\u0646\\u0627\\u0639\\u0629 \\u0627\\u0644\\u0637\\u0628\\u0627\\u0639\\u0629 \\u0648\\u0627\\u0644\\u062a\\u0646\\u0636\\u064a\\u062f. \\u0643\\u0627\\u0646 Lorem Ipsum \\u0647\\u0648 \\u0627\\u0644\\u0646\\u0635 \\u0627\\u0644\\u0648\\u0647\\u0645\\u064a \\u0627\\u0644\\u0642\\u064a\\u0627\\u0633\\u064a \\u0641\\u064a \\u0627\\u0644\\u0635\\u0646\\u0627\\u0639\\u0629 \\u0645\\u0646\\u0630 \\u0627\\u0644\\u0642\\u0631\\u0646 \\u0627\\u0644\\u062e\\u0627\\u0645\\u0633 \\u0639\\u0634\\u0631 \\u0627\\u0644\\u0645\\u064a\\u0644\\u0627\\u062f\\u064a \\u060c \\u0639\\u0646\\u062f\\u0645\\u0627 \\u0627\\u0633\\u062a\\u0648\\u0644\\u062a \\u0637\\u0627\\u0628\\u0639\\u0629 \\u063a\\u064a\\u0631 \\u0645\\u0639\\u0631\\u0648\\u0641\\u0629 \\u0639\\u0644\\u0649 \\u0644\\u0648\\u062d\\u0634\\u064a\\u0627\\u0648 \\u0627\\u0645 9 \\u0628\\u0644\\u0633 12 \\u062c\\u064a\\u062c\\u0627 512 \\u062c\\u064a\\u062c\\u0627<\\/p>\"}', '{\"en\":\"<p>Xiao M9 Plus 12GB 512GB,Lorem Ipsum is simply dummy text of the printing and typesetting industry. Lorem Ipsum has been the industry\'s standard dummy text ever since the 1500s, when an unknown printer took a galley o Lorem Ipsum is simply dummy text of the printing and typesetting industry. Lorem Ipsum has been the industry\'s standard dummy text ever since the 1500s, when an unknown printer took a galley o<\\/p>\",\"ar\":\"<p>,\\u0644\\u0648\\u0631\\u064a\\u0645 \\u0625\\u064a\\u0628\\u0633\\u0648\\u0645 \\u0647\\u0648 \\u0628\\u0628\\u0633\\u0627\\u0637\\u0629 \\u0646\\u0635 \\u0634\\u0643\\u0644\\u064a \\u064a\\u0633\\u062a\\u062e\\u062f\\u0645 \\u0641\\u064a \\u0635\\u0646\\u0627\\u0639\\u0629 \\u0627\\u0644\\u0637\\u0628\\u0627\\u0639\\u0629 \\u0648\\u0627\\u0644\\u062a\\u0646\\u0636\\u064a\\u062f. \\u0643\\u0627\\u0646 \\u0644\\u0648\\u0631\\u064a\\u0645 \\u0625\\u064a\\u0628\\u0633\\u0648\\u0645 \\u0647\\u0648 \\u0627\\u0644\\u0646\\u0635 \\u0627\\u0644\\u0648\\u0647\\u0645\\u064a \\u0627\\u0644\\u0642\\u064a\\u0627\\u0633\\u064a \\u0641\\u064a \\u0627\\u0644\\u0635\\u0646\\u0627\\u0639\\u0629 \\u0645\\u0646\\u0630 \\u0627\\u0644\\u0642\\u0631\\u0646 \\u0627\\u0644\\u062e\\u0627\\u0645\\u0633 \\u0639\\u0634\\u0631 \\u0627\\u0644\\u0645\\u064a\\u0644\\u0627\\u062f\\u064a \\u060c \\u0639\\u0646\\u062f\\u0645\\u0627 \\u0623\\u062e\\u0630\\u062a \\u0637\\u0627\\u0628\\u0639\\u0629 \\u063a\\u064a\\u0631 \\u0645\\u0639\\u0631\\u0648\\u0641\\u0629 \\u0644\\u0648\\u062d\\u064b\\u0627 \\u060c \\u0623\\u0648 \\u0644\\u0648\\u0631\\u064a\\u0645 \\u0625\\u064a\\u0628\\u0633\\u0648\\u0645 \\u0647\\u0648 \\u0628\\u0628\\u0633\\u0627\\u0637\\u0629 \\u0646\\u0635 \\u0634\\u0643\\u0644\\u064a \\u0641\\u064a \\u0635\\u0646\\u0627\\u0639\\u0629 \\u0627\\u0644\\u0637\\u0628\\u0627\\u0639\\u0629 \\u0648\\u0627\\u0644\\u062a\\u0646\\u0636\\u064a\\u062f. \\u0643\\u0627\\u0646 Lorem Ipsum \\u0647\\u0648 \\u0627\\u0644\\u0646\\u0635 \\u0627\\u0644\\u0648\\u0647\\u0645\\u064a \\u0627\\u0644\\u0642\\u064a\\u0627\\u0633\\u064a \\u0641\\u064a \\u0627\\u0644\\u0635\\u0646\\u0627\\u0639\\u0629 \\u0645\\u0646\\u0630 \\u0627\\u0644\\u0642\\u0631\\u0646 \\u0627\\u0644\\u062e\\u0627\\u0645\\u0633 \\u0639\\u0634\\u0631 \\u0627\\u0644\\u0645\\u064a\\u0644\\u0627\\u062f\\u064a \\u060c \\u0639\\u0646\\u062f\\u0645\\u0627 \\u0627\\u0633\\u062a\\u0648\\u0644\\u062a \\u0637\\u0627\\u0628\\u0639\\u0629 \\u063a\\u064a\\u0631 \\u0645\\u0639\\u0631\\u0648\\u0641\\u0629 \\u0639\\u0644\\u0649 \\u0644\\u0648\\u062d\\u0634\\u064a\\u0627\\u0648 \\u0627\\u0645 9 \\u0628\\u0644\\u0633 12 \\u062c\\u064a\\u062c\\u0627 512 \\u062c\\u064a\\u062c\\u0627<\\/p>\"}', '{\"en\":\"<p>Xiao M9 Plus 12GB 512GB,Lorem Ipsum is simply dummy text of the printing and typesetting industry. Lorem Ipsum has been the industry\'s standard dummy text ever since the 1500s, when an unknown printer took a galley o Lorem Ipsum is simply dummy text of the printing and typesetting industry. Lorem Ipsum has been the industry\'s standard dummy text ever since the 1500s, when an unknown printer took a galley o<\\/p>\",\"ar\":\"<p>,\\u0644\\u0648\\u0631\\u064a\\u0645 \\u0625\\u064a\\u0628\\u0633\\u0648\\u0645 \\u0647\\u0648 \\u0628\\u0628\\u0633\\u0627\\u0637\\u0629 \\u0646\\u0635 \\u0634\\u0643\\u0644\\u064a \\u064a\\u0633\\u062a\\u062e\\u062f\\u0645 \\u0641\\u064a \\u0635\\u0646\\u0627\\u0639\\u0629 \\u0627\\u0644\\u0637\\u0628\\u0627\\u0639\\u0629 \\u0648\\u0627\\u0644\\u062a\\u0646\\u0636\\u064a\\u062f. \\u0643\\u0627\\u0646 \\u0644\\u0648\\u0631\\u064a\\u0645 \\u0625\\u064a\\u0628\\u0633\\u0648\\u0645 \\u0647\\u0648 \\u0627\\u0644\\u0646\\u0635 \\u0627\\u0644\\u0648\\u0647\\u0645\\u064a \\u0627\\u0644\\u0642\\u064a\\u0627\\u0633\\u064a \\u0641\\u064a \\u0627\\u0644\\u0635\\u0646\\u0627\\u0639\\u0629 \\u0645\\u0646\\u0630 \\u0627\\u0644\\u0642\\u0631\\u0646 \\u0627\\u0644\\u062e\\u0627\\u0645\\u0633 \\u0639\\u0634\\u0631 \\u0627\\u0644\\u0645\\u064a\\u0644\\u0627\\u062f\\u064a \\u060c \\u0639\\u0646\\u062f\\u0645\\u0627 \\u0623\\u062e\\u0630\\u062a \\u0637\\u0627\\u0628\\u0639\\u0629 \\u063a\\u064a\\u0631 \\u0645\\u0639\\u0631\\u0648\\u0641\\u0629 \\u0644\\u0648\\u062d\\u064b\\u0627 \\u060c \\u0623\\u0648 \\u0644\\u0648\\u0631\\u064a\\u0645 \\u0625\\u064a\\u0628\\u0633\\u0648\\u0645 \\u0647\\u0648 \\u0628\\u0628\\u0633\\u0627\\u0637\\u0629 \\u0646\\u0635 \\u0634\\u0643\\u0644\\u064a \\u0641\\u064a \\u0635\\u0646\\u0627\\u0639\\u0629 \\u0627\\u0644\\u0637\\u0628\\u0627\\u0639\\u0629 \\u0648\\u0627\\u0644\\u062a\\u0646\\u0636\\u064a\\u062f. \\u0643\\u0627\\u0646 Lorem Ipsum \\u0647\\u0648 \\u0627\\u0644\\u0646\\u0635 \\u0627\\u0644\\u0648\\u0647\\u0645\\u064a \\u0627\\u0644\\u0642\\u064a\\u0627\\u0633\\u064a \\u0641\\u064a \\u0627\\u0644\\u0635\\u0646\\u0627\\u0639\\u0629 \\u0645\\u0646\\u0630 \\u0627\\u0644\\u0642\\u0631\\u0646 \\u0627\\u0644\\u062e\\u0627\\u0645\\u0633 \\u0639\\u0634\\u0631 \\u0627\\u0644\\u0645\\u064a\\u0644\\u0627\\u062f\\u064a \\u060c \\u0639\\u0646\\u062f\\u0645\\u0627 \\u0627\\u0633\\u062a\\u0648\\u0644\\u062a \\u0637\\u0627\\u0628\\u0639\\u0629 \\u063a\\u064a\\u0631 \\u0645\\u0639\\u0631\\u0648\\u0641\\u0629 \\u0639\\u0644\\u0649 \\u0644\\u0648\\u062d\\u0634\\u064a\\u0627\\u0648 \\u0627\\u0645 9 \\u0628\\u0644\\u0633 12 \\u062c\\u064a\\u062c\\u0627 512 \\u062c\\u064a\\u062c\\u0627<\\/p>\"}', 1, 'Xiaz M9', 0, 64000.000000, '1000POCO', 12938, 0, '2022-07-30T07:48:00.000Z', '.200', 2, 1, 4, 29, 3, 0, 0, 'xiao-m9-plus-12gb-512gb-1000poco', NULL, 5, 1, '2021-07-08 10:50:43', '2021-07-09 14:41:10');
INSERT INTO `products` (`id`, `vendor_id`, `name`, `description`, `short_description`, `refund_policy`, `product_type`, `modal`, `is_feature`, `price`, `sku`, `stock`, `quantity`, `available_date`, `weight`, `unit_id`, `is_active`, `manufacturer_id`, `brand_id`, `tax_class_id`, `product_ordered`, `product_liked`, `slug`, `external_link`, `max_order`, `min_order`, `created_at`, `updated_at`) VALUES
(14, 5, '{\"en\":\"NBY 18 Bluetooth Speaker\",\"ar\":\"\\u0633\\u0645\\u0627\\u0639\\u0629 \\u0628\\u0644\\u0648\\u062a\\u0648\\u062b NBY 18\"}', '{\"en\":\"<p>Lorem Ipsum is simply dummy text of the printing and typesetting industry. Lorem Ipsum has been the industry\'s standard dummy text ever since the 1500s, when an unknown printer took a galley o Lorem Ipsum is simply dummy text of the printing and typesetting industry. Lorem Ipsum has been the industry\'s standard dummy text ever since the 1500s, when an unknown printer took a galley o<\\/p>\",\"ar\":\"<p>\\u0633\\u0645\\u0627\\u0639\\u0629 \\u0628\\u0644\\u0648\\u062a\\u0648\\u062b NBY 18,\\u0644\\u0648\\u0631\\u064a\\u0645 \\u0625\\u064a\\u0628\\u0633\\u0648\\u0645 \\u0647\\u0648 \\u0628\\u0628\\u0633\\u0627\\u0637\\u0629 \\u0646\\u0635 \\u0634\\u0643\\u0644\\u064a \\u064a\\u0633\\u062a\\u062e\\u062f\\u0645 \\u0641\\u064a \\u0635\\u0646\\u0627\\u0639\\u0629 \\u0627\\u0644\\u0637\\u0628\\u0627\\u0639\\u0629 \\u0648\\u0627\\u0644\\u062a\\u0646\\u0636\\u064a\\u062f. \\u0643\\u0627\\u0646 \\u0644\\u0648\\u0631\\u064a\\u0645 \\u0625\\u064a\\u0628\\u0633\\u0648\\u0645 \\u0647\\u0648 \\u0627\\u0644\\u0646\\u0635 \\u0627\\u0644\\u0648\\u0647\\u0645\\u064a \\u0627\\u0644\\u0642\\u064a\\u0627\\u0633\\u064a \\u0641\\u064a \\u0627\\u0644\\u0635\\u0646\\u0627\\u0639\\u0629 \\u0645\\u0646\\u0630 \\u0627\\u0644\\u0642\\u0631\\u0646 \\u0627\\u0644\\u062e\\u0627\\u0645\\u0633 \\u0639\\u0634\\u0631 \\u0627\\u0644\\u0645\\u064a\\u0644\\u0627\\u062f\\u064a \\u060c \\u0639\\u0646\\u062f\\u0645\\u0627 \\u0623\\u062e\\u0630\\u062a \\u0637\\u0627\\u0628\\u0639\\u0629 \\u063a\\u064a\\u0631 \\u0645\\u0639\\u0631\\u0648\\u0641\\u0629 \\u0644\\u0648\\u062d\\u064b\\u0627 \\u060c \\u0623\\u0648 \\u0644\\u0648\\u0631\\u064a\\u0645 \\u0625\\u064a\\u0628\\u0633\\u0648\\u0645 \\u0647\\u0648 \\u0628\\u0628\\u0633\\u0627\\u0637\\u0629 \\u0646\\u0635 \\u0634\\u0643\\u0644\\u064a \\u0641\\u064a \\u0635\\u0646\\u0627\\u0639\\u0629 \\u0627\\u0644\\u0637\\u0628\\u0627\\u0639\\u0629 \\u0648\\u0627\\u0644\\u062a\\u0646\\u0636\\u064a\\u062f. \\u0643\\u0627\\u0646 Lorem Ipsum \\u0647\\u0648 \\u0627\\u0644\\u0646\\u0635 \\u0627\\u0644\\u0648\\u0647\\u0645\\u064a \\u0627\\u0644\\u0642\\u064a\\u0627\\u0633\\u064a \\u0641\\u064a \\u0627\\u0644\\u0635\\u0646\\u0627\\u0639\\u0629 \\u0645\\u0646\\u0630 \\u0627\\u0644\\u0642\\u0631\\u0646 \\u0627\\u0644\\u062e\\u0627\\u0645\\u0633 \\u0639\\u0634\\u0631 \\u0627\\u0644\\u0645\\u064a\\u0644\\u0627\\u062f\\u064a \\u060c \\u0639\\u0646\\u062f\\u0645\\u0627 \\u0627\\u0633\\u062a\\u0648\\u0644\\u062a \\u0637\\u0627\\u0628\\u0639\\u0629 \\u063a\\u064a\\u0631 \\u0645\\u0639\\u0631\\u0648\\u0641\\u0629 \\u0639\\u0644\\u0649 \\u0644\\u0648\\u062d<\\/p><p><br>&nbsp;<\\/p>\"}', '{\"en\":\"<p>Lorem Ipsum is simply dummy text of the printing and typesetting industry. Lorem Ipsum has been the industry\'s standard dummy text ever since the 1500s, when an unknown printer took a galley o Lorem Ipsum is simply dummy text of the printing and typesetting industry. Lorem Ipsum has been the industry\'s standard dummy text ever since the 1500s, when an unknown printer took a galley o<\\/p>\",\"ar\":\"<p>\\u0633\\u0645\\u0627\\u0639\\u0629 \\u0628\\u0644\\u0648\\u062a\\u0648\\u062b NBY 18,\\u0644\\u0648\\u0631\\u064a\\u0645 \\u0625\\u064a\\u0628\\u0633\\u0648\\u0645 \\u0647\\u0648 \\u0628\\u0628\\u0633\\u0627\\u0637\\u0629 \\u0646\\u0635 \\u0634\\u0643\\u0644\\u064a \\u064a\\u0633\\u062a\\u062e\\u062f\\u0645 \\u0641\\u064a \\u0635\\u0646\\u0627\\u0639\\u0629 \\u0627\\u0644\\u0637\\u0628\\u0627\\u0639\\u0629 \\u0648\\u0627\\u0644\\u062a\\u0646\\u0636\\u064a\\u062f. \\u0643\\u0627\\u0646 \\u0644\\u0648\\u0631\\u064a\\u0645 \\u0625\\u064a\\u0628\\u0633\\u0648\\u0645 \\u0647\\u0648 \\u0627\\u0644\\u0646\\u0635 \\u0627\\u0644\\u0648\\u0647\\u0645\\u064a \\u0627\\u0644\\u0642\\u064a\\u0627\\u0633\\u064a \\u0641\\u064a \\u0627\\u0644\\u0635\\u0646\\u0627\\u0639\\u0629 \\u0645\\u0646\\u0630 \\u0627\\u0644\\u0642\\u0631\\u0646 \\u0627\\u0644\\u062e\\u0627\\u0645\\u0633 \\u0639\\u0634\\u0631 \\u0627\\u0644\\u0645\\u064a\\u0644\\u0627\\u062f\\u064a \\u060c \\u0639\\u0646\\u062f\\u0645\\u0627 \\u0623\\u062e\\u0630\\u062a \\u0637\\u0627\\u0628\\u0639\\u0629 \\u063a\\u064a\\u0631 \\u0645\\u0639\\u0631\\u0648\\u0641\\u0629 \\u0644\\u0648\\u062d\\u064b\\u0627 \\u060c \\u0623\\u0648 \\u0644\\u0648\\u0631\\u064a\\u0645 \\u0625\\u064a\\u0628\\u0633\\u0648\\u0645 \\u0647\\u0648 \\u0628\\u0628\\u0633\\u0627\\u0637\\u0629 \\u0646\\u0635 \\u0634\\u0643\\u0644\\u064a \\u0641\\u064a \\u0635\\u0646\\u0627\\u0639\\u0629 \\u0627\\u0644\\u0637\\u0628\\u0627\\u0639\\u0629 \\u0648\\u0627\\u0644\\u062a\\u0646\\u0636\\u064a\\u062f. \\u0643\\u0627\\u0646 Lorem Ipsum \\u0647\\u0648 \\u0627\\u0644\\u0646\\u0635 \\u0627\\u0644\\u0648\\u0647\\u0645\\u064a \\u0627\\u0644\\u0642\\u064a\\u0627\\u0633\\u064a \\u0641\\u064a \\u0627\\u0644\\u0635\\u0646\\u0627\\u0639\\u0629 \\u0645\\u0646\\u0630 \\u0627\\u0644\\u0642\\u0631\\u0646 \\u0627\\u0644\\u062e\\u0627\\u0645\\u0633 \\u0639\\u0634\\u0631 \\u0627\\u0644\\u0645\\u064a\\u0644\\u0627\\u062f\\u064a \\u060c \\u0639\\u0646\\u062f\\u0645\\u0627 \\u0627\\u0633\\u062a\\u0648\\u0644\\u062a \\u0637\\u0627\\u0628\\u0639\\u0629 \\u063a\\u064a\\u0631 \\u0645\\u0639\\u0631\\u0648\\u0641\\u0629 \\u0639\\u0644\\u0649 \\u0644\\u0648\\u062d<\\/p><p><br>&nbsp;<\\/p>\"}', '{\"en\":\"<p>Lorem Ipsum is simply dummy text of the printing and typesetting industry. Lorem Ipsum has been the industry\'s standard dummy text ever since the 1500s, when an unknown printer took a galley o Lorem Ipsum is simply dummy text of the printing and typesetting industry. Lorem Ipsum has been the industry\'s standard dummy text ever since the 1500s, when an unknown printer took a galley o<\\/p>\",\"ar\":\"<p>\\u0633\\u0645\\u0627\\u0639\\u0629 \\u0628\\u0644\\u0648\\u062a\\u0648\\u062b NBY 18,\\u0644\\u0648\\u0631\\u064a\\u0645 \\u0625\\u064a\\u0628\\u0633\\u0648\\u0645 \\u0647\\u0648 \\u0628\\u0628\\u0633\\u0627\\u0637\\u0629 \\u0646\\u0635 \\u0634\\u0643\\u0644\\u064a \\u064a\\u0633\\u062a\\u062e\\u062f\\u0645 \\u0641\\u064a \\u0635\\u0646\\u0627\\u0639\\u0629 \\u0627\\u0644\\u0637\\u0628\\u0627\\u0639\\u0629 \\u0648\\u0627\\u0644\\u062a\\u0646\\u0636\\u064a\\u062f. \\u0643\\u0627\\u0646 \\u0644\\u0648\\u0631\\u064a\\u0645 \\u0625\\u064a\\u0628\\u0633\\u0648\\u0645 \\u0647\\u0648 \\u0627\\u0644\\u0646\\u0635 \\u0627\\u0644\\u0648\\u0647\\u0645\\u064a \\u0627\\u0644\\u0642\\u064a\\u0627\\u0633\\u064a \\u0641\\u064a \\u0627\\u0644\\u0635\\u0646\\u0627\\u0639\\u0629 \\u0645\\u0646\\u0630 \\u0627\\u0644\\u0642\\u0631\\u0646 \\u0627\\u0644\\u062e\\u0627\\u0645\\u0633 \\u0639\\u0634\\u0631 \\u0627\\u0644\\u0645\\u064a\\u0644\\u0627\\u062f\\u064a \\u060c \\u0639\\u0646\\u062f\\u0645\\u0627 \\u0623\\u062e\\u0630\\u062a \\u0637\\u0627\\u0628\\u0639\\u0629 \\u063a\\u064a\\u0631 \\u0645\\u0639\\u0631\\u0648\\u0641\\u0629 \\u0644\\u0648\\u062d\\u064b\\u0627 \\u060c \\u0623\\u0648 \\u0644\\u0648\\u0631\\u064a\\u0645 \\u0625\\u064a\\u0628\\u0633\\u0648\\u0645 \\u0647\\u0648 \\u0628\\u0628\\u0633\\u0627\\u0637\\u0629 \\u0646\\u0635 \\u0634\\u0643\\u0644\\u064a \\u0641\\u064a \\u0635\\u0646\\u0627\\u0639\\u0629 \\u0627\\u0644\\u0637\\u0628\\u0627\\u0639\\u0629 \\u0648\\u0627\\u0644\\u062a\\u0646\\u0636\\u064a\\u062f. \\u0643\\u0627\\u0646 Lorem Ipsum \\u0647\\u0648 \\u0627\\u0644\\u0646\\u0635 \\u0627\\u0644\\u0648\\u0647\\u0645\\u064a \\u0627\\u0644\\u0642\\u064a\\u0627\\u0633\\u064a \\u0641\\u064a \\u0627\\u0644\\u0635\\u0646\\u0627\\u0639\\u0629 \\u0645\\u0646\\u0630 \\u0627\\u0644\\u0642\\u0631\\u0646 \\u0627\\u0644\\u062e\\u0627\\u0645\\u0633 \\u0639\\u0634\\u0631 \\u0627\\u0644\\u0645\\u064a\\u0644\\u0627\\u062f\\u064a \\u060c \\u0639\\u0646\\u062f\\u0645\\u0627 \\u0627\\u0633\\u062a\\u0648\\u0644\\u062a \\u0637\\u0627\\u0628\\u0639\\u0629 \\u063a\\u064a\\u0631 \\u0645\\u0639\\u0631\\u0648\\u0641\\u0629 \\u0639\\u0644\\u0649 \\u0644\\u0648\\u062d<\\/p><p><br>&nbsp;<\\/p>\"}', 1, 'NBY18', 1, 158.000000, '10003POCO', 12392, 0, '2021-07-08T07:53:00.000Z', '.100', 2, 1, 4, 29, 3, 0, 0, 'nby-18-bluetooth-speaker-10003poco', NULL, 2, 1, '2021-07-08 10:56:08', '2021-07-10 22:15:01'),
(15, 4, '{\"en\":\"Samsung\",\"ar\":\"\\u0633\\u0627\\u0645\\u0633\\u0648\\u0646\\u062c\"}', '{\"en\":\"<p>Lorem Ipsum is simply dummy text of the printing and typesetting industry. Lorem Ipsum has been the industry\'s standard dummy text ever since the 1500s, when an unknown printer took a galley o Lorem Ipsum is simply dummy text of the printing and typesetting industry. Lorem Ipsum has been the industry\'s standard dummy text ever since the 1500s, when an unknown printer took a galley o<\\/p>\",\"ar\":\"<p>\\u0633\\u0645\\u0627\\u0639\\u0629 \\u0628\\u0644\\u0648\\u062a\\u0648\\u062b Lenovo HD800,\\u0644\\u0648\\u0631\\u064a\\u0645 \\u0625\\u064a\\u0628\\u0633\\u0648\\u0645 \\u0647\\u0648 \\u0628\\u0628\\u0633\\u0627\\u0637\\u0629 \\u0646\\u0635 \\u0634\\u0643\\u0644\\u064a \\u064a\\u0633\\u062a\\u062e\\u062f\\u0645 \\u0641\\u064a \\u0635\\u0646\\u0627\\u0639\\u0629 \\u0627\\u0644\\u0637\\u0628\\u0627\\u0639\\u0629 \\u0648\\u0627\\u0644\\u062a\\u0646\\u0636\\u064a\\u062f. \\u0643\\u0627\\u0646 \\u0644\\u0648\\u0631\\u064a\\u0645 \\u0625\\u064a\\u0628\\u0633\\u0648\\u0645 \\u0647\\u0648 \\u0627\\u0644\\u0646\\u0635 \\u0627\\u0644\\u0648\\u0647\\u0645\\u064a \\u0627\\u0644\\u0642\\u064a\\u0627\\u0633\\u064a \\u0641\\u064a \\u0627\\u0644\\u0635\\u0646\\u0627\\u0639\\u0629 \\u0645\\u0646\\u0630 \\u0627\\u0644\\u0642\\u0631\\u0646 \\u0627\\u0644\\u062e\\u0627\\u0645\\u0633 \\u0639\\u0634\\u0631 \\u0627\\u0644\\u0645\\u064a\\u0644\\u0627\\u062f\\u064a \\u060c \\u0639\\u0646\\u062f\\u0645\\u0627 \\u0623\\u062e\\u0630\\u062a \\u0637\\u0627\\u0628\\u0639\\u0629 \\u063a\\u064a\\u0631 \\u0645\\u0639\\u0631\\u0648\\u0641\\u0629 \\u0644\\u0648\\u062d\\u064b\\u0627 \\u060c \\u0623\\u0648 \\u0644\\u0648\\u0631\\u064a\\u0645 \\u0625\\u064a\\u0628\\u0633\\u0648\\u0645 \\u0647\\u0648 \\u0628\\u0628\\u0633\\u0627\\u0637\\u0629 \\u0646\\u0635 \\u0634\\u0643\\u0644\\u064a \\u0641\\u064a \\u0635\\u0646\\u0627\\u0639\\u0629 \\u0627\\u0644\\u0637\\u0628\\u0627\\u0639\\u0629 \\u0648\\u0627\\u0644\\u062a\\u0646\\u0636\\u064a\\u062f. \\u0643\\u0627\\u0646 Lorem Ipsum \\u0647\\u0648 \\u0627\\u0644\\u0646\\u0635 \\u0627\\u0644\\u0648\\u0647\\u0645\\u064a \\u0627\\u0644\\u0642\\u064a\\u0627\\u0633\\u064a \\u0641\\u064a \\u0627\\u0644\\u0635\\u0646\\u0627\\u0639\\u0629 \\u0645\\u0646\\u0630 \\u0627\\u0644\\u0642\\u0631\\u0646 \\u0627\\u0644\\u062e\\u0627\\u0645\\u0633 \\u0639\\u0634\\u0631 \\u0627\\u0644\\u0645\\u064a\\u0644\\u0627\\u062f\\u064a \\u060c \\u0639\\u0646\\u062f\\u0645\\u0627 \\u0627\\u0633\\u062a\\u0648\\u0644\\u062a \\u0637\\u0627\\u0628\\u0639\\u0629 \\u063a\\u064a\\u0631 \\u0645\\u0639\\u0631\\u0648\\u0641\\u0629 \\u0639\\u0644\\u0649 \\u0644\\u0648\\u062d<\\/p>\"}', '{\"en\":\"<p>Lorem Ipsum is simply dummy text of the printing and typesetting industry. Lorem Ipsum has been the industry\'s standard dummy text ever since the 1500s, when an unknown printer took a galley o Lorem Ipsum is simply dummy text of the printing and typesetting industry. Lorem Ipsum has been the industry\'s standard dummy text ever since the 1500s, when an unknown printer took a galley o<\\/p>\",\"ar\":\"<p>\\u0633\\u0645\\u0627\\u0639\\u0629 \\u0628\\u0644\\u0648\\u062a\\u0648\\u062b Lenovo HD800,\\u0644\\u0648\\u0631\\u064a\\u0645 \\u0625\\u064a\\u0628\\u0633\\u0648\\u0645 \\u0647\\u0648 \\u0628\\u0628\\u0633\\u0627\\u0637\\u0629 \\u0646\\u0635 \\u0634\\u0643\\u0644\\u064a \\u064a\\u0633\\u062a\\u062e\\u062f\\u0645 \\u0641\\u064a \\u0635\\u0646\\u0627\\u0639\\u0629 \\u0627\\u0644\\u0637\\u0628\\u0627\\u0639\\u0629 \\u0648\\u0627\\u0644\\u062a\\u0646\\u0636\\u064a\\u062f. \\u0643\\u0627\\u0646 \\u0644\\u0648\\u0631\\u064a\\u0645 \\u0625\\u064a\\u0628\\u0633\\u0648\\u0645 \\u0647\\u0648 \\u0627\\u0644\\u0646\\u0635 \\u0627\\u0644\\u0648\\u0647\\u0645\\u064a \\u0627\\u0644\\u0642\\u064a\\u0627\\u0633\\u064a \\u0641\\u064a \\u0627\\u0644\\u0635\\u0646\\u0627\\u0639\\u0629 \\u0645\\u0646\\u0630 \\u0627\\u0644\\u0642\\u0631\\u0646 \\u0627\\u0644\\u062e\\u0627\\u0645\\u0633 \\u0639\\u0634\\u0631 \\u0627\\u0644\\u0645\\u064a\\u0644\\u0627\\u062f\\u064a \\u060c \\u0639\\u0646\\u062f\\u0645\\u0627 \\u0623\\u062e\\u0630\\u062a \\u0637\\u0627\\u0628\\u0639\\u0629 \\u063a\\u064a\\u0631 \\u0645\\u0639\\u0631\\u0648\\u0641\\u0629 \\u0644\\u0648\\u062d\\u064b\\u0627 \\u060c \\u0623\\u0648 \\u0644\\u0648\\u0631\\u064a\\u0645 \\u0625\\u064a\\u0628\\u0633\\u0648\\u0645 \\u0647\\u0648 \\u0628\\u0628\\u0633\\u0627\\u0637\\u0629 \\u0646\\u0635 \\u0634\\u0643\\u0644\\u064a \\u0641\\u064a \\u0635\\u0646\\u0627\\u0639\\u0629 \\u0627\\u0644\\u0637\\u0628\\u0627\\u0639\\u0629 \\u0648\\u0627\\u0644\\u062a\\u0646\\u0636\\u064a\\u062f. \\u0643\\u0627\\u0646 Lorem Ipsum \\u0647\\u0648 \\u0627\\u0644\\u0646\\u0635 \\u0627\\u0644\\u0648\\u0647\\u0645\\u064a \\u0627\\u0644\\u0642\\u064a\\u0627\\u0633\\u064a \\u0641\\u064a \\u0627\\u0644\\u0635\\u0646\\u0627\\u0639\\u0629 \\u0645\\u0646\\u0630 \\u0627\\u0644\\u0642\\u0631\\u0646 \\u0627\\u0644\\u062e\\u0627\\u0645\\u0633 \\u0639\\u0634\\u0631 \\u0627\\u0644\\u0645\\u064a\\u0644\\u0627\\u062f\\u064a \\u060c \\u0639\\u0646\\u062f\\u0645\\u0627 \\u0627\\u0633\\u062a\\u0648\\u0644\\u062a \\u0637\\u0627\\u0628\\u0639\\u0629 \\u063a\\u064a\\u0631 \\u0645\\u0639\\u0631\\u0648\\u0641\\u0629 \\u0639\\u0644\\u0649 \\u0644\\u0648\\u062d<\\/p>\"}', '{\"en\":\"<p>Lorem Ipsum is simply dummy text of the printing and typesetting industry. Lorem Ipsum has been the industry\'s standard dummy text ever since the 1500s, when an unknown printer took a galley o Lorem Ipsum is simply dummy text of the printing and typesetting industry. Lorem Ipsum has been the industry\'s standard dummy text ever since the 1500s, when an unknown printer took a galley o<\\/p>\",\"ar\":\"<p>\\u0633\\u0645\\u0627\\u0639\\u0629 \\u0628\\u0644\\u0648\\u062a\\u0648\\u062b Lenovo HD800,\\u0644\\u0648\\u0631\\u064a\\u0645 \\u0625\\u064a\\u0628\\u0633\\u0648\\u0645 \\u0647\\u0648 \\u0628\\u0628\\u0633\\u0627\\u0637\\u0629 \\u0646\\u0635 \\u0634\\u0643\\u0644\\u064a \\u064a\\u0633\\u062a\\u062e\\u062f\\u0645 \\u0641\\u064a \\u0635\\u0646\\u0627\\u0639\\u0629 \\u0627\\u0644\\u0637\\u0628\\u0627\\u0639\\u0629 \\u0648\\u0627\\u0644\\u062a\\u0646\\u0636\\u064a\\u062f. \\u0643\\u0627\\u0646 \\u0644\\u0648\\u0631\\u064a\\u0645 \\u0625\\u064a\\u0628\\u0633\\u0648\\u0645 \\u0647\\u0648 \\u0627\\u0644\\u0646\\u0635 \\u0627\\u0644\\u0648\\u0647\\u0645\\u064a \\u0627\\u0644\\u0642\\u064a\\u0627\\u0633\\u064a \\u0641\\u064a \\u0627\\u0644\\u0635\\u0646\\u0627\\u0639\\u0629 \\u0645\\u0646\\u0630 \\u0627\\u0644\\u0642\\u0631\\u0646 \\u0627\\u0644\\u062e\\u0627\\u0645\\u0633 \\u0639\\u0634\\u0631 \\u0627\\u0644\\u0645\\u064a\\u0644\\u0627\\u062f\\u064a \\u060c \\u0639\\u0646\\u062f\\u0645\\u0627 \\u0623\\u062e\\u0630\\u062a \\u0637\\u0627\\u0628\\u0639\\u0629 \\u063a\\u064a\\u0631 \\u0645\\u0639\\u0631\\u0648\\u0641\\u0629 \\u0644\\u0648\\u062d\\u064b\\u0627 \\u060c \\u0623\\u0648 \\u0644\\u0648\\u0631\\u064a\\u0645 \\u0625\\u064a\\u0628\\u0633\\u0648\\u0645 \\u0647\\u0648 \\u0628\\u0628\\u0633\\u0627\\u0637\\u0629 \\u0646\\u0635 \\u0634\\u0643\\u0644\\u064a \\u0641\\u064a \\u0635\\u0646\\u0627\\u0639\\u0629 \\u0627\\u0644\\u0637\\u0628\\u0627\\u0639\\u0629 \\u0648\\u0627\\u0644\\u062a\\u0646\\u0636\\u064a\\u062f. \\u0643\\u0627\\u0646 Lorem Ipsum \\u0647\\u0648 \\u0627\\u0644\\u0646\\u0635 \\u0627\\u0644\\u0648\\u0647\\u0645\\u064a \\u0627\\u0644\\u0642\\u064a\\u0627\\u0633\\u064a \\u0641\\u064a \\u0627\\u0644\\u0635\\u0646\\u0627\\u0639\\u0629 \\u0645\\u0646\\u0630 \\u0627\\u0644\\u0642\\u0631\\u0646 \\u0627\\u0644\\u062e\\u0627\\u0645\\u0633 \\u0639\\u0634\\u0631 \\u0627\\u0644\\u0645\\u064a\\u0644\\u0627\\u062f\\u064a \\u060c \\u0639\\u0646\\u062f\\u0645\\u0627 \\u0627\\u0633\\u062a\\u0648\\u0644\\u062a \\u0637\\u0627\\u0628\\u0639\\u0629 \\u063a\\u064a\\u0631 \\u0645\\u0639\\u0631\\u0648\\u0641\\u0629 \\u0639\\u0644\\u0649 \\u0644\\u0648\\u062d<\\/p>\"}', 1, '2021', 1, 114.000000, '109', 99, 0, '2021-07-08T07:55:00.000Z', '0.1', 2, 1, 4, 29, 3, 0, 0, 'samsung-109', NULL, 10, 1, '2021-07-08 10:56:43', '2021-07-10 23:05:38'),
(16, 4, '{\"en\":\"iphone 12pro\",\"ar\":\"iphone 12pro\"}', '{\"en\":\"<p>Lorem Ipsum is simply dummy text of the printing and typesetting industry. Lorem Ipsum has been the industry\'s standard dummy text ever since the 1500s, when an unknown printer took a galley o Lorem Ipsum is simply dummy text of the printing and typesetting industry. Lorem Ipsum has been the industry\'s standard dummy text ever since the 1500s, when an unknown printer took a galley o<\\/p>\",\"ar\":\"<p>\\u0644\\u0648\\u0631\\u064a\\u0645 \\u0625\\u064a\\u0628\\u0633\\u0648\\u0645 \\u0647\\u0648 \\u0628\\u0628\\u0633\\u0627\\u0637\\u0629 \\u0646\\u0635 \\u0634\\u0643\\u0644\\u064a \\u064a\\u0633\\u062a\\u062e\\u062f\\u0645 \\u0641\\u064a \\u0635\\u0646\\u0627\\u0639\\u0629 \\u0627\\u0644\\u0637\\u0628\\u0627\\u0639\\u0629 \\u0648\\u0627\\u0644\\u062a\\u0646\\u0636\\u064a\\u062f. \\u0643\\u0627\\u0646 \\u0644\\u0648\\u0631\\u064a\\u0645 \\u0625\\u064a\\u0628\\u0633\\u0648\\u0645 \\u0647\\u0648 \\u0627\\u0644\\u0646\\u0635 \\u0627\\u0644\\u0648\\u0647\\u0645\\u064a \\u0627\\u0644\\u0642\\u064a\\u0627\\u0633\\u064a \\u0641\\u064a \\u0627\\u0644\\u0635\\u0646\\u0627\\u0639\\u0629 \\u0645\\u0646\\u0630 \\u0627\\u0644\\u0642\\u0631\\u0646 \\u0627\\u0644\\u062e\\u0627\\u0645\\u0633 \\u0639\\u0634\\u0631 \\u0627\\u0644\\u0645\\u064a\\u0644\\u0627\\u062f\\u064a \\u060c \\u0639\\u0646\\u062f\\u0645\\u0627 \\u0623\\u062e\\u0630\\u062a \\u0637\\u0627\\u0628\\u0639\\u0629 \\u063a\\u064a\\u0631 \\u0645\\u0639\\u0631\\u0648\\u0641\\u0629 \\u0644\\u0648\\u062d\\u064b\\u0627 \\u060c \\u0623\\u0648 \\u0644\\u0648\\u0631\\u064a\\u0645 \\u0625\\u064a\\u0628\\u0633\\u0648\\u0645 \\u0647\\u0648 \\u0628\\u0628\\u0633\\u0627\\u0637\\u0629 \\u0646\\u0635 \\u0634\\u0643\\u0644\\u064a \\u0641\\u064a \\u0635\\u0646\\u0627\\u0639\\u0629 \\u0627\\u0644\\u0637\\u0628\\u0627\\u0639\\u0629 \\u0648\\u0627\\u0644\\u062a\\u0646\\u0636\\u064a\\u062f. \\u0643\\u0627\\u0646 Lorem Ipsum \\u0647\\u0648 \\u0627\\u0644\\u0646\\u0635 \\u0627\\u0644\\u0648\\u0647\\u0645\\u064a \\u0627\\u0644\\u0642\\u064a\\u0627\\u0633\\u064a \\u0641\\u064a \\u0627\\u0644\\u0635\\u0646\\u0627\\u0639\\u0629 \\u0645\\u0646\\u0630 \\u0627\\u0644\\u0642\\u0631\\u0646 \\u0627\\u0644\\u062e\\u0627\\u0645\\u0633 \\u0639\\u0634\\u0631 \\u0627\\u0644\\u0645\\u064a\\u0644\\u0627\\u062f\\u064a \\u060c \\u0639\\u0646\\u062f\\u0645\\u0627 \\u0627\\u0633\\u062a\\u0648\\u0644\\u062a \\u0637\\u0627\\u0628\\u0639\\u0629 \\u063a\\u064a\\u0631 \\u0645\\u0639\\u0631\\u0648\\u0641\\u0629 \\u0639\\u0644\\u0649 \\u0644\\u0648\\u062d<\\/p>\"}', '{\"en\":\"<p>Lorem Ipsum is simply dummy text of the printing and typesetting industry. Lorem Ipsum has been the industry\'s standard dummy text ever since the 1500s, when an unknown printer took a galley o Lorem Ipsum is simply dummy text of the printing and typesetting industry. Lorem Ipsum has been the industry\'s standard dummy text ever since the 1500s, when an unknown printer took a galley o<\\/p>\",\"ar\":\"<p>\\u0644\\u0648\\u0631\\u064a\\u0645 \\u0625\\u064a\\u0628\\u0633\\u0648\\u0645 \\u0647\\u0648 \\u0628\\u0628\\u0633\\u0627\\u0637\\u0629 \\u0646\\u0635 \\u0634\\u0643\\u0644\\u064a \\u064a\\u0633\\u062a\\u062e\\u062f\\u0645 \\u0641\\u064a \\u0635\\u0646\\u0627\\u0639\\u0629 \\u0627\\u0644\\u0637\\u0628\\u0627\\u0639\\u0629 \\u0648\\u0627\\u0644\\u062a\\u0646\\u0636\\u064a\\u062f. \\u0643\\u0627\\u0646 \\u0644\\u0648\\u0631\\u064a\\u0645 \\u0625\\u064a\\u0628\\u0633\\u0648\\u0645 \\u0647\\u0648 \\u0627\\u0644\\u0646\\u0635 \\u0627\\u0644\\u0648\\u0647\\u0645\\u064a \\u0627\\u0644\\u0642\\u064a\\u0627\\u0633\\u064a \\u0641\\u064a \\u0627\\u0644\\u0635\\u0646\\u0627\\u0639\\u0629 \\u0645\\u0646\\u0630 \\u0627\\u0644\\u0642\\u0631\\u0646 \\u0627\\u0644\\u062e\\u0627\\u0645\\u0633 \\u0639\\u0634\\u0631 \\u0627\\u0644\\u0645\\u064a\\u0644\\u0627\\u062f\\u064a \\u060c \\u0639\\u0646\\u062f\\u0645\\u0627 \\u0623\\u062e\\u0630\\u062a \\u0637\\u0627\\u0628\\u0639\\u0629 \\u063a\\u064a\\u0631 \\u0645\\u0639\\u0631\\u0648\\u0641\\u0629 \\u0644\\u0648\\u062d\\u064b\\u0627 \\u060c \\u0623\\u0648 \\u0644\\u0648\\u0631\\u064a\\u0645 \\u0625\\u064a\\u0628\\u0633\\u0648\\u0645 \\u0647\\u0648 \\u0628\\u0628\\u0633\\u0627\\u0637\\u0629 \\u0646\\u0635 \\u0634\\u0643\\u0644\\u064a \\u0641\\u064a \\u0635\\u0646\\u0627\\u0639\\u0629 \\u0627\\u0644\\u0637\\u0628\\u0627\\u0639\\u0629 \\u0648\\u0627\\u0644\\u062a\\u0646\\u0636\\u064a\\u062f. \\u0643\\u0627\\u0646 Lorem Ipsum \\u0647\\u0648 \\u0627\\u0644\\u0646\\u0635 \\u0627\\u0644\\u0648\\u0647\\u0645\\u064a \\u0627\\u0644\\u0642\\u064a\\u0627\\u0633\\u064a \\u0641\\u064a \\u0627\\u0644\\u0635\\u0646\\u0627\\u0639\\u0629 \\u0645\\u0646\\u0630 \\u0627\\u0644\\u0642\\u0631\\u0646 \\u0627\\u0644\\u062e\\u0627\\u0645\\u0633 \\u0639\\u0634\\u0631 \\u0627\\u0644\\u0645\\u064a\\u0644\\u0627\\u062f\\u064a \\u060c \\u0639\\u0646\\u062f\\u0645\\u0627 \\u0627\\u0633\\u062a\\u0648\\u0644\\u062a \\u0637\\u0627\\u0628\\u0639\\u0629 \\u063a\\u064a\\u0631 \\u0645\\u0639\\u0631\\u0648\\u0641\\u0629 \\u0639\\u0644\\u0649 \\u0644\\u0648\\u062d<\\/p>\"}', '{\"en\":\"<p>Lorem Ipsum is simply dummy text of the printing and typesetting industry. Lorem Ipsum has been the industry\'s standard dummy text ever since the 1500s, when an unknown printer took a galley o Lorem Ipsum is simply dummy text of the printing and typesetting industry. Lorem Ipsum has been the industry\'s standard dummy text ever since the 1500s, when an unknown printer took a galley o<\\/p>\",\"ar\":\"<p><strong>\\u0644\\u0648\\u0631\\u064a\\u0645 \\u0625\\u064a\\u0628\\u0633\\u0648\\u0645 \\u0647\\u0648 \\u0628\\u0628\\u0633\\u0627\\u0637\\u0629 \\u0646\\u0635 \\u0634\\u0643\\u0644\\u064a \\u064a\\u0633\\u062a\\u062e\\u062f\\u0645 \\u0641\\u064a \\u0635\\u0646\\u0627\\u0639\\u0629 \\u0627\\u0644\\u0637\\u0628\\u0627\\u0639\\u0629 \\u0648\\u0627\\u0644\\u062a\\u0646\\u0636\\u064a\\u062f. \\u0643\\u0627\\u0646 \\u0644\\u0648\\u0631\\u064a\\u0645 \\u0625\\u064a\\u0628\\u0633\\u0648\\u0645 \\u0647\\u0648 \\u0627\\u0644\\u0646\\u0635 \\u0627\\u0644\\u0648\\u0647\\u0645\\u064a \\u0627\\u0644\\u0642\\u064a\\u0627\\u0633\\u064a \\u0641\\u064a \\u0627\\u0644\\u0635\\u0646\\u0627\\u0639\\u0629 \\u0645\\u0646\\u0630 \\u0627\\u0644\\u0642\\u0631\\u0646 \\u0627\\u0644\\u062e\\u0627\\u0645\\u0633 \\u0639\\u0634\\u0631 \\u0627\\u0644\\u0645\\u064a\\u0644\\u0627\\u062f\\u064a \\u060c \\u0639\\u0646\\u062f\\u0645\\u0627 \\u0623\\u062e\\u0630\\u062a \\u0637\\u0627\\u0628\\u0639\\u0629 \\u063a\\u064a\\u0631 \\u0645\\u0639\\u0631\\u0648\\u0641\\u0629 \\u0644\\u0648\\u062d\\u064b\\u0627 \\u060c \\u0623\\u0648 \\u0644\\u0648\\u0631\\u064a\\u0645 \\u0625\\u064a\\u0628\\u0633\\u0648\\u0645 \\u0647\\u0648 \\u0628\\u0628\\u0633\\u0627\\u0637\\u0629 \\u0646\\u0635 \\u0634\\u0643\\u0644\\u064a \\u0641\\u064a \\u0635\\u0646\\u0627\\u0639\\u0629 \\u0627\\u0644\\u0637\\u0628\\u0627\\u0639\\u0629 \\u0648\\u0627\\u0644\\u062a\\u0646\\u0636\\u064a\\u062f. \\u0643\\u0627\\u0646 Lorem Ipsum \\u0647\\u0648 \\u0627\\u0644\\u0646\\u0635 \\u0627\\u0644\\u0648\\u0647\\u0645\\u064a \\u0627\\u0644\\u0642\\u064a\\u0627\\u0633\\u064a \\u0641\\u064a \\u0627\\u0644\\u0635\\u0646\\u0627\\u0639\\u0629 \\u0645\\u0646\\u0630 \\u0627\\u0644\\u0642\\u0631\\u0646 \\u0627\\u0644\\u062e\\u0627\\u0645\\u0633 \\u0639\\u0634\\u0631 \\u0627\\u0644\\u0645\\u064a\\u0644\\u0627\\u062f\\u064a \\u060c \\u0639\\u0646\\u062f\\u0645\\u0627 \\u0627\\u0633\\u062a\\u0648\\u0644\\u062a \\u0637\\u0627\\u0628\\u0639\\u0629 \\u063a\\u064a\\u0631 \\u0645\\u0639\\u0631\\u0648\\u0641\\u0629 \\u0639\\u0644\\u0649 \\u0644\\u0648\\u062d<\\/strong><\\/p>\"}', 1, '2021', 0, 500.000000, '110', 108, 0, '2022-09-23T19:25:00.000Z', '0.125', 2, 1, 4, 29, 2, 0, 0, 'iphone-12pro-110', NULL, 2, 1, '2021-07-08 10:59:52', '2021-07-09 15:03:21'),
(17, 4, '{\"en\":\"Oppo Reno5\",\"ar\":\"oppo reno5\"}', '{\"en\":\"<p>Lorem Ipsum is simply dummy text of the printing and typesetting industry. Lorem Ipsum has been the industry\'s standard dummy text ever since the 1500s, when an unknown printer took a galley o Lorem Ipsum is simply dummy text of the printing and typesetting industry. Lorem Ipsum has been the industry\'s standard dummy text ever since the 1500s, when an unknown printer took a galley o<\\/p>\",\"ar\":\"<p>\\u0644\\u0648\\u0631\\u064a\\u0645 \\u0625\\u064a\\u0628\\u0633\\u0648\\u0645 \\u0647\\u0648 \\u0628\\u0628\\u0633\\u0627\\u0637\\u0629 \\u0646\\u0635 \\u0634\\u0643\\u0644\\u064a \\u064a\\u0633\\u062a\\u062e\\u062f\\u0645 \\u0641\\u064a \\u0635\\u0646\\u0627\\u0639\\u0629 \\u0627\\u0644\\u0637\\u0628\\u0627\\u0639\\u0629 \\u0648\\u0627\\u0644\\u062a\\u0646\\u0636\\u064a\\u062f. \\u0643\\u0627\\u0646 \\u0644\\u0648\\u0631\\u064a\\u0645 \\u0625\\u064a\\u0628\\u0633\\u0648\\u0645 \\u0647\\u0648 \\u0627\\u0644\\u0646\\u0635 \\u0627\\u0644\\u0648\\u0647\\u0645\\u064a \\u0627\\u0644\\u0642\\u064a\\u0627\\u0633\\u064a \\u0641\\u064a \\u0627\\u0644\\u0635\\u0646\\u0627\\u0639\\u0629 \\u0645\\u0646\\u0630 \\u0627\\u0644\\u0642\\u0631\\u0646 \\u0627\\u0644\\u062e\\u0627\\u0645\\u0633 \\u0639\\u0634\\u0631 \\u0627\\u0644\\u0645\\u064a\\u0644\\u0627\\u062f\\u064a \\u060c \\u0639\\u0646\\u062f\\u0645\\u0627 \\u0623\\u062e\\u0630\\u062a \\u0637\\u0627\\u0628\\u0639\\u0629 \\u063a\\u064a\\u0631 \\u0645\\u0639\\u0631\\u0648\\u0641\\u0629 \\u0644\\u0648\\u062d\\u064b\\u0627 \\u060c \\u0623\\u0648 \\u0644\\u0648\\u0631\\u064a\\u0645 \\u0625\\u064a\\u0628\\u0633\\u0648\\u0645 \\u0647\\u0648 \\u0628\\u0628\\u0633\\u0627\\u0637\\u0629 \\u0646\\u0635 \\u0634\\u0643\\u0644\\u064a \\u0641\\u064a \\u0635\\u0646\\u0627\\u0639\\u0629 \\u0627\\u0644\\u0637\\u0628\\u0627\\u0639\\u0629 \\u0648\\u0627\\u0644\\u062a\\u0646\\u0636\\u064a\\u062f. \\u0643\\u0627\\u0646 Lorem Ipsum \\u0647\\u0648 \\u0627\\u0644\\u0646\\u0635 \\u0627\\u0644\\u0648\\u0647\\u0645\\u064a \\u0627\\u0644\\u0642\\u064a\\u0627\\u0633\\u064a \\u0641\\u064a \\u0627\\u0644\\u0635\\u0646\\u0627\\u0639\\u0629 \\u0645\\u0646\\u0630 \\u0627\\u0644\\u0642\\u0631\\u0646 \\u0627\\u0644\\u062e\\u0627\\u0645\\u0633 \\u0639\\u0634\\u0631 \\u0627\\u0644\\u0645\\u064a\\u0644\\u0627\\u062f\\u064a \\u060c \\u0639\\u0646\\u062f\\u0645\\u0627 \\u0627\\u0633\\u062a\\u0648\\u0644\\u062a \\u0637\\u0627\\u0628\\u0639\\u0629 \\u063a\\u064a\\u0631 \\u0645\\u0639\\u0631\\u0648\\u0641\\u0629 \\u0639\\u0644\\u0649 \\u0644\\u0648\\u062d<\\/p>\"}', '{\"en\":\"<p>Lorem Ipsum is simply dummy text of the printing and typesetting industry. Lorem Ipsum has been the industry\'s standard dummy text ever since the 1500s, when an unknown printer took a galley o Lorem Ipsum is simply dummy text of the printing and typesetting industry. Lorem Ipsum has been the industry\'s standard dummy text ever since the 1500s, when an unknown printer took a galley o<\\/p>\",\"ar\":\"<p>\\u0644\\u0648\\u0631\\u064a\\u0645 \\u0625\\u064a\\u0628\\u0633\\u0648\\u0645 \\u0647\\u0648 \\u0628\\u0628\\u0633\\u0627\\u0637\\u0629 \\u0646\\u0635 \\u0634\\u0643\\u0644\\u064a \\u064a\\u0633\\u062a\\u062e\\u062f\\u0645 \\u0641\\u064a \\u0635\\u0646\\u0627\\u0639\\u0629 \\u0627\\u0644\\u0637\\u0628\\u0627\\u0639\\u0629 \\u0648\\u0627\\u0644\\u062a\\u0646\\u0636\\u064a\\u062f. \\u0643\\u0627\\u0646 \\u0644\\u0648\\u0631\\u064a\\u0645 \\u0625\\u064a\\u0628\\u0633\\u0648\\u0645 \\u0647\\u0648 \\u0627\\u0644\\u0646\\u0635 \\u0627\\u0644\\u0648\\u0647\\u0645\\u064a \\u0627\\u0644\\u0642\\u064a\\u0627\\u0633\\u064a \\u0641\\u064a \\u0627\\u0644\\u0635\\u0646\\u0627\\u0639\\u0629 \\u0645\\u0646\\u0630 \\u0627\\u0644\\u0642\\u0631\\u0646 \\u0627\\u0644\\u062e\\u0627\\u0645\\u0633 \\u0639\\u0634\\u0631 \\u0627\\u0644\\u0645\\u064a\\u0644\\u0627\\u062f\\u064a \\u060c \\u0639\\u0646\\u062f\\u0645\\u0627 \\u0623\\u062e\\u0630\\u062a \\u0637\\u0627\\u0628\\u0639\\u0629 \\u063a\\u064a\\u0631 \\u0645\\u0639\\u0631\\u0648\\u0641\\u0629 \\u0644\\u0648\\u062d\\u064b\\u0627 \\u060c \\u0623\\u0648 \\u0644\\u0648\\u0631\\u064a\\u0645 \\u0625\\u064a\\u0628\\u0633\\u0648\\u0645 \\u0647\\u0648 \\u0628\\u0628\\u0633\\u0627\\u0637\\u0629 \\u0646\\u0635 \\u0634\\u0643\\u0644\\u064a \\u0641\\u064a \\u0635\\u0646\\u0627\\u0639\\u0629 \\u0627\\u0644\\u0637\\u0628\\u0627\\u0639\\u0629 \\u0648\\u0627\\u0644\\u062a\\u0646\\u0636\\u064a\\u062f. \\u0643\\u0627\\u0646 Lorem Ipsum \\u0647\\u0648 \\u0627\\u0644\\u0646\\u0635 \\u0627\\u0644\\u0648\\u0647\\u0645\\u064a \\u0627\\u0644\\u0642\\u064a\\u0627\\u0633\\u064a \\u0641\\u064a \\u0627\\u0644\\u0635\\u0646\\u0627\\u0639\\u0629 \\u0645\\u0646\\u0630 \\u0627\\u0644\\u0642\\u0631\\u0646 \\u0627\\u0644\\u062e\\u0627\\u0645\\u0633 \\u0639\\u0634\\u0631 \\u0627\\u0644\\u0645\\u064a\\u0644\\u0627\\u062f\\u064a \\u060c \\u0639\\u0646\\u062f\\u0645\\u0627 \\u0627\\u0633\\u062a\\u0648\\u0644\\u062a \\u0637\\u0627\\u0628\\u0639\\u0629 \\u063a\\u064a\\u0631 \\u0645\\u0639\\u0631\\u0648\\u0641\\u0629 \\u0639\\u0644\\u0649 \\u0644\\u0648\\u062d<\\/p>\"}', '{\"en\":\"<p>Lorem Ipsum is simply dummy text of the printing and typesetting industry. Lorem Ipsum has been the industry\'s standard dummy text ever since the 1500s, when an unknown printer took a galley o Lorem Ipsum is simply dummy text of the printing and typesetting industry. Lorem Ipsum has been the industry\'s standard dummy text ever since the 1500s, when an unknown printer took a galley o<\\/p>\",\"ar\":\"<p>\\u0644\\u0648\\u0631\\u064a\\u0645 \\u0625\\u064a\\u0628\\u0633\\u0648\\u0645 \\u0647\\u0648 \\u0628\\u0628\\u0633\\u0627\\u0637\\u0629 \\u0646\\u0635 \\u0634\\u0643\\u0644\\u064a \\u064a\\u0633\\u062a\\u062e\\u062f\\u0645 \\u0641\\u064a \\u0635\\u0646\\u0627\\u0639\\u0629 \\u0627\\u0644\\u0637\\u0628\\u0627\\u0639\\u0629 \\u0648\\u0627\\u0644\\u062a\\u0646\\u0636\\u064a\\u062f. \\u0643\\u0627\\u0646 \\u0644\\u0648\\u0631\\u064a\\u0645 \\u0625\\u064a\\u0628\\u0633\\u0648\\u0645 \\u0647\\u0648 \\u0627\\u0644\\u0646\\u0635 \\u0627\\u0644\\u0648\\u0647\\u0645\\u064a \\u0627\\u0644\\u0642\\u064a\\u0627\\u0633\\u064a \\u0641\\u064a \\u0627\\u0644\\u0635\\u0646\\u0627\\u0639\\u0629 \\u0645\\u0646\\u0630 \\u0627\\u0644\\u0642\\u0631\\u0646 \\u0627\\u0644\\u062e\\u0627\\u0645\\u0633 \\u0639\\u0634\\u0631 \\u0627\\u0644\\u0645\\u064a\\u0644\\u0627\\u062f\\u064a \\u060c \\u0639\\u0646\\u062f\\u0645\\u0627 \\u0623\\u062e\\u0630\\u062a \\u0637\\u0627\\u0628\\u0639\\u0629 \\u063a\\u064a\\u0631 \\u0645\\u0639\\u0631\\u0648\\u0641\\u0629 \\u0644\\u0648\\u062d\\u064b\\u0627 \\u060c \\u0623\\u0648 \\u0644\\u0648\\u0631\\u064a\\u0645 \\u0625\\u064a\\u0628\\u0633\\u0648\\u0645 \\u0647\\u0648 \\u0628\\u0628\\u0633\\u0627\\u0637\\u0629 \\u0646\\u0635 \\u0634\\u0643\\u0644\\u064a \\u0641\\u064a \\u0635\\u0646\\u0627\\u0639\\u0629 \\u0627\\u0644\\u0637\\u0628\\u0627\\u0639\\u0629 \\u0648\\u0627\\u0644\\u062a\\u0646\\u0636\\u064a\\u062f. \\u0643\\u0627\\u0646 Lorem Ipsum \\u0647\\u0648 \\u0627\\u0644\\u0646\\u0635 \\u0627\\u0644\\u0648\\u0647\\u0645\\u064a \\u0627\\u0644\\u0642\\u064a\\u0627\\u0633\\u064a \\u0641\\u064a \\u0627\\u0644\\u0635\\u0646\\u0627\\u0639\\u0629 \\u0645\\u0646\\u0630 \\u0627\\u0644\\u0642\\u0631\\u0646 \\u0627\\u0644\\u062e\\u0627\\u0645\\u0633 \\u0639\\u0634\\u0631 \\u0627\\u0644\\u0645\\u064a\\u0644\\u0627\\u062f\\u064a \\u060c \\u0639\\u0646\\u062f\\u0645\\u0627 \\u0627\\u0633\\u062a\\u0648\\u0644\\u062a \\u0637\\u0627\\u0628\\u0639\\u0629 \\u063a\\u064a\\u0631 \\u0645\\u0639\\u0631\\u0648\\u0641\\u0629 \\u0639\\u0644\\u0649 \\u0644\\u0648\\u062d<\\/p>\"}', 1, '123', 1, 110.000000, '1000299POCO', 1228, 0, '2021-07-08T08:00:00.000Z', '.300', 2, 1, 4, 29, 3, 0, 0, 'oppo-reno5-1000299poco', NULL, 6, 1, '2021-07-08 11:00:44', '2021-07-10 23:04:56'),
(18, 3, '{\"en\":\"Low Waist Loose Fit Frouser\",\"ar\":\"\\u0628\\u0646\\u0637\\u0644\\u0648\\u0646 \\u0641\\u0636\\u0641\\u0627\\u0636 \\u0628\\u062e\\u0635\\u0631 \\u0645\\u0646\\u062e\\u0641\\u0636\"}', '{\"ar\":\"<p>Lorem Ipsum is simply <i><strong>dummy text<\\/strong><\\/i> of the printing and typesetting industry. Lorem Ipsum has been the industry\'s standard <i><strong>dummy text<\\/strong><\\/i> ever since the 1500s,&nbsp;<\\/p>\",\"en\":\"<p>Lorem Ipsum is simply <i><strong>dummy text<\\/strong><\\/i> of the printing and typesetting industry. Lorem Ipsum has been the industry\'s standard <i><strong>dummy text<\\/strong><\\/i> ever since the 1500s,&nbsp;<\\/p>\"}', '{\"ar\":\"<p>Lorem Ipsum is simply <i><strong>dummy text<\\/strong><\\/i> of the printing and typesetting industry. Lorem Ipsum has been the industry\'s standard <i><strong>dummy text<\\/strong><\\/i> ever since the 1500s,&nbsp;<\\/p>\",\"en\":\"<p>Lorem Ipsum is simply <i><strong>dummy text<\\/strong><\\/i> of the printing and typesetting industry. Lorem Ipsum has been the industry\'s standard <i><strong>dummy text<\\/strong><\\/i> ever since the 1500s,&nbsp;<\\/p>\"}', '{\"ar\":\"<p>Lorem Ipsum is simply <i><strong>dummy text<\\/strong><\\/i> of the printing and typesetting industry. Lorem Ipsum has been the industry\'s standard <i><strong>dummy text<\\/strong><\\/i> ever since the 1500s,&nbsp;<\\/p>\",\"en\":\"<p>Lorem Ipsum is simply <i><strong>dummy text<\\/strong><\\/i> of the printing and typesetting industry. Lorem Ipsum has been the industry\'s standard <i><strong>dummy text<\\/strong><\\/i> ever since the 1500s,&nbsp;<\\/p>\"}', 1, 'jeans', 0, 300.000000, '1223344WJ', 100, 0, '2021-07-08T11:58:00.000Z', '0.700', 2, 1, 3, 28, 3, 0, 0, 'low-waist-loose-fit-frouser-1223344wj', NULL, 10, 1, '2021-07-08 15:03:33', '2021-07-10 23:03:30'),
(19, 3, '{\"en\":\"Push Up Legging Women Jeans Fashion Skinny jeans\",\"ar\":\"Push Up Legging Women Fashion \\u0627\\u0644\\u062c\\u064a\\u0646\\u0632 \\u0627\\u0644\\u0636\\u064a\\u0642\"}', '{\"ar\":\"<p>Lorem ipsum dolor sit amet, consectetur adipiscing elit. Nulla vel fringilla ante. In eu erat enim. Phasellus cursus accumsan sem, ac mollis&nbsp;<\\/p>\",\"en\":\"<p>Lorem ipsum dolor sit amet, consectetur adipiscing elit. Nulla vel fringilla ante. In eu erat enim. Phasellus cursus accumsan sem, ac mollis&nbsp;<\\/p>\"}', '{\"ar\":\"<p>Lorem ipsum dolor sit amet, consectetur adipiscing elit. Nulla vel fringilla ante. In eu erat enim. Phasellus cursus accumsan sem, ac mollis&nbsp;<\\/p>\",\"en\":\"<p>Lorem ipsum dolor sit amet, consectetur adipiscing elit. Nulla vel fringilla ante. In eu erat enim. Phasellus cursus accumsan sem, ac mollis&nbsp;<\\/p>\"}', '{\"ar\":\"<p>Lorem ipsum dolor sit amet, consectetur adipiscing elit. Nulla vel fringilla ante. In eu erat enim. Phasellus cursus accumsan sem, ac mollis&nbsp;<\\/p>\",\"en\":\"<p>Lorem ipsum dolor sit amet, consectetur adipiscing elit. Nulla vel fringilla ante. In eu erat enim. Phasellus cursus accumsan sem, ac mollis&nbsp;<\\/p>\"}', 1, 'fashion', 0, 250.000000, '200039WJ', 120093, 0, '2021-07-08T12:08:00.000Z', '0.550', 2, 1, 3, 28, 3, 0, 0, 'push-up-legging-women-jeans-fashion-skinny-jeans-200039wj', NULL, 10, 1, '2021-07-08 15:11:59', '2021-07-08 15:17:31'),
(20, 3, '{\"en\":\"Elegant Side Sash Elastic High Waist  Skirts\",\"ar\":\"Elegant Side Sash Elastic High Waist  Skirts\"}', '{\"ar\":\"<p>orem ipsum dolor sit amet, consectetur adipiscing elit. Nulla vel fringilla ante. In eu erat enim. Phasellus cursus accumsan sem, ac mollis sem semper pharetra. Donec laoreet vel ligula ac dictum. Cras faucibus vitae leo ac interdum<\\/p>\",\"en\":\"<p>orem ipsum dolor sit amet, consectetur adipiscing elit. Nulla vel fringilla ante. In eu erat enim. Phasellus cursus accumsan sem, ac mollis sem semper pharetra. Donec laoreet vel ligula ac dictum. Cras faucibus vitae leo ac interdum<\\/p>\"}', '{\"ar\":\"<p>orem ipsum dolor sit amet, consectetur adipiscing elit. Nulla vel fringilla ante. In eu erat enim. Phasellus cursus accumsan sem, ac mollis sem semper pharetra. Donec laoreet vel ligula ac dictum. Cras faucibus vitae leo ac interdum<\\/p>\",\"en\":\"<p>orem ipsum dolor sit amet, consectetur adipiscing elit. Nulla vel fringilla ante. In eu erat enim. Phasellus cursus accumsan sem, ac mollis sem semper pharetra. Donec laoreet vel ligula ac dictum. Cras faucibus vitae leo ac interdum<\\/p>\"}', '{\"ar\":\"<p>orem ipsum dolor sit amet, consectetur adipiscing elit. Nulla vel fringilla ante. In eu erat enim. Phasellus cursus accumsan sem, ac mollis sem semper pharetra. Donec laoreet vel ligula ac dictum. Cras faucibus vitae leo ac interdum<\\/p>\",\"en\":\"<p>orem ipsum dolor sit amet, consectetur adipiscing elit. Nulla vel fringilla ante. In eu erat enim. Phasellus cursus accumsan sem, ac mollis sem semper pharetra. Donec laoreet vel ligula ac dictum. Cras faucibus vitae leo ac interdum<\\/p>\"}', 2, '233888jjj', 0, 200.000000, '120009WJ', 232332, 0, '2021-07-08T12:18:00.000Z', '0.300', 2, 1, 3, 28, 3, 0, 0, 'elegant-side-sash-elastic-high-waist-skirts-120009wj', NULL, 10, 1, '2021-07-08 15:21:22', '2021-07-08 15:21:22'),
(21, 4, '{\"en\":\"Hawei Mate 40 Plus\",\"ar\":\"\\u0647\\u0648\\u0627\\u0648\\u064a \\u0645\\u064a\\u062a 40 \\u0628\\u0644\\u0633\"}', '{\"en\":\"<p>Lorem Ipsum is simply dummy text of the printing and typesetting industry. Lorem Ipsum has been the industry\'s standard dummy text ever since the 1500s, when an unknown printer took a galley o Lorem Ipsum is simply dummy text of the printing and typesetting industry. Lorem Ipsum has been the industry\'s standard dummy text ever since the 1500s, when an unknown printer took a galley&nbsp;<\\/p>\",\"ar\":\"<p>\\u0644\\u0648\\u0631\\u064a\\u0645 \\u0625\\u064a\\u0628\\u0633\\u0648\\u0645 \\u0647\\u0648 \\u0628\\u0628\\u0633\\u0627\\u0637\\u0629 \\u0646\\u0635 \\u0634\\u0643\\u0644\\u064a \\u064a\\u0633\\u062a\\u062e\\u062f\\u0645 \\u0641\\u064a \\u0635\\u0646\\u0627\\u0639\\u0629 \\u0627\\u0644\\u0637\\u0628\\u0627\\u0639\\u0629 \\u0648\\u0627\\u0644\\u062a\\u0646\\u0636\\u064a\\u062f. \\u0643\\u0627\\u0646 \\u0644\\u0648\\u0631\\u064a\\u0645 \\u0625\\u064a\\u0628\\u0633\\u0648\\u0645 \\u0647\\u0648 \\u0627\\u0644\\u0646\\u0635 \\u0627\\u0644\\u0648\\u0647\\u0645\\u064a \\u0627\\u0644\\u0642\\u064a\\u0627\\u0633\\u064a \\u0641\\u064a \\u0627\\u0644\\u0635\\u0646\\u0627\\u0639\\u0629 \\u0645\\u0646\\u0630 \\u0627\\u0644\\u0642\\u0631\\u0646 \\u0627\\u0644\\u062e\\u0627\\u0645\\u0633 \\u0639\\u0634\\u0631 \\u0627\\u0644\\u0645\\u064a\\u0644\\u0627\\u062f\\u064a \\u060c \\u0639\\u0646\\u062f\\u0645\\u0627 \\u0623\\u062e\\u0630\\u062a \\u0637\\u0627\\u0628\\u0639\\u0629 \\u063a\\u064a\\u0631 \\u0645\\u0639\\u0631\\u0648\\u0641\\u0629 \\u0644\\u0648\\u062d\\u064b\\u0627 \\u060c \\u0623\\u0648 \\u0644\\u0648\\u0631\\u064a\\u0645 \\u0625\\u064a\\u0628\\u0633\\u0648\\u0645 \\u0647\\u0648 \\u0628\\u0628\\u0633\\u0627\\u0637\\u0629 \\u0646\\u0635 \\u0634\\u0643\\u0644\\u064a \\u0641\\u064a \\u0635\\u0646\\u0627\\u0639\\u0629 \\u0627\\u0644\\u0637\\u0628\\u0627\\u0639\\u0629 \\u0648\\u0627\\u0644\\u062a\\u0646\\u0636\\u064a\\u062f. \\u0643\\u0627\\u0646 Lorem Ipsum \\u0647\\u0648 \\u0627\\u0644\\u0646\\u0635 \\u0627\\u0644\\u0648\\u0647\\u0645\\u064a \\u0627\\u0644\\u0642\\u064a\\u0627\\u0633\\u064a \\u0641\\u064a \\u0627\\u0644\\u0635\\u0646\\u0627\\u0639\\u0629 \\u0645\\u0646\\u0630 \\u0627\\u0644\\u0642\\u0631\\u0646 \\u0627\\u0644\\u062e\\u0627\\u0645\\u0633 \\u0639\\u0634\\u0631 \\u0627\\u0644\\u0645\\u064a\\u0644\\u0627\\u062f\\u064a \\u060c \\u0639\\u0646\\u062f\\u0645\\u0627 \\u0623\\u062e\\u0630\\u062a \\u0637\\u0627\\u0628\\u0639\\u0629 \\u063a\\u064a\\u0631 \\u0645\\u0639\\u0631\\u0648\\u0641\\u0629 \\u0644\\u0648\\u062d\\u064b\\u0627<\\/p>\"}', '{\"en\":\"<p>Lorem Ipsum is simply dummy text of the printing and typesetting industry. Lorem Ipsum has been the industry\'s standard dummy text ever since the 1500s, when an unknown printer took a galley o Lorem Ipsum is simply dummy text of the printing and typesetting industry. Lorem Ipsum has been the industry\'s standard dummy text ever since the 1500s, when an unknown printer took a galley&nbsp;<\\/p>\",\"ar\":\"<p>\\u0644\\u0648\\u0631\\u064a\\u0645 \\u0625\\u064a\\u0628\\u0633\\u0648\\u0645 \\u0647\\u0648 \\u0628\\u0628\\u0633\\u0627\\u0637\\u0629 \\u0646\\u0635 \\u0634\\u0643\\u0644\\u064a \\u064a\\u0633\\u062a\\u062e\\u062f\\u0645 \\u0641\\u064a \\u0635\\u0646\\u0627\\u0639\\u0629 \\u0627\\u0644\\u0637\\u0628\\u0627\\u0639\\u0629 \\u0648\\u0627\\u0644\\u062a\\u0646\\u0636\\u064a\\u062f. \\u0643\\u0627\\u0646 \\u0644\\u0648\\u0631\\u064a\\u0645 \\u0625\\u064a\\u0628\\u0633\\u0648\\u0645 \\u0647\\u0648 \\u0627\\u0644\\u0646\\u0635 \\u0627\\u0644\\u0648\\u0647\\u0645\\u064a \\u0627\\u0644\\u0642\\u064a\\u0627\\u0633\\u064a \\u0641\\u064a \\u0627\\u0644\\u0635\\u0646\\u0627\\u0639\\u0629 \\u0645\\u0646\\u0630 \\u0627\\u0644\\u0642\\u0631\\u0646 \\u0627\\u0644\\u062e\\u0627\\u0645\\u0633 \\u0639\\u0634\\u0631 \\u0627\\u0644\\u0645\\u064a\\u0644\\u0627\\u062f\\u064a \\u060c \\u0639\\u0646\\u062f\\u0645\\u0627 \\u0623\\u062e\\u0630\\u062a \\u0637\\u0627\\u0628\\u0639\\u0629 \\u063a\\u064a\\u0631 \\u0645\\u0639\\u0631\\u0648\\u0641\\u0629 \\u0644\\u0648\\u062d\\u064b\\u0627 \\u060c \\u0623\\u0648 \\u0644\\u0648\\u0631\\u064a\\u0645 \\u0625\\u064a\\u0628\\u0633\\u0648\\u0645 \\u0647\\u0648 \\u0628\\u0628\\u0633\\u0627\\u0637\\u0629 \\u0646\\u0635 \\u0634\\u0643\\u0644\\u064a \\u0641\\u064a \\u0635\\u0646\\u0627\\u0639\\u0629 \\u0627\\u0644\\u0637\\u0628\\u0627\\u0639\\u0629 \\u0648\\u0627\\u0644\\u062a\\u0646\\u0636\\u064a\\u062f. \\u0643\\u0627\\u0646 Lorem Ipsum \\u0647\\u0648 \\u0627\\u0644\\u0646\\u0635 \\u0627\\u0644\\u0648\\u0647\\u0645\\u064a \\u0627\\u0644\\u0642\\u064a\\u0627\\u0633\\u064a \\u0641\\u064a \\u0627\\u0644\\u0635\\u0646\\u0627\\u0639\\u0629 \\u0645\\u0646\\u0630 \\u0627\\u0644\\u0642\\u0631\\u0646 \\u0627\\u0644\\u062e\\u0627\\u0645\\u0633 \\u0639\\u0634\\u0631 \\u0627\\u0644\\u0645\\u064a\\u0644\\u0627\\u062f\\u064a \\u060c \\u0639\\u0646\\u062f\\u0645\\u0627 \\u0623\\u062e\\u0630\\u062a \\u0637\\u0627\\u0628\\u0639\\u0629 \\u063a\\u064a\\u0631 \\u0645\\u0639\\u0631\\u0648\\u0641\\u0629 \\u0644\\u0648\\u062d\\u064b\\u0627<\\/p>\"}', '{\"en\":\"<p>Lorem Ipsum is simply dummy text of the printing and typesetting industry. Lorem Ipsum has been the industry\'s standard dummy text ever since the 1500s, when an unknown printer took a galley o Lorem Ipsum is simply dummy text of the printing and typesetting industry. Lorem Ipsum has been the industry\'s standard dummy text ever since the 1500s, when an unknown printer took a galley&nbsp;<\\/p>\",\"ar\":\"<p>\\u0644\\u0648\\u0631\\u064a\\u0645 \\u0625\\u064a\\u0628\\u0633\\u0648\\u0645 \\u0647\\u0648 \\u0628\\u0628\\u0633\\u0627\\u0637\\u0629 \\u0646\\u0635 \\u0634\\u0643\\u0644\\u064a \\u064a\\u0633\\u062a\\u062e\\u062f\\u0645 \\u0641\\u064a \\u0635\\u0646\\u0627\\u0639\\u0629 \\u0627\\u0644\\u0637\\u0628\\u0627\\u0639\\u0629 \\u0648\\u0627\\u0644\\u062a\\u0646\\u0636\\u064a\\u062f. \\u0643\\u0627\\u0646 \\u0644\\u0648\\u0631\\u064a\\u0645 \\u0625\\u064a\\u0628\\u0633\\u0648\\u0645 \\u0647\\u0648 \\u0627\\u0644\\u0646\\u0635 \\u0627\\u0644\\u0648\\u0647\\u0645\\u064a \\u0627\\u0644\\u0642\\u064a\\u0627\\u0633\\u064a \\u0641\\u064a \\u0627\\u0644\\u0635\\u0646\\u0627\\u0639\\u0629 \\u0645\\u0646\\u0630 \\u0627\\u0644\\u0642\\u0631\\u0646 \\u0627\\u0644\\u062e\\u0627\\u0645\\u0633 \\u0639\\u0634\\u0631 \\u0627\\u0644\\u0645\\u064a\\u0644\\u0627\\u062f\\u064a \\u060c \\u0639\\u0646\\u062f\\u0645\\u0627 \\u0623\\u062e\\u0630\\u062a \\u0637\\u0627\\u0628\\u0639\\u0629 \\u063a\\u064a\\u0631 \\u0645\\u0639\\u0631\\u0648\\u0641\\u0629 \\u0644\\u0648\\u062d\\u064b\\u0627 \\u060c \\u0623\\u0648 \\u0644\\u0648\\u0631\\u064a\\u0645 \\u0625\\u064a\\u0628\\u0633\\u0648\\u0645 \\u0647\\u0648 \\u0628\\u0628\\u0633\\u0627\\u0637\\u0629 \\u0646\\u0635 \\u0634\\u0643\\u0644\\u064a \\u0641\\u064a \\u0635\\u0646\\u0627\\u0639\\u0629 \\u0627\\u0644\\u0637\\u0628\\u0627\\u0639\\u0629 \\u0648\\u0627\\u0644\\u062a\\u0646\\u0636\\u064a\\u062f. \\u0643\\u0627\\u0646 Lorem Ipsum \\u0647\\u0648 \\u0627\\u0644\\u0646\\u0635 \\u0627\\u0644\\u0648\\u0647\\u0645\\u064a \\u0627\\u0644\\u0642\\u064a\\u0627\\u0633\\u064a \\u0641\\u064a \\u0627\\u0644\\u0635\\u0646\\u0627\\u0639\\u0629 \\u0645\\u0646\\u0630 \\u0627\\u0644\\u0642\\u0631\\u0646 \\u0627\\u0644\\u062e\\u0627\\u0645\\u0633 \\u0639\\u0634\\u0631 \\u0627\\u0644\\u0645\\u064a\\u0644\\u0627\\u062f\\u064a \\u060c \\u0639\\u0646\\u062f\\u0645\\u0627 \\u0623\\u062e\\u0630\\u062a \\u0637\\u0627\\u0628\\u0639\\u0629 \\u063a\\u064a\\u0631 \\u0645\\u0639\\u0631\\u0648\\u0641\\u0629 \\u0644\\u0648\\u062d\\u064b\\u0627<\\/p>\"}', 1, '2021', 1, 98.000000, '111', 111, 0, '2021-07-08T12:22:00.000Z', '0.3', 2, 1, 4, 29, 2, 0, 0, 'hawei-mate-40-plus-111', NULL, 100, 1, '2021-07-08 15:25:21', '2021-07-09 09:16:08'),
(22, 3, '{\"en\":\"spring summer sandals\",\"ar\":\"\\u0635\\u0646\\u0627\\u062f\\u0644 \\u0644\\u0631\\u0628\\u064a\\u0639 \\u0648\\u0635\\u064a\\u0641\"}', '{\"ar\":\"<p><strong>Lorem Ipsum<\\/strong> is simply dummy text of the printing and typesetting industry<\\/p>\",\"en\":\"<p><strong>Lorem Ipsum<\\/strong> is simply dummy text of the printing and typesetting industry<\\/p>\"}', '{\"ar\":\"<p><strong>Lorem Ipsum<\\/strong> is simply dummy text of the printing and typesetting industry<\\/p>\",\"en\":\"<p><strong>Lorem Ipsum<\\/strong> is simply dummy text of the printing and typesetting industry<\\/p>\"}', '{\"ar\":\"<p><strong>Lorem Ipsum<\\/strong> is simply dummy text of the printing and typesetting industry<\\/p>\",\"en\":\"<p><strong>Lorem Ipsum<\\/strong> is simply dummy text of the printing and typesetting industry<\\/p>\"}', 1, '23432', 1, 330.000000, '`1000WN', 324324, 0, '2021-07-10T13:24:00.000Z', '0.200', 2, 0, 3, 28, 3, 0, 0, 'spring-summer-sandals-1000wn', NULL, 5, 1, '2021-07-08 16:28:50', '2021-07-09 09:24:39');
INSERT INTO `products` (`id`, `vendor_id`, `name`, `description`, `short_description`, `refund_policy`, `product_type`, `modal`, `is_feature`, `price`, `sku`, `stock`, `quantity`, `available_date`, `weight`, `unit_id`, `is_active`, `manufacturer_id`, `brand_id`, `tax_class_id`, `product_ordered`, `product_liked`, `slug`, `external_link`, `max_order`, `min_order`, `created_at`, `updated_at`) VALUES
(23, 3, '{\"en\":\"Black Enamel Stone Rings\",\"ar\":\"\\u062e\\u0648\\u0627\\u062a\\u0645 \\u062d\\u062c\\u0631 \\u0627\\u0644\\u0645\\u064a\\u0646\\u0627 \\u0627\\u0644\\u0623\\u0633\\u0648\\u062f\"}', '{\"en\":\"<p><strong>Lorem Ipsum<\\/strong> is simply dummy text of the printing and typesetting industry. Lorem Ipsum has been the industry\'s standard dummy text ever since the 1500s, when an unknown printer took a galley of type and scrambled it to make a type specimen book. It has survived not only five centuries, but also the leap into electronic typesetting, remaining essentially unchanged. It was popularised in the 1960s with the release of Letraset sheets containing Lorem Ipsum passages, and more recently with desktop publishing software like Aldus PageMaker including versions of Lorem Ipsum.<\\/p>\",\"ar\":\"<p>\\u0644\\u0643\\u0646 \\u0644\\u0627 \\u0628\\u062f \\u0623\\u0646 \\u0623\\u0648\\u0636\\u062d \\u0644\\u0643 \\u0623\\u0646 \\u0643\\u0644 \\u0647\\u0630\\u0647 \\u0627\\u0644\\u0623\\u0641\\u0643\\u0627\\u0631 \\u0627\\u0644\\u0645\\u063a\\u0644\\u0648\\u0637\\u0629 \\u062d\\u0648\\u0644 \\u0627\\u0633\\u062a\\u0646\\u0643\\u0627\\u0631 &nbsp;\\u0627\\u0644\\u0646\\u0634\\u0648\\u0629 \\u0648\\u062a\\u0645\\u062c\\u064a\\u062f \\u0627\\u0644\\u0623\\u0644\\u0645 \\u0646\\u0634\\u0623\\u062a \\u0628\\u0627\\u0644\\u0641\\u0639\\u0644\\u060c \\u0648\\u0633\\u0623\\u0639\\u0631\\u0636 \\u0644\\u0643 \\u0627\\u0644\\u062a\\u0641\\u0627\\u0635\\u064a\\u0644 \\u0644\\u062a\\u0643\\u062a\\u0634\\u0641 \\u062d\\u0642\\u064a\\u0642\\u0629 \\u0648\\u0623\\u0633\\u0627\\u0633 \\u062a\\u0644\\u0643 \\u0627\\u0644\\u0633\\u0639\\u0627\\u062f\\u0629 \\u0627\\u0644\\u0628\\u0634\\u0631\\u064a\\u0629\\u060c \\u0641\\u0644\\u0627 \\u0623\\u062d\\u062f \\u064a\\u0631\\u0641\\u0636 \\u0623\\u0648 \\u064a\\u0643\\u0631\\u0647 \\u0623\\u0648 \\u064a\\u062a\\u062c\\u0646\\u0628 \\u0627\\u0644\\u0634\\u0639\\u0648\\u0631 \\u0628\\u0627\\u0644\\u0633\\u0639\\u0627\\u062f\\u0629\\u060c \\u0648\\u0644\\u0643\\u0646 \\u0628\\u0641\\u0636\\u0644 \\u0647\\u0624\\u0644\\u0627\\u0621 \\u0627\\u0644\\u0623\\u0634\\u062e\\u0627\\u0635 \\u0627\\u0644\\u0630\\u064a\\u0646 \\u0644\\u0627 \\u064a\\u062f\\u0631\\u0643\\u0648\\u0646 \\u0628\\u0623\\u0646 \\u0627\\u0644\\u0633\\u0639\\u0627\\u062f\\u0629 \\u0644\\u0627 \\u0628\\u062f \\u0623\\u0646 \\u0646\\u0633\\u062a\\u0634\\u0639\\u0631\\u0647\\u0627 \\u0628\\u0635\\u0648\\u0631\\u0629 \\u0623\\u0643\\u062b\\u0631 \\u0639\\u0642\\u0644\\u0627\\u0646\\u064a\\u0629 \\u0648\\u0645\\u0646\\u0637\\u0642\\u064a\\u0629 \\u0641\\u064a\\u0639\\u0631\\u0636\\u0647\\u0645 \\u0647\\u0630\\u0627 \\u0644\\u0645\\u0648\\u0627\\u062c\\u0647\\u0629 \\u0627\\u0644\\u0638\\u0631\\u0648\\u0641 \\u0627\\u0644\\u0623\\u0644\\u064a\\u0645\\u0629\\u060c \\u0648\\u0623\\u0643\\u0631\\u0631 \\u0628\\u0623\\u0646\\u0647 \\u0644\\u0627 \\u064a\\u0648\\u062c\\u062f \\u0645\\u0646 \\u064a\\u0631\\u063a\\u0628 \\u0641\\u064a \\u0627\\u0644\\u062d\\u0628 \\u0648\\u0646\\u064a\\u0644 \\u0627\\u0644\\u0645\\u0646\\u0627\\u0644 \\u0648\\u064a\\u062a\\u0644\\u0630\\u0630 \\u0628\\u0627\\u0644\\u0622\\u0644\\u0627\\u0645\\u060c \\u0627\\u0644\\u0623\\u0644\\u0645 \\u0647\\u0648 \\u0627\\u0644\\u0623\\u0644\\u0645 \\u0648\\u0644\\u0643\\u0646 \\u0646\\u062a\\u064a\\u062c\\u0629 \\u0644\\u0638\\u0631\\u0648\\u0641 \\u0645\\u0627 \\u0642\\u062f \\u062a\\u0643\\u0645\\u0646 \\u0627\\u0644\\u0633\\u0639\\u0627\\u062f\\u0647 \\u0641\\u064a\\u0645\\u0627 \\u0646\\u062a\\u062d\\u0645\\u0644\\u0647 \\u0645\\u0646 \\u0643\\u062f \\u0648\\u0623\\u0633\\u064a.<\\/p><p>\\u0648 \\u0633\\u0623\\u0639\\u0631\\u0636 \\u0645\\u062b\\u0627\\u0644 \\u062d\\u064a \\u0644\\u0647\\u0630\\u0627\\u060c \\u0645\\u0646 \\u0645\\u0646\\u0627 \\u0644\\u0645 \\u064a\\u062a\\u062d\\u0645\\u0644 \\u062c\\u0647\\u062f \\u0628\\u062f\\u0646\\u064a \\u0634\\u0627\\u0642 \\u0625\\u0644\\u0627 \\u0645\\u0646 \\u0623\\u062c\\u0644 \\u0627\\u0644\\u062d\\u0635\\u0648\\u0644 \\u0639\\u0644\\u0649 \\u0645\\u064a\\u0632\\u0629 \\u0623\\u0648 \\u0641\\u0627\\u0626\\u062f\\u0629\\u061f \\u0648\\u0644\\u0643\\u0646 \\u0645\\u0646 \\u0644\\u062f\\u064a\\u0647 \\u0627\\u0644\\u062d\\u0642 \\u0623\\u0646 \\u064a\\u0646\\u062a\\u0642\\u062f \\u0634\\u062e\\u0635 \\u0645\\u0627 \\u0623\\u0631\\u0627\\u062f \\u0623\\u0646 \\u064a\\u0634\\u0639\\u0631 \\u0628\\u0627\\u0644\\u0633\\u0639\\u0627\\u062f\\u0629 \\u0627\\u0644\\u062a\\u064a \\u0644\\u0627 \\u062a\\u0634\\u0648\\u0628\\u0647\\u0627 \\u0639\\u0648\\u0627\\u0642\\u0628 \\u0623\\u0644\\u064a\\u0645\\u0629 \\u0623\\u0648 \\u0622\\u062e\\u0631 \\u0623\\u0631\\u0627\\u062f \\u0623\\u0646 \\u064a\\u062a\\u062c\\u0646\\u0628 \\u0627\\u0644\\u0623\\u0644\\u0645 \\u0627\\u0644\\u0630\\u064a \\u0631\\u0628\\u0645\\u0627 \\u062a\\u0646\\u062c\\u0645 \\u0639\\u0646\\u0647 \\u0628\\u0639\\u0636 \\u0627\\u0644\\u0645\\u062a\\u0639\\u0629 \\u061f&nbsp;<br>\\u0639\\u0644\\u064a \\u0627\\u0644\\u062c\\u0627\\u0646\\u0628 \\u0627\\u0644\\u0622\\u062e\\u0631 \\u0646\\u0634\\u062c\\u0628 \\u0648\\u0646\\u0633\\u062a\\u0646\\u0643\\u0631 \\u0647\\u0624\\u0644\\u0627\\u0621 \\u0627\\u0644\\u0631\\u062c\\u0627\\u0644 \\u0627\\u0644\\u0645\\u0641\\u062a\\u0648\\u0646\\u0648\\u0646 \\u0628\\u0646\\u0634\\u0648\\u0629 \\u0627\\u0644\\u0644\\u062d\\u0638\\u0629 \\u0627\\u0644\\u0647\\u0627\\u0626\\u0645\\u0648\\u0646 \\u0641\\u064a \\u0631\\u063a\\u0628\\u0627\\u062a\\u0647\\u0645 \\u0641\\u0644\\u0627 \\u064a\\u062f\\u0631\\u0643\\u0648\\u0646 \\u0645\\u0627 \\u064a\\u0639\\u0642\\u0628\\u0647\\u0627 \\u0645\\u0646 \\u0627\\u0644\\u0623\\u0644\\u0645 \\u0648\\u0627\\u0644\\u0623\\u0633\\u064a \\u0627\\u0644\\u0645\\u062d\\u062a\\u0645\\u060c \\u0648\\u0627\\u0644\\u0644\\u0648\\u0645 \\u0643\\u0630\\u0644\\u0643 \\u064a\\u0634\\u0645\\u0644 \\u0647\\u0624\\u0644\\u0627\\u0621 \\u0627\\u0644\\u0630\\u064a\\u0646 \\u0623\\u062e\\u0641\\u0642\\u0648\\u0627 \\u0641\\u064a \\u0648\\u0627\\u062c\\u0628\\u0627\\u062a\\u0647\\u0645 \\u0646\\u062a\\u064a\\u062c\\u0629 \\u0644\\u0636\\u0639\\u0641 \\u0625\\u0631\\u0627\\u062f\\u062a\\u0647\\u0645 \\u0641\\u064a\\u062a\\u0633\\u0627\\u0648\\u064a \\u0645\\u0639 \\u0647\\u0624\\u0644\\u0627\\u0621 \\u0627\\u0644\\u0630\\u064a\\u0646 \\u064a\\u062a\\u062c\\u0646\\u0628\\u0648\\u0646 \\u0648\\u064a\\u0646\\u0623\\u0648\\u0646 \\u0639\\u0646 \\u062a\\u062d\\u0645\\u0644 \\u0627\\u0644\\u0643\\u062f\\u062d \\u0648\\u0627\\u0644\\u0623\\u0644\\u0645 .<\\/p>\"}', '{\"en\":\"<p><strong>Lorem Ipsum<\\/strong> is simply dummy text of the printing and typesetting industry. Lorem Ipsum has been the industry\'s standard dummy text ever since the 1500s, when an unknown printer took a galley of type and scrambled it to make a type specimen book. It has survived not only five centuries, but also the leap into electronic typesetting, remaining essentially unchanged. It was popularised in the 1960s with the release of Letraset sheets containing Lorem Ipsum passages, and more recently with desktop publishing software like Aldus PageMaker including versions of Lorem Ipsum.<\\/p>\",\"ar\":\"<p>\\u0644\\u0643\\u0646 \\u0644\\u0627 \\u0628\\u062f \\u0623\\u0646 \\u0623\\u0648\\u0636\\u062d \\u0644\\u0643 \\u0623\\u0646 \\u0643\\u0644 \\u0647\\u0630\\u0647 \\u0627\\u0644\\u0623\\u0641\\u0643\\u0627\\u0631 \\u0627\\u0644\\u0645\\u063a\\u0644\\u0648\\u0637\\u0629 \\u062d\\u0648\\u0644 \\u0627\\u0633\\u062a\\u0646\\u0643\\u0627\\u0631 &nbsp;\\u0627\\u0644\\u0646\\u0634\\u0648\\u0629 \\u0648\\u062a\\u0645\\u062c\\u064a\\u062f \\u0627\\u0644\\u0623\\u0644\\u0645 \\u0646\\u0634\\u0623\\u062a \\u0628\\u0627\\u0644\\u0641\\u0639\\u0644\\u060c \\u0648\\u0633\\u0623\\u0639\\u0631\\u0636 \\u0644\\u0643 \\u0627\\u0644\\u062a\\u0641\\u0627\\u0635\\u064a\\u0644 \\u0644\\u062a\\u0643\\u062a\\u0634\\u0641 \\u062d\\u0642\\u064a\\u0642\\u0629 \\u0648\\u0623\\u0633\\u0627\\u0633 \\u062a\\u0644\\u0643 \\u0627\\u0644\\u0633\\u0639\\u0627\\u062f\\u0629 \\u0627\\u0644\\u0628\\u0634\\u0631\\u064a\\u0629\\u060c \\u0641\\u0644\\u0627 \\u0623\\u062d\\u062f \\u064a\\u0631\\u0641\\u0636 \\u0623\\u0648 \\u064a\\u0643\\u0631\\u0647 \\u0623\\u0648 \\u064a\\u062a\\u062c\\u0646\\u0628 \\u0627\\u0644\\u0634\\u0639\\u0648\\u0631 \\u0628\\u0627\\u0644\\u0633\\u0639\\u0627\\u062f\\u0629\\u060c \\u0648\\u0644\\u0643\\u0646 \\u0628\\u0641\\u0636\\u0644 \\u0647\\u0624\\u0644\\u0627\\u0621 \\u0627\\u0644\\u0623\\u0634\\u062e\\u0627\\u0635 \\u0627\\u0644\\u0630\\u064a\\u0646 \\u0644\\u0627 \\u064a\\u062f\\u0631\\u0643\\u0648\\u0646 \\u0628\\u0623\\u0646 \\u0627\\u0644\\u0633\\u0639\\u0627\\u062f\\u0629 \\u0644\\u0627 \\u0628\\u062f \\u0623\\u0646 \\u0646\\u0633\\u062a\\u0634\\u0639\\u0631\\u0647\\u0627 \\u0628\\u0635\\u0648\\u0631\\u0629 \\u0623\\u0643\\u062b\\u0631 \\u0639\\u0642\\u0644\\u0627\\u0646\\u064a\\u0629 \\u0648\\u0645\\u0646\\u0637\\u0642\\u064a\\u0629 \\u0641\\u064a\\u0639\\u0631\\u0636\\u0647\\u0645 \\u0647\\u0630\\u0627 \\u0644\\u0645\\u0648\\u0627\\u062c\\u0647\\u0629 \\u0627\\u0644\\u0638\\u0631\\u0648\\u0641 \\u0627\\u0644\\u0623\\u0644\\u064a\\u0645\\u0629\\u060c \\u0648\\u0623\\u0643\\u0631\\u0631 \\u0628\\u0623\\u0646\\u0647 \\u0644\\u0627 \\u064a\\u0648\\u062c\\u062f \\u0645\\u0646 \\u064a\\u0631\\u063a\\u0628 \\u0641\\u064a \\u0627\\u0644\\u062d\\u0628 \\u0648\\u0646\\u064a\\u0644 \\u0627\\u0644\\u0645\\u0646\\u0627\\u0644 \\u0648\\u064a\\u062a\\u0644\\u0630\\u0630 \\u0628\\u0627\\u0644\\u0622\\u0644\\u0627\\u0645\\u060c \\u0627\\u0644\\u0623\\u0644\\u0645 \\u0647\\u0648 \\u0627\\u0644\\u0623\\u0644\\u0645 \\u0648\\u0644\\u0643\\u0646 \\u0646\\u062a\\u064a\\u062c\\u0629 \\u0644\\u0638\\u0631\\u0648\\u0641 \\u0645\\u0627 \\u0642\\u062f \\u062a\\u0643\\u0645\\u0646 \\u0627\\u0644\\u0633\\u0639\\u0627\\u062f\\u0647 \\u0641\\u064a\\u0645\\u0627 \\u0646\\u062a\\u062d\\u0645\\u0644\\u0647 \\u0645\\u0646 \\u0643\\u062f \\u0648\\u0623\\u0633\\u064a.<\\/p><p>\\u0648 \\u0633\\u0623\\u0639\\u0631\\u0636 \\u0645\\u062b\\u0627\\u0644 \\u062d\\u064a \\u0644\\u0647\\u0630\\u0627\\u060c \\u0645\\u0646 \\u0645\\u0646\\u0627 \\u0644\\u0645 \\u064a\\u062a\\u062d\\u0645\\u0644 \\u062c\\u0647\\u062f \\u0628\\u062f\\u0646\\u064a \\u0634\\u0627\\u0642 \\u0625\\u0644\\u0627 \\u0645\\u0646 \\u0623\\u062c\\u0644 \\u0627\\u0644\\u062d\\u0635\\u0648\\u0644 \\u0639\\u0644\\u0649 \\u0645\\u064a\\u0632\\u0629 \\u0623\\u0648 \\u0641\\u0627\\u0626\\u062f\\u0629\\u061f \\u0648\\u0644\\u0643\\u0646 \\u0645\\u0646 \\u0644\\u062f\\u064a\\u0647 \\u0627\\u0644\\u062d\\u0642 \\u0623\\u0646 \\u064a\\u0646\\u062a\\u0642\\u062f \\u0634\\u062e\\u0635 \\u0645\\u0627 \\u0623\\u0631\\u0627\\u062f \\u0623\\u0646 \\u064a\\u0634\\u0639\\u0631 \\u0628\\u0627\\u0644\\u0633\\u0639\\u0627\\u062f\\u0629 \\u0627\\u0644\\u062a\\u064a \\u0644\\u0627 \\u062a\\u0634\\u0648\\u0628\\u0647\\u0627 \\u0639\\u0648\\u0627\\u0642\\u0628 \\u0623\\u0644\\u064a\\u0645\\u0629 \\u0623\\u0648 \\u0622\\u062e\\u0631 \\u0623\\u0631\\u0627\\u062f \\u0623\\u0646 \\u064a\\u062a\\u062c\\u0646\\u0628 \\u0627\\u0644\\u0623\\u0644\\u0645 \\u0627\\u0644\\u0630\\u064a \\u0631\\u0628\\u0645\\u0627 \\u062a\\u0646\\u062c\\u0645 \\u0639\\u0646\\u0647 \\u0628\\u0639\\u0636 \\u0627\\u0644\\u0645\\u062a\\u0639\\u0629 \\u061f&nbsp;<br>\\u0639\\u0644\\u064a \\u0627\\u0644\\u062c\\u0627\\u0646\\u0628 \\u0627\\u0644\\u0622\\u062e\\u0631 \\u0646\\u0634\\u062c\\u0628 \\u0648\\u0646\\u0633\\u062a\\u0646\\u0643\\u0631 \\u0647\\u0624\\u0644\\u0627\\u0621 \\u0627\\u0644\\u0631\\u062c\\u0627\\u0644 \\u0627\\u0644\\u0645\\u0641\\u062a\\u0648\\u0646\\u0648\\u0646 \\u0628\\u0646\\u0634\\u0648\\u0629 \\u0627\\u0644\\u0644\\u062d\\u0638\\u0629 \\u0627\\u0644\\u0647\\u0627\\u0626\\u0645\\u0648\\u0646 \\u0641\\u064a \\u0631\\u063a\\u0628\\u0627\\u062a\\u0647\\u0645 \\u0641\\u0644\\u0627 \\u064a\\u062f\\u0631\\u0643\\u0648\\u0646 \\u0645\\u0627 \\u064a\\u0639\\u0642\\u0628\\u0647\\u0627 \\u0645\\u0646 \\u0627\\u0644\\u0623\\u0644\\u0645 \\u0648\\u0627\\u0644\\u0623\\u0633\\u064a \\u0627\\u0644\\u0645\\u062d\\u062a\\u0645\\u060c \\u0648\\u0627\\u0644\\u0644\\u0648\\u0645 \\u0643\\u0630\\u0644\\u0643 \\u064a\\u0634\\u0645\\u0644 \\u0647\\u0624\\u0644\\u0627\\u0621 \\u0627\\u0644\\u0630\\u064a\\u0646 \\u0623\\u062e\\u0641\\u0642\\u0648\\u0627 \\u0641\\u064a \\u0648\\u0627\\u062c\\u0628\\u0627\\u062a\\u0647\\u0645 \\u0646\\u062a\\u064a\\u062c\\u0629 \\u0644\\u0636\\u0639\\u0641 \\u0625\\u0631\\u0627\\u062f\\u062a\\u0647\\u0645 \\u0641\\u064a\\u062a\\u0633\\u0627\\u0648\\u064a \\u0645\\u0639 \\u0647\\u0624\\u0644\\u0627\\u0621 \\u0627\\u0644\\u0630\\u064a\\u0646 \\u064a\\u062a\\u062c\\u0646\\u0628\\u0648\\u0646 \\u0648\\u064a\\u0646\\u0623\\u0648\\u0646 \\u0639\\u0646 \\u062a\\u062d\\u0645\\u0644 \\u0627\\u0644\\u0643\\u062f\\u062d \\u0648\\u0627\\u0644\\u0623\\u0644\\u0645 .<\\/p>\"}', '{\"en\":\"<p><strong>Lorem Ipsum<\\/strong> is simply dummy text of the printing and typesetting industry. Lorem Ipsum has been the industry\'s standard dummy text ever since the 1500s, when an unknown printer took a galley of type and scrambled it to make a type specimen book. It has survived not only five centuries, but also the leap into electronic typesetting, remaining essentially unchanged. It was popularised in the 1960s with the release of Letraset sheets containing Lorem Ipsum passages, and more recently with desktop publishing software like Aldus PageMaker including versions of Lorem Ipsum.<\\/p>\",\"ar\":\"<p>\\u0644\\u0643\\u0646 \\u0644\\u0627 \\u0628\\u062f \\u0623\\u0646 \\u0623\\u0648\\u0636\\u062d \\u0644\\u0643 \\u0623\\u0646 \\u0643\\u0644 \\u0647\\u0630\\u0647 \\u0627\\u0644\\u0623\\u0641\\u0643\\u0627\\u0631 \\u0627\\u0644\\u0645\\u063a\\u0644\\u0648\\u0637\\u0629 \\u062d\\u0648\\u0644 \\u0627\\u0633\\u062a\\u0646\\u0643\\u0627\\u0631 &nbsp;\\u0627\\u0644\\u0646\\u0634\\u0648\\u0629 \\u0648\\u062a\\u0645\\u062c\\u064a\\u062f \\u0627\\u0644\\u0623\\u0644\\u0645 \\u0646\\u0634\\u0623\\u062a \\u0628\\u0627\\u0644\\u0641\\u0639\\u0644\\u060c \\u0648\\u0633\\u0623\\u0639\\u0631\\u0636 \\u0644\\u0643 \\u0627\\u0644\\u062a\\u0641\\u0627\\u0635\\u064a\\u0644 \\u0644\\u062a\\u0643\\u062a\\u0634\\u0641 \\u062d\\u0642\\u064a\\u0642\\u0629 \\u0648\\u0623\\u0633\\u0627\\u0633 \\u062a\\u0644\\u0643 \\u0627\\u0644\\u0633\\u0639\\u0627\\u062f\\u0629 \\u0627\\u0644\\u0628\\u0634\\u0631\\u064a\\u0629\\u060c \\u0641\\u0644\\u0627 \\u0623\\u062d\\u062f \\u064a\\u0631\\u0641\\u0636 \\u0623\\u0648 \\u064a\\u0643\\u0631\\u0647 \\u0623\\u0648 \\u064a\\u062a\\u062c\\u0646\\u0628 \\u0627\\u0644\\u0634\\u0639\\u0648\\u0631 \\u0628\\u0627\\u0644\\u0633\\u0639\\u0627\\u062f\\u0629\\u060c \\u0648\\u0644\\u0643\\u0646 \\u0628\\u0641\\u0636\\u0644 \\u0647\\u0624\\u0644\\u0627\\u0621 \\u0627\\u0644\\u0623\\u0634\\u062e\\u0627\\u0635 \\u0627\\u0644\\u0630\\u064a\\u0646 \\u0644\\u0627 \\u064a\\u062f\\u0631\\u0643\\u0648\\u0646 \\u0628\\u0623\\u0646 \\u0627\\u0644\\u0633\\u0639\\u0627\\u062f\\u0629 \\u0644\\u0627 \\u0628\\u062f \\u0623\\u0646 \\u0646\\u0633\\u062a\\u0634\\u0639\\u0631\\u0647\\u0627 \\u0628\\u0635\\u0648\\u0631\\u0629 \\u0623\\u0643\\u062b\\u0631 \\u0639\\u0642\\u0644\\u0627\\u0646\\u064a\\u0629 \\u0648\\u0645\\u0646\\u0637\\u0642\\u064a\\u0629 \\u0641\\u064a\\u0639\\u0631\\u0636\\u0647\\u0645 \\u0647\\u0630\\u0627 \\u0644\\u0645\\u0648\\u0627\\u062c\\u0647\\u0629 \\u0627\\u0644\\u0638\\u0631\\u0648\\u0641 \\u0627\\u0644\\u0623\\u0644\\u064a\\u0645\\u0629\\u060c \\u0648\\u0623\\u0643\\u0631\\u0631 \\u0628\\u0623\\u0646\\u0647 \\u0644\\u0627 \\u064a\\u0648\\u062c\\u062f \\u0645\\u0646 \\u064a\\u0631\\u063a\\u0628 \\u0641\\u064a \\u0627\\u0644\\u062d\\u0628 \\u0648\\u0646\\u064a\\u0644 \\u0627\\u0644\\u0645\\u0646\\u0627\\u0644 \\u0648\\u064a\\u062a\\u0644\\u0630\\u0630 \\u0628\\u0627\\u0644\\u0622\\u0644\\u0627\\u0645\\u060c \\u0627\\u0644\\u0623\\u0644\\u0645 \\u0647\\u0648 \\u0627\\u0644\\u0623\\u0644\\u0645 \\u0648\\u0644\\u0643\\u0646 \\u0646\\u062a\\u064a\\u062c\\u0629 \\u0644\\u0638\\u0631\\u0648\\u0641 \\u0645\\u0627 \\u0642\\u062f \\u062a\\u0643\\u0645\\u0646 \\u0627\\u0644\\u0633\\u0639\\u0627\\u062f\\u0647 \\u0641\\u064a\\u0645\\u0627 \\u0646\\u062a\\u062d\\u0645\\u0644\\u0647 \\u0645\\u0646 \\u0643\\u062f \\u0648\\u0623\\u0633\\u064a.<\\/p><p>\\u0648 \\u0633\\u0623\\u0639\\u0631\\u0636 \\u0645\\u062b\\u0627\\u0644 \\u062d\\u064a \\u0644\\u0647\\u0630\\u0627\\u060c \\u0645\\u0646 \\u0645\\u0646\\u0627 \\u0644\\u0645 \\u064a\\u062a\\u062d\\u0645\\u0644 \\u062c\\u0647\\u062f \\u0628\\u062f\\u0646\\u064a \\u0634\\u0627\\u0642 \\u0625\\u0644\\u0627 \\u0645\\u0646 \\u0623\\u062c\\u0644 \\u0627\\u0644\\u062d\\u0635\\u0648\\u0644 \\u0639\\u0644\\u0649 \\u0645\\u064a\\u0632\\u0629 \\u0623\\u0648 \\u0641\\u0627\\u0626\\u062f\\u0629\\u061f \\u0648\\u0644\\u0643\\u0646 \\u0645\\u0646 \\u0644\\u062f\\u064a\\u0647 \\u0627\\u0644\\u062d\\u0642 \\u0623\\u0646 \\u064a\\u0646\\u062a\\u0642\\u062f \\u0634\\u062e\\u0635 \\u0645\\u0627 \\u0623\\u0631\\u0627\\u062f \\u0623\\u0646 \\u064a\\u0634\\u0639\\u0631 \\u0628\\u0627\\u0644\\u0633\\u0639\\u0627\\u062f\\u0629 \\u0627\\u0644\\u062a\\u064a \\u0644\\u0627 \\u062a\\u0634\\u0648\\u0628\\u0647\\u0627 \\u0639\\u0648\\u0627\\u0642\\u0628 \\u0623\\u0644\\u064a\\u0645\\u0629 \\u0623\\u0648 \\u0622\\u062e\\u0631 \\u0623\\u0631\\u0627\\u062f \\u0623\\u0646 \\u064a\\u062a\\u062c\\u0646\\u0628 \\u0627\\u0644\\u0623\\u0644\\u0645 \\u0627\\u0644\\u0630\\u064a \\u0631\\u0628\\u0645\\u0627 \\u062a\\u0646\\u062c\\u0645 \\u0639\\u0646\\u0647 \\u0628\\u0639\\u0636 \\u0627\\u0644\\u0645\\u062a\\u0639\\u0629 \\u061f&nbsp;<br>\\u0639\\u0644\\u064a \\u0627\\u0644\\u062c\\u0627\\u0646\\u0628 \\u0627\\u0644\\u0622\\u062e\\u0631 \\u0646\\u0634\\u062c\\u0628 \\u0648\\u0646\\u0633\\u062a\\u0646\\u0643\\u0631 \\u0647\\u0624\\u0644\\u0627\\u0621 \\u0627\\u0644\\u0631\\u062c\\u0627\\u0644 \\u0627\\u0644\\u0645\\u0641\\u062a\\u0648\\u0646\\u0648\\u0646 \\u0628\\u0646\\u0634\\u0648\\u0629 \\u0627\\u0644\\u0644\\u062d\\u0638\\u0629 \\u0627\\u0644\\u0647\\u0627\\u0626\\u0645\\u0648\\u0646 \\u0641\\u064a \\u0631\\u063a\\u0628\\u0627\\u062a\\u0647\\u0645 \\u0641\\u0644\\u0627 \\u064a\\u062f\\u0631\\u0643\\u0648\\u0646 \\u0645\\u0627 \\u064a\\u0639\\u0642\\u0628\\u0647\\u0627 \\u0645\\u0646 \\u0627\\u0644\\u0623\\u0644\\u0645 \\u0648\\u0627\\u0644\\u0623\\u0633\\u064a \\u0627\\u0644\\u0645\\u062d\\u062a\\u0645\\u060c \\u0648\\u0627\\u0644\\u0644\\u0648\\u0645 \\u0643\\u0630\\u0644\\u0643 \\u064a\\u0634\\u0645\\u0644 \\u0647\\u0624\\u0644\\u0627\\u0621 \\u0627\\u0644\\u0630\\u064a\\u0646 \\u0623\\u062e\\u0641\\u0642\\u0648\\u0627 \\u0641\\u064a \\u0648\\u0627\\u062c\\u0628\\u0627\\u062a\\u0647\\u0645 \\u0646\\u062a\\u064a\\u062c\\u0629 \\u0644\\u0636\\u0639\\u0641 \\u0625\\u0631\\u0627\\u062f\\u062a\\u0647\\u0645 \\u0641\\u064a\\u062a\\u0633\\u0627\\u0648\\u064a \\u0645\\u0639 \\u0647\\u0624\\u0644\\u0627\\u0621 \\u0627\\u0644\\u0630\\u064a\\u0646 \\u064a\\u062a\\u062c\\u0646\\u0628\\u0648\\u0646 \\u0648\\u064a\\u0646\\u0623\\u0648\\u0646 \\u0639\\u0646 \\u062a\\u062d\\u0645\\u0644 \\u0627\\u0644\\u0643\\u062f\\u062d \\u0648\\u0627\\u0644\\u0623\\u0644\\u0645 .<\\/p>\"}', 1, 'Fresh', 1, 65.000000, '100BlackEnamelStoneRings', 100, 0, '2021-07-08T13:37:00.000Z', '0.1', 2, 1, 3, 13, 3, 0, 0, 'black-enamel-stone-rings-100blackenamelstonerings', NULL, 10, 1, '2021-07-08 16:39:40', '2021-07-08 16:40:46'),
(25, 3, '{\"en\":\"Bracelet & Bangle\",\"ar\":\"\\u0627\\u0644\\u0633\\u0648\\u0627\\u0631 \\u0648\\u0627\\u0644\\u0625\\u0633\\u0648\\u0631\\u0629\"}', '{\"en\":\"<p><strong>Lorem Ipsum<\\/strong> is simply dummy text of the printing and typesetting industry. Lorem Ipsum has been the industry\'s standard dummy text ever since the 1500s, when an unknown printer took a galley of type and scrambled it to make a type specimen book. It has survived not only five centuries, but also the leap into electronic typesetting, remaining essentially unchanged. It was popularised in the 1960s with the release of Letraset sheets containing Lorem Ipsum passages, and more recently with desktop publishing software like Aldus PageMaker including versions of Lorem Ipsum.<\\/p>\",\"ar\":\"<p>\\u0644\\u0643\\u0646 \\u0644\\u0627 \\u0628\\u062f \\u0623\\u0646 \\u0623\\u0648\\u0636\\u062d \\u0644\\u0643 \\u0623\\u0646 \\u0643\\u0644 \\u0647\\u0630\\u0647 \\u0627\\u0644\\u0623\\u0641\\u0643\\u0627\\u0631 \\u0627\\u0644\\u0645\\u063a\\u0644\\u0648\\u0637\\u0629 \\u062d\\u0648\\u0644 \\u0627\\u0633\\u062a\\u0646\\u0643\\u0627\\u0631 &nbsp;\\u0627\\u0644\\u0646\\u0634\\u0648\\u0629 \\u0648\\u062a\\u0645\\u062c\\u064a\\u062f \\u0627\\u0644\\u0623\\u0644\\u0645 \\u0646\\u0634\\u0623\\u062a \\u0628\\u0627\\u0644\\u0641\\u0639\\u0644\\u060c \\u0648\\u0633\\u0623\\u0639\\u0631\\u0636 \\u0644\\u0643 \\u0627\\u0644\\u062a\\u0641\\u0627\\u0635\\u064a\\u0644 \\u0644\\u062a\\u0643\\u062a\\u0634\\u0641 \\u062d\\u0642\\u064a\\u0642\\u0629 \\u0648\\u0623\\u0633\\u0627\\u0633 \\u062a\\u0644\\u0643 \\u0627\\u0644\\u0633\\u0639\\u0627\\u062f\\u0629 \\u0627\\u0644\\u0628\\u0634\\u0631\\u064a\\u0629\\u060c \\u0641\\u0644\\u0627 \\u0623\\u062d\\u062f \\u064a\\u0631\\u0641\\u0636 \\u0623\\u0648 \\u064a\\u0643\\u0631\\u0647 \\u0623\\u0648 \\u064a\\u062a\\u062c\\u0646\\u0628 \\u0627\\u0644\\u0634\\u0639\\u0648\\u0631 \\u0628\\u0627\\u0644\\u0633\\u0639\\u0627\\u062f\\u0629\\u060c \\u0648\\u0644\\u0643\\u0646 \\u0628\\u0641\\u0636\\u0644 \\u0647\\u0624\\u0644\\u0627\\u0621 \\u0627\\u0644\\u0623\\u0634\\u062e\\u0627\\u0635 \\u0627\\u0644\\u0630\\u064a\\u0646 \\u0644\\u0627 \\u064a\\u062f\\u0631\\u0643\\u0648\\u0646 \\u0628\\u0623\\u0646 \\u0627\\u0644\\u0633\\u0639\\u0627\\u062f\\u0629 \\u0644\\u0627 \\u0628\\u062f \\u0623\\u0646 \\u0646\\u0633\\u062a\\u0634\\u0639\\u0631\\u0647\\u0627 \\u0628\\u0635\\u0648\\u0631\\u0629 \\u0623\\u0643\\u062b\\u0631 \\u0639\\u0642\\u0644\\u0627\\u0646\\u064a\\u0629 \\u0648\\u0645\\u0646\\u0637\\u0642\\u064a\\u0629 \\u0641\\u064a\\u0639\\u0631\\u0636\\u0647\\u0645 \\u0647\\u0630\\u0627 \\u0644\\u0645\\u0648\\u0627\\u062c\\u0647\\u0629 \\u0627\\u0644\\u0638\\u0631\\u0648\\u0641 \\u0627\\u0644\\u0623\\u0644\\u064a\\u0645\\u0629\\u060c \\u0648\\u0623\\u0643\\u0631\\u0631 \\u0628\\u0623\\u0646\\u0647 \\u0644\\u0627 \\u064a\\u0648\\u062c\\u062f \\u0645\\u0646 \\u064a\\u0631\\u063a\\u0628 \\u0641\\u064a \\u0627\\u0644\\u062d\\u0628 \\u0648\\u0646\\u064a\\u0644 \\u0627\\u0644\\u0645\\u0646\\u0627\\u0644 \\u0648\\u064a\\u062a\\u0644\\u0630\\u0630 \\u0628\\u0627\\u0644\\u0622\\u0644\\u0627\\u0645\\u060c \\u0627\\u0644\\u0623\\u0644\\u0645 \\u0647\\u0648 \\u0627\\u0644\\u0623\\u0644\\u0645 \\u0648\\u0644\\u0643\\u0646 \\u0646\\u062a\\u064a\\u062c\\u0629 \\u0644\\u0638\\u0631\\u0648\\u0641 \\u0645\\u0627 \\u0642\\u062f \\u062a\\u0643\\u0645\\u0646 \\u0627\\u0644\\u0633\\u0639\\u0627\\u062f\\u0647 \\u0641\\u064a\\u0645\\u0627 \\u0646\\u062a\\u062d\\u0645\\u0644\\u0647 \\u0645\\u0646 \\u0643\\u062f \\u0648\\u0623\\u0633\\u064a.<\\/p><p>\\u0648 \\u0633\\u0623\\u0639\\u0631\\u0636 \\u0645\\u062b\\u0627\\u0644 \\u062d\\u064a \\u0644\\u0647\\u0630\\u0627\\u060c \\u0645\\u0646 \\u0645\\u0646\\u0627 \\u0644\\u0645 \\u064a\\u062a\\u062d\\u0645\\u0644 \\u062c\\u0647\\u062f \\u0628\\u062f\\u0646\\u064a \\u0634\\u0627\\u0642 \\u0625\\u0644\\u0627 \\u0645\\u0646 \\u0623\\u062c\\u0644 \\u0627\\u0644\\u062d\\u0635\\u0648\\u0644 \\u0639\\u0644\\u0649 \\u0645\\u064a\\u0632\\u0629 \\u0623\\u0648 \\u0641\\u0627\\u0626\\u062f\\u0629\\u061f \\u0648\\u0644\\u0643\\u0646 \\u0645\\u0646 \\u0644\\u062f\\u064a\\u0647 \\u0627\\u0644\\u062d\\u0642 \\u0623\\u0646 \\u064a\\u0646\\u062a\\u0642\\u062f \\u0634\\u062e\\u0635 \\u0645\\u0627 \\u0623\\u0631\\u0627\\u062f \\u0623\\u0646 \\u064a\\u0634\\u0639\\u0631 \\u0628\\u0627\\u0644\\u0633\\u0639\\u0627\\u062f\\u0629 \\u0627\\u0644\\u062a\\u064a \\u0644\\u0627 \\u062a\\u0634\\u0648\\u0628\\u0647\\u0627 \\u0639\\u0648\\u0627\\u0642\\u0628 \\u0623\\u0644\\u064a\\u0645\\u0629 \\u0623\\u0648 \\u0622\\u062e\\u0631 \\u0623\\u0631\\u0627\\u062f \\u0623\\u0646 \\u064a\\u062a\\u062c\\u0646\\u0628 \\u0627\\u0644\\u0623\\u0644\\u0645 \\u0627\\u0644\\u0630\\u064a \\u0631\\u0628\\u0645\\u0627 \\u062a\\u0646\\u062c\\u0645 \\u0639\\u0646\\u0647 \\u0628\\u0639\\u0636 \\u0627\\u0644\\u0645\\u062a\\u0639\\u0629 \\u061f&nbsp;<br>\\u0639\\u0644\\u064a \\u0627\\u0644\\u062c\\u0627\\u0646\\u0628 \\u0627\\u0644\\u0622\\u062e\\u0631 \\u0646\\u0634\\u062c\\u0628 \\u0648\\u0646\\u0633\\u062a\\u0646\\u0643\\u0631 \\u0647\\u0624\\u0644\\u0627\\u0621 \\u0627\\u0644\\u0631\\u062c\\u0627\\u0644 \\u0627\\u0644\\u0645\\u0641\\u062a\\u0648\\u0646\\u0648\\u0646 \\u0628\\u0646\\u0634\\u0648\\u0629 \\u0627\\u0644\\u0644\\u062d\\u0638\\u0629 \\u0627\\u0644\\u0647\\u0627\\u0626\\u0645\\u0648\\u0646 \\u0641\\u064a \\u0631\\u063a\\u0628\\u0627\\u062a\\u0647\\u0645 \\u0641\\u0644\\u0627 \\u064a\\u062f\\u0631\\u0643\\u0648\\u0646 \\u0645\\u0627 \\u064a\\u0639\\u0642\\u0628\\u0647\\u0627 \\u0645\\u0646 \\u0627\\u0644\\u0623\\u0644\\u0645 \\u0648\\u0627\\u0644\\u0623\\u0633\\u064a \\u0627\\u0644\\u0645\\u062d\\u062a\\u0645\\u060c \\u0648\\u0627\\u0644\\u0644\\u0648\\u0645 \\u0643\\u0630\\u0644\\u0643 \\u064a\\u0634\\u0645\\u0644 \\u0647\\u0624\\u0644\\u0627\\u0621 \\u0627\\u0644\\u0630\\u064a\\u0646 \\u0623\\u062e\\u0641\\u0642\\u0648\\u0627 \\u0641\\u064a \\u0648\\u0627\\u062c\\u0628\\u0627\\u062a\\u0647\\u0645 \\u0646\\u062a\\u064a\\u062c\\u0629 \\u0644\\u0636\\u0639\\u0641 \\u0625\\u0631\\u0627\\u062f\\u062a\\u0647\\u0645 \\u0641\\u064a\\u062a\\u0633\\u0627\\u0648\\u064a \\u0645\\u0639 \\u0647\\u0624\\u0644\\u0627\\u0621 \\u0627\\u0644\\u0630\\u064a\\u0646 \\u064a\\u062a\\u062c\\u0646\\u0628\\u0648\\u0646 \\u0648\\u064a\\u0646\\u0623\\u0648\\u0646 \\u0639\\u0646 \\u062a\\u062d\\u0645\\u0644 \\u0627\\u0644\\u0643\\u062f\\u062d \\u0648\\u0627\\u0644\\u0623\\u0644\\u0645 .<\\/p>\"}', '{\"en\":\"<p><strong>Lorem Ipsum<\\/strong> is simply dummy text of the printing and typesetting industry. Lorem Ipsum has been the industry\'s standard dummy text ever since the 1500s, when an unknown printer took a galley of type and scrambled it to make a type specimen book. It has survived not only five centuries, but also the leap into electronic typesetting, remaining essentially unchanged. It was popularised in the 1960s with the release of Letraset sheets containing Lorem Ipsum passages, and more recently with desktop publishing software like Aldus PageMaker including versions of Lorem Ipsum.<\\/p>\",\"ar\":\"<p>\\u0644\\u0643\\u0646 \\u0644\\u0627 \\u0628\\u062f \\u0623\\u0646 \\u0623\\u0648\\u0636\\u062d \\u0644\\u0643 \\u0623\\u0646 \\u0643\\u0644 \\u0647\\u0630\\u0647 \\u0627\\u0644\\u0623\\u0641\\u0643\\u0627\\u0631 \\u0627\\u0644\\u0645\\u063a\\u0644\\u0648\\u0637\\u0629 \\u062d\\u0648\\u0644 \\u0627\\u0633\\u062a\\u0646\\u0643\\u0627\\u0631 &nbsp;\\u0627\\u0644\\u0646\\u0634\\u0648\\u0629 \\u0648\\u062a\\u0645\\u062c\\u064a\\u062f \\u0627\\u0644\\u0623\\u0644\\u0645 \\u0646\\u0634\\u0623\\u062a \\u0628\\u0627\\u0644\\u0641\\u0639\\u0644\\u060c \\u0648\\u0633\\u0623\\u0639\\u0631\\u0636 \\u0644\\u0643 \\u0627\\u0644\\u062a\\u0641\\u0627\\u0635\\u064a\\u0644 \\u0644\\u062a\\u0643\\u062a\\u0634\\u0641 \\u062d\\u0642\\u064a\\u0642\\u0629 \\u0648\\u0623\\u0633\\u0627\\u0633 \\u062a\\u0644\\u0643 \\u0627\\u0644\\u0633\\u0639\\u0627\\u062f\\u0629 \\u0627\\u0644\\u0628\\u0634\\u0631\\u064a\\u0629\\u060c \\u0641\\u0644\\u0627 \\u0623\\u062d\\u062f \\u064a\\u0631\\u0641\\u0636 \\u0623\\u0648 \\u064a\\u0643\\u0631\\u0647 \\u0623\\u0648 \\u064a\\u062a\\u062c\\u0646\\u0628 \\u0627\\u0644\\u0634\\u0639\\u0648\\u0631 \\u0628\\u0627\\u0644\\u0633\\u0639\\u0627\\u062f\\u0629\\u060c \\u0648\\u0644\\u0643\\u0646 \\u0628\\u0641\\u0636\\u0644 \\u0647\\u0624\\u0644\\u0627\\u0621 \\u0627\\u0644\\u0623\\u0634\\u062e\\u0627\\u0635 \\u0627\\u0644\\u0630\\u064a\\u0646 \\u0644\\u0627 \\u064a\\u062f\\u0631\\u0643\\u0648\\u0646 \\u0628\\u0623\\u0646 \\u0627\\u0644\\u0633\\u0639\\u0627\\u062f\\u0629 \\u0644\\u0627 \\u0628\\u062f \\u0623\\u0646 \\u0646\\u0633\\u062a\\u0634\\u0639\\u0631\\u0647\\u0627 \\u0628\\u0635\\u0648\\u0631\\u0629 \\u0623\\u0643\\u062b\\u0631 \\u0639\\u0642\\u0644\\u0627\\u0646\\u064a\\u0629 \\u0648\\u0645\\u0646\\u0637\\u0642\\u064a\\u0629 \\u0641\\u064a\\u0639\\u0631\\u0636\\u0647\\u0645 \\u0647\\u0630\\u0627 \\u0644\\u0645\\u0648\\u0627\\u062c\\u0647\\u0629 \\u0627\\u0644\\u0638\\u0631\\u0648\\u0641 \\u0627\\u0644\\u0623\\u0644\\u064a\\u0645\\u0629\\u060c \\u0648\\u0623\\u0643\\u0631\\u0631 \\u0628\\u0623\\u0646\\u0647 \\u0644\\u0627 \\u064a\\u0648\\u062c\\u062f \\u0645\\u0646 \\u064a\\u0631\\u063a\\u0628 \\u0641\\u064a \\u0627\\u0644\\u062d\\u0628 \\u0648\\u0646\\u064a\\u0644 \\u0627\\u0644\\u0645\\u0646\\u0627\\u0644 \\u0648\\u064a\\u062a\\u0644\\u0630\\u0630 \\u0628\\u0627\\u0644\\u0622\\u0644\\u0627\\u0645\\u060c \\u0627\\u0644\\u0623\\u0644\\u0645 \\u0647\\u0648 \\u0627\\u0644\\u0623\\u0644\\u0645 \\u0648\\u0644\\u0643\\u0646 \\u0646\\u062a\\u064a\\u062c\\u0629 \\u0644\\u0638\\u0631\\u0648\\u0641 \\u0645\\u0627 \\u0642\\u062f \\u062a\\u0643\\u0645\\u0646 \\u0627\\u0644\\u0633\\u0639\\u0627\\u062f\\u0647 \\u0641\\u064a\\u0645\\u0627 \\u0646\\u062a\\u062d\\u0645\\u0644\\u0647 \\u0645\\u0646 \\u0643\\u062f \\u0648\\u0623\\u0633\\u064a.<\\/p><p>\\u0648 \\u0633\\u0623\\u0639\\u0631\\u0636 \\u0645\\u062b\\u0627\\u0644 \\u062d\\u064a \\u0644\\u0647\\u0630\\u0627\\u060c \\u0645\\u0646 \\u0645\\u0646\\u0627 \\u0644\\u0645 \\u064a\\u062a\\u062d\\u0645\\u0644 \\u062c\\u0647\\u062f \\u0628\\u062f\\u0646\\u064a \\u0634\\u0627\\u0642 \\u0625\\u0644\\u0627 \\u0645\\u0646 \\u0623\\u062c\\u0644 \\u0627\\u0644\\u062d\\u0635\\u0648\\u0644 \\u0639\\u0644\\u0649 \\u0645\\u064a\\u0632\\u0629 \\u0623\\u0648 \\u0641\\u0627\\u0626\\u062f\\u0629\\u061f \\u0648\\u0644\\u0643\\u0646 \\u0645\\u0646 \\u0644\\u062f\\u064a\\u0647 \\u0627\\u0644\\u062d\\u0642 \\u0623\\u0646 \\u064a\\u0646\\u062a\\u0642\\u062f \\u0634\\u062e\\u0635 \\u0645\\u0627 \\u0623\\u0631\\u0627\\u062f \\u0623\\u0646 \\u064a\\u0634\\u0639\\u0631 \\u0628\\u0627\\u0644\\u0633\\u0639\\u0627\\u062f\\u0629 \\u0627\\u0644\\u062a\\u064a \\u0644\\u0627 \\u062a\\u0634\\u0648\\u0628\\u0647\\u0627 \\u0639\\u0648\\u0627\\u0642\\u0628 \\u0623\\u0644\\u064a\\u0645\\u0629 \\u0623\\u0648 \\u0622\\u062e\\u0631 \\u0623\\u0631\\u0627\\u062f \\u0623\\u0646 \\u064a\\u062a\\u062c\\u0646\\u0628 \\u0627\\u0644\\u0623\\u0644\\u0645 \\u0627\\u0644\\u0630\\u064a \\u0631\\u0628\\u0645\\u0627 \\u062a\\u0646\\u062c\\u0645 \\u0639\\u0646\\u0647 \\u0628\\u0639\\u0636 \\u0627\\u0644\\u0645\\u062a\\u0639\\u0629 \\u061f&nbsp;<br>\\u0639\\u0644\\u064a \\u0627\\u0644\\u062c\\u0627\\u0646\\u0628 \\u0627\\u0644\\u0622\\u062e\\u0631 \\u0646\\u0634\\u062c\\u0628 \\u0648\\u0646\\u0633\\u062a\\u0646\\u0643\\u0631 \\u0647\\u0624\\u0644\\u0627\\u0621 \\u0627\\u0644\\u0631\\u062c\\u0627\\u0644 \\u0627\\u0644\\u0645\\u0641\\u062a\\u0648\\u0646\\u0648\\u0646 \\u0628\\u0646\\u0634\\u0648\\u0629 \\u0627\\u0644\\u0644\\u062d\\u0638\\u0629 \\u0627\\u0644\\u0647\\u0627\\u0626\\u0645\\u0648\\u0646 \\u0641\\u064a \\u0631\\u063a\\u0628\\u0627\\u062a\\u0647\\u0645 \\u0641\\u0644\\u0627 \\u064a\\u062f\\u0631\\u0643\\u0648\\u0646 \\u0645\\u0627 \\u064a\\u0639\\u0642\\u0628\\u0647\\u0627 \\u0645\\u0646 \\u0627\\u0644\\u0623\\u0644\\u0645 \\u0648\\u0627\\u0644\\u0623\\u0633\\u064a \\u0627\\u0644\\u0645\\u062d\\u062a\\u0645\\u060c \\u0648\\u0627\\u0644\\u0644\\u0648\\u0645 \\u0643\\u0630\\u0644\\u0643 \\u064a\\u0634\\u0645\\u0644 \\u0647\\u0624\\u0644\\u0627\\u0621 \\u0627\\u0644\\u0630\\u064a\\u0646 \\u0623\\u062e\\u0641\\u0642\\u0648\\u0627 \\u0641\\u064a \\u0648\\u0627\\u062c\\u0628\\u0627\\u062a\\u0647\\u0645 \\u0646\\u062a\\u064a\\u062c\\u0629 \\u0644\\u0636\\u0639\\u0641 \\u0625\\u0631\\u0627\\u062f\\u062a\\u0647\\u0645 \\u0641\\u064a\\u062a\\u0633\\u0627\\u0648\\u064a \\u0645\\u0639 \\u0647\\u0624\\u0644\\u0627\\u0621 \\u0627\\u0644\\u0630\\u064a\\u0646 \\u064a\\u062a\\u062c\\u0646\\u0628\\u0648\\u0646 \\u0648\\u064a\\u0646\\u0623\\u0648\\u0646 \\u0639\\u0646 \\u062a\\u062d\\u0645\\u0644 \\u0627\\u0644\\u0643\\u062f\\u062d \\u0648\\u0627\\u0644\\u0623\\u0644\\u0645 .<\\/p>\"}', '{\"en\":\"<p><strong>Lorem Ipsum<\\/strong> is simply dummy text of the printing and typesetting industry. Lorem Ipsum has been the industry\'s standard dummy text ever since the 1500s, when an unknown printer took a galley of type and scrambled it to make a type specimen book. It has survived not only five centuries, but also the leap into electronic typesetting, remaining essentially unchanged. It was popularised in the 1960s with the release of Letraset sheets containing Lorem Ipsum passages, and more recently with desktop publishing software like Aldus PageMaker including versions of Lorem Ipsum.<\\/p>\",\"ar\":\"<p>\\u0644\\u0643\\u0646 \\u0644\\u0627 \\u0628\\u062f \\u0623\\u0646 \\u0623\\u0648\\u0636\\u062d \\u0644\\u0643 \\u0623\\u0646 \\u0643\\u0644 \\u0647\\u0630\\u0647 \\u0627\\u0644\\u0623\\u0641\\u0643\\u0627\\u0631 \\u0627\\u0644\\u0645\\u063a\\u0644\\u0648\\u0637\\u0629 \\u062d\\u0648\\u0644 \\u0627\\u0633\\u062a\\u0646\\u0643\\u0627\\u0631 &nbsp;\\u0627\\u0644\\u0646\\u0634\\u0648\\u0629 \\u0648\\u062a\\u0645\\u062c\\u064a\\u062f \\u0627\\u0644\\u0623\\u0644\\u0645 \\u0646\\u0634\\u0623\\u062a \\u0628\\u0627\\u0644\\u0641\\u0639\\u0644\\u060c \\u0648\\u0633\\u0623\\u0639\\u0631\\u0636 \\u0644\\u0643 \\u0627\\u0644\\u062a\\u0641\\u0627\\u0635\\u064a\\u0644 \\u0644\\u062a\\u0643\\u062a\\u0634\\u0641 \\u062d\\u0642\\u064a\\u0642\\u0629 \\u0648\\u0623\\u0633\\u0627\\u0633 \\u062a\\u0644\\u0643 \\u0627\\u0644\\u0633\\u0639\\u0627\\u062f\\u0629 \\u0627\\u0644\\u0628\\u0634\\u0631\\u064a\\u0629\\u060c \\u0641\\u0644\\u0627 \\u0623\\u062d\\u062f \\u064a\\u0631\\u0641\\u0636 \\u0623\\u0648 \\u064a\\u0643\\u0631\\u0647 \\u0623\\u0648 \\u064a\\u062a\\u062c\\u0646\\u0628 \\u0627\\u0644\\u0634\\u0639\\u0648\\u0631 \\u0628\\u0627\\u0644\\u0633\\u0639\\u0627\\u062f\\u0629\\u060c \\u0648\\u0644\\u0643\\u0646 \\u0628\\u0641\\u0636\\u0644 \\u0647\\u0624\\u0644\\u0627\\u0621 \\u0627\\u0644\\u0623\\u0634\\u062e\\u0627\\u0635 \\u0627\\u0644\\u0630\\u064a\\u0646 \\u0644\\u0627 \\u064a\\u062f\\u0631\\u0643\\u0648\\u0646 \\u0628\\u0623\\u0646 \\u0627\\u0644\\u0633\\u0639\\u0627\\u062f\\u0629 \\u0644\\u0627 \\u0628\\u062f \\u0623\\u0646 \\u0646\\u0633\\u062a\\u0634\\u0639\\u0631\\u0647\\u0627 \\u0628\\u0635\\u0648\\u0631\\u0629 \\u0623\\u0643\\u062b\\u0631 \\u0639\\u0642\\u0644\\u0627\\u0646\\u064a\\u0629 \\u0648\\u0645\\u0646\\u0637\\u0642\\u064a\\u0629 \\u0641\\u064a\\u0639\\u0631\\u0636\\u0647\\u0645 \\u0647\\u0630\\u0627 \\u0644\\u0645\\u0648\\u0627\\u062c\\u0647\\u0629 \\u0627\\u0644\\u0638\\u0631\\u0648\\u0641 \\u0627\\u0644\\u0623\\u0644\\u064a\\u0645\\u0629\\u060c \\u0648\\u0623\\u0643\\u0631\\u0631 \\u0628\\u0623\\u0646\\u0647 \\u0644\\u0627 \\u064a\\u0648\\u062c\\u062f \\u0645\\u0646 \\u064a\\u0631\\u063a\\u0628 \\u0641\\u064a \\u0627\\u0644\\u062d\\u0628 \\u0648\\u0646\\u064a\\u0644 \\u0627\\u0644\\u0645\\u0646\\u0627\\u0644 \\u0648\\u064a\\u062a\\u0644\\u0630\\u0630 \\u0628\\u0627\\u0644\\u0622\\u0644\\u0627\\u0645\\u060c \\u0627\\u0644\\u0623\\u0644\\u0645 \\u0647\\u0648 \\u0627\\u0644\\u0623\\u0644\\u0645 \\u0648\\u0644\\u0643\\u0646 \\u0646\\u062a\\u064a\\u062c\\u0629 \\u0644\\u0638\\u0631\\u0648\\u0641 \\u0645\\u0627 \\u0642\\u062f \\u062a\\u0643\\u0645\\u0646 \\u0627\\u0644\\u0633\\u0639\\u0627\\u062f\\u0647 \\u0641\\u064a\\u0645\\u0627 \\u0646\\u062a\\u062d\\u0645\\u0644\\u0647 \\u0645\\u0646 \\u0643\\u062f \\u0648\\u0623\\u0633\\u064a.<\\/p><p>\\u0648 \\u0633\\u0623\\u0639\\u0631\\u0636 \\u0645\\u062b\\u0627\\u0644 \\u062d\\u064a \\u0644\\u0647\\u0630\\u0627\\u060c \\u0645\\u0646 \\u0645\\u0646\\u0627 \\u0644\\u0645 \\u064a\\u062a\\u062d\\u0645\\u0644 \\u062c\\u0647\\u062f \\u0628\\u062f\\u0646\\u064a \\u0634\\u0627\\u0642 \\u0625\\u0644\\u0627 \\u0645\\u0646 \\u0623\\u062c\\u0644 \\u0627\\u0644\\u062d\\u0635\\u0648\\u0644 \\u0639\\u0644\\u0649 \\u0645\\u064a\\u0632\\u0629 \\u0623\\u0648 \\u0641\\u0627\\u0626\\u062f\\u0629\\u061f \\u0648\\u0644\\u0643\\u0646 \\u0645\\u0646 \\u0644\\u062f\\u064a\\u0647 \\u0627\\u0644\\u062d\\u0642 \\u0623\\u0646 \\u064a\\u0646\\u062a\\u0642\\u062f \\u0634\\u062e\\u0635 \\u0645\\u0627 \\u0623\\u0631\\u0627\\u062f \\u0623\\u0646 \\u064a\\u0634\\u0639\\u0631 \\u0628\\u0627\\u0644\\u0633\\u0639\\u0627\\u062f\\u0629 \\u0627\\u0644\\u062a\\u064a \\u0644\\u0627 \\u062a\\u0634\\u0648\\u0628\\u0647\\u0627 \\u0639\\u0648\\u0627\\u0642\\u0628 \\u0623\\u0644\\u064a\\u0645\\u0629 \\u0623\\u0648 \\u0622\\u062e\\u0631 \\u0623\\u0631\\u0627\\u062f \\u0623\\u0646 \\u064a\\u062a\\u062c\\u0646\\u0628 \\u0627\\u0644\\u0623\\u0644\\u0645 \\u0627\\u0644\\u0630\\u064a \\u0631\\u0628\\u0645\\u0627 \\u062a\\u0646\\u062c\\u0645 \\u0639\\u0646\\u0647 \\u0628\\u0639\\u0636 \\u0627\\u0644\\u0645\\u062a\\u0639\\u0629 \\u061f&nbsp;<br>\\u0639\\u0644\\u064a \\u0627\\u0644\\u062c\\u0627\\u0646\\u0628 \\u0627\\u0644\\u0622\\u062e\\u0631 \\u0646\\u0634\\u062c\\u0628 \\u0648\\u0646\\u0633\\u062a\\u0646\\u0643\\u0631 \\u0647\\u0624\\u0644\\u0627\\u0621 \\u0627\\u0644\\u0631\\u062c\\u0627\\u0644 \\u0627\\u0644\\u0645\\u0641\\u062a\\u0648\\u0646\\u0648\\u0646 \\u0628\\u0646\\u0634\\u0648\\u0629 \\u0627\\u0644\\u0644\\u062d\\u0638\\u0629 \\u0627\\u0644\\u0647\\u0627\\u0626\\u0645\\u0648\\u0646 \\u0641\\u064a \\u0631\\u063a\\u0628\\u0627\\u062a\\u0647\\u0645 \\u0641\\u0644\\u0627 \\u064a\\u062f\\u0631\\u0643\\u0648\\u0646 \\u0645\\u0627 \\u064a\\u0639\\u0642\\u0628\\u0647\\u0627 \\u0645\\u0646 \\u0627\\u0644\\u0623\\u0644\\u0645 \\u0648\\u0627\\u0644\\u0623\\u0633\\u064a \\u0627\\u0644\\u0645\\u062d\\u062a\\u0645\\u060c \\u0648\\u0627\\u0644\\u0644\\u0648\\u0645 \\u0643\\u0630\\u0644\\u0643 \\u064a\\u0634\\u0645\\u0644 \\u0647\\u0624\\u0644\\u0627\\u0621 \\u0627\\u0644\\u0630\\u064a\\u0646 \\u0623\\u062e\\u0641\\u0642\\u0648\\u0627 \\u0641\\u064a \\u0648\\u0627\\u062c\\u0628\\u0627\\u062a\\u0647\\u0645 \\u0646\\u062a\\u064a\\u062c\\u0629 \\u0644\\u0636\\u0639\\u0641 \\u0625\\u0631\\u0627\\u062f\\u062a\\u0647\\u0645 \\u0641\\u064a\\u062a\\u0633\\u0627\\u0648\\u064a \\u0645\\u0639 \\u0647\\u0624\\u0644\\u0627\\u0621 \\u0627\\u0644\\u0630\\u064a\\u0646 \\u064a\\u062a\\u062c\\u0646\\u0628\\u0648\\u0646 \\u0648\\u064a\\u0646\\u0623\\u0648\\u0646 \\u0639\\u0646 \\u062a\\u062d\\u0645\\u0644 \\u0627\\u0644\\u0643\\u062f\\u062d \\u0648\\u0627\\u0644\\u0623\\u0644\\u0645 .<\\/p>\"}', 1, 'Fresh', 1, 79.000000, 'bracelet&bangle150', 150, 0, '2021-07-08T13:41:00.000Z', '0.1', 2, 1, 3, 13, 3, 0, 0, 'bracelet-bangle-braceletbangle150', NULL, 10, 1, '2021-07-08 16:43:18', '2021-07-08 16:43:18'),
(26, 5, '{\"en\":\"HP 2021 air 18.9 laptop\",\"ar\":\"\\u0627\\u0644\\u0643\\u0645\\u0628\\u064a\\u0648\\u062a\\u0631 \\u0627\\u0644\\u0645\\u062d\\u0645\\u0648\\u0644 HP 2021 air 18.9\"}', '{\"en\":\"<p>Lorem Ipsum is simply dummy text of the printing and typesetting industry. Lorem Ipsum has been the industry\'s standard dummy text ever since the 1500s, when an unknown printer took a galley o Lorem Ipsum is simply dummy text of the printing and typesetting industry. Lorem Ipsum has been the industry\'s standard dummy text ever since the 1500s, when an unknown printer took a galley&nbsp;<\\/p>\",\"ar\":\"<p>\\u0644\\u0648\\u0631\\u064a\\u0645 \\u0625\\u064a\\u0628\\u0633\\u0648\\u0645 \\u0647\\u0648 \\u0628\\u0628\\u0633\\u0627\\u0637\\u0629 \\u0646\\u0635 \\u0634\\u0643\\u0644\\u064a \\u064a\\u0633\\u062a\\u062e\\u062f\\u0645 \\u0641\\u064a \\u0635\\u0646\\u0627\\u0639\\u0629 \\u0627\\u0644\\u0637\\u0628\\u0627\\u0639\\u0629 \\u0648\\u0627\\u0644\\u062a\\u0646\\u0636\\u064a\\u062f. \\u0643\\u0627\\u0646 \\u0644\\u0648\\u0631\\u064a\\u0645 \\u0625\\u064a\\u0628\\u0633\\u0648\\u0645 \\u0647\\u0648 \\u0627\\u0644\\u0646\\u0635 \\u0627\\u0644\\u0648\\u0647\\u0645\\u064a \\u0627\\u0644\\u0642\\u064a\\u0627\\u0633\\u064a \\u0641\\u064a \\u0627\\u0644\\u0635\\u0646\\u0627\\u0639\\u0629 \\u0645\\u0646\\u0630 \\u0627\\u0644\\u0642\\u0631\\u0646 \\u0627\\u0644\\u062e\\u0627\\u0645\\u0633 \\u0639\\u0634\\u0631 \\u0627\\u0644\\u0645\\u064a\\u0644\\u0627\\u062f\\u064a \\u060c \\u0639\\u0646\\u062f\\u0645\\u0627 \\u0623\\u062e\\u0630\\u062a \\u0637\\u0627\\u0628\\u0639\\u0629 \\u063a\\u064a\\u0631 \\u0645\\u0639\\u0631\\u0648\\u0641\\u0629 \\u0644\\u0648\\u062d\\u064b\\u0627 \\u060c \\u0623\\u0648 \\u0644\\u0648\\u0631\\u064a\\u0645 \\u0625\\u064a\\u0628\\u0633\\u0648\\u0645 \\u0647\\u0648 \\u0628\\u0628\\u0633\\u0627\\u0637\\u0629 \\u0646\\u0635 \\u0634\\u0643\\u0644\\u064a \\u0641\\u064a \\u0635\\u0646\\u0627\\u0639\\u0629 \\u0627\\u0644\\u0637\\u0628\\u0627\\u0639\\u0629 \\u0648\\u0627\\u0644\\u062a\\u0646\\u0636\\u064a\\u062f. \\u0643\\u0627\\u0646 Lorem Ipsum \\u0647\\u0648 \\u0627\\u0644\\u0646\\u0635 \\u0627\\u0644\\u0648\\u0647\\u0645\\u064a \\u0627\\u0644\\u0642\\u064a\\u0627\\u0633\\u064a \\u0641\\u064a \\u0627\\u0644\\u0635\\u0646\\u0627\\u0639\\u0629 \\u0645\\u0646\\u0630 \\u0627\\u0644\\u0642\\u0631\\u0646 \\u0627\\u0644\\u062e\\u0627\\u0645\\u0633 \\u0639\\u0634\\u0631 \\u0627\\u0644\\u0645\\u064a\\u0644\\u0627\\u062f\\u064a \\u060c \\u0639\\u0646\\u062f\\u0645\\u0627 \\u0623\\u062e\\u0630\\u062a \\u0637\\u0627\\u0628\\u0639\\u0629 \\u063a\\u064a\\u0631 \\u0645\\u0639\\u0631\\u0648\\u0641\\u0629 \\u0644\\u0648\\u062d\\u064b\\u0627<\\/p>\"}', '{\"en\":\"<p>Lorem Ipsum is simply dummy text of the printing and typesetting industry. Lorem Ipsum has been the industry\'s standard dummy text ever since the 1500s, when an unknown printer took a galley o Lorem Ipsum is simply dummy text of the printing and typesetting industry. Lorem Ipsum has been the industry\'s standard dummy text ever since the 1500s, when an unknown printer took a galley&nbsp;<\\/p>\",\"ar\":\"<p>\\u0644\\u0648\\u0631\\u064a\\u0645 \\u0625\\u064a\\u0628\\u0633\\u0648\\u0645 \\u0647\\u0648 \\u0628\\u0628\\u0633\\u0627\\u0637\\u0629 \\u0646\\u0635 \\u0634\\u0643\\u0644\\u064a \\u064a\\u0633\\u062a\\u062e\\u062f\\u0645 \\u0641\\u064a \\u0635\\u0646\\u0627\\u0639\\u0629 \\u0627\\u0644\\u0637\\u0628\\u0627\\u0639\\u0629 \\u0648\\u0627\\u0644\\u062a\\u0646\\u0636\\u064a\\u062f. \\u0643\\u0627\\u0646 \\u0644\\u0648\\u0631\\u064a\\u0645 \\u0625\\u064a\\u0628\\u0633\\u0648\\u0645 \\u0647\\u0648 \\u0627\\u0644\\u0646\\u0635 \\u0627\\u0644\\u0648\\u0647\\u0645\\u064a \\u0627\\u0644\\u0642\\u064a\\u0627\\u0633\\u064a \\u0641\\u064a \\u0627\\u0644\\u0635\\u0646\\u0627\\u0639\\u0629 \\u0645\\u0646\\u0630 \\u0627\\u0644\\u0642\\u0631\\u0646 \\u0627\\u0644\\u062e\\u0627\\u0645\\u0633 \\u0639\\u0634\\u0631 \\u0627\\u0644\\u0645\\u064a\\u0644\\u0627\\u062f\\u064a \\u060c \\u0639\\u0646\\u062f\\u0645\\u0627 \\u0623\\u062e\\u0630\\u062a \\u0637\\u0627\\u0628\\u0639\\u0629 \\u063a\\u064a\\u0631 \\u0645\\u0639\\u0631\\u0648\\u0641\\u0629 \\u0644\\u0648\\u062d\\u064b\\u0627 \\u060c \\u0623\\u0648 \\u0644\\u0648\\u0631\\u064a\\u0645 \\u0625\\u064a\\u0628\\u0633\\u0648\\u0645 \\u0647\\u0648 \\u0628\\u0628\\u0633\\u0627\\u0637\\u0629 \\u0646\\u0635 \\u0634\\u0643\\u0644\\u064a \\u0641\\u064a \\u0635\\u0646\\u0627\\u0639\\u0629 \\u0627\\u0644\\u0637\\u0628\\u0627\\u0639\\u0629 \\u0648\\u0627\\u0644\\u062a\\u0646\\u0636\\u064a\\u062f. \\u0643\\u0627\\u0646 Lorem Ipsum \\u0647\\u0648 \\u0627\\u0644\\u0646\\u0635 \\u0627\\u0644\\u0648\\u0647\\u0645\\u064a \\u0627\\u0644\\u0642\\u064a\\u0627\\u0633\\u064a \\u0641\\u064a \\u0627\\u0644\\u0635\\u0646\\u0627\\u0639\\u0629 \\u0645\\u0646\\u0630 \\u0627\\u0644\\u0642\\u0631\\u0646 \\u0627\\u0644\\u062e\\u0627\\u0645\\u0633 \\u0639\\u0634\\u0631 \\u0627\\u0644\\u0645\\u064a\\u0644\\u0627\\u062f\\u064a \\u060c \\u0639\\u0646\\u062f\\u0645\\u0627 \\u0623\\u062e\\u0630\\u062a \\u0637\\u0627\\u0628\\u0639\\u0629 \\u063a\\u064a\\u0631 \\u0645\\u0639\\u0631\\u0648\\u0641\\u0629 \\u0644\\u0648\\u062d\\u064b\\u0627<\\/p>\"}', '{\"en\":\"<p>Lorem Ipsum is simply dummy text of the printing and typesetting industry. Lorem Ipsum has been the industry\'s standard dummy text ever since the 1500s, when an unknown printer took a galley o Lorem Ipsum is simply dummy text of the printing and typesetting industry. Lorem Ipsum has been the industry\'s standard dummy text ever since the 1500s, when an unknown printer took a galley&nbsp;<\\/p>\",\"ar\":\"<p>\\u0644\\u0648\\u0631\\u064a\\u0645 \\u0625\\u064a\\u0628\\u0633\\u0648\\u0645 \\u0647\\u0648 \\u0628\\u0628\\u0633\\u0627\\u0637\\u0629 \\u0646\\u0635 \\u0634\\u0643\\u0644\\u064a \\u064a\\u0633\\u062a\\u062e\\u062f\\u0645 \\u0641\\u064a \\u0635\\u0646\\u0627\\u0639\\u0629 \\u0627\\u0644\\u0637\\u0628\\u0627\\u0639\\u0629 \\u0648\\u0627\\u0644\\u062a\\u0646\\u0636\\u064a\\u062f. \\u0643\\u0627\\u0646 \\u0644\\u0648\\u0631\\u064a\\u0645 \\u0625\\u064a\\u0628\\u0633\\u0648\\u0645 \\u0647\\u0648 \\u0627\\u0644\\u0646\\u0635 \\u0627\\u0644\\u0648\\u0647\\u0645\\u064a \\u0627\\u0644\\u0642\\u064a\\u0627\\u0633\\u064a \\u0641\\u064a \\u0627\\u0644\\u0635\\u0646\\u0627\\u0639\\u0629 \\u0645\\u0646\\u0630 \\u0627\\u0644\\u0642\\u0631\\u0646 \\u0627\\u0644\\u062e\\u0627\\u0645\\u0633 \\u0639\\u0634\\u0631 \\u0627\\u0644\\u0645\\u064a\\u0644\\u0627\\u062f\\u064a \\u060c \\u0639\\u0646\\u062f\\u0645\\u0627 \\u0623\\u062e\\u0630\\u062a \\u0637\\u0627\\u0628\\u0639\\u0629 \\u063a\\u064a\\u0631 \\u0645\\u0639\\u0631\\u0648\\u0641\\u0629 \\u0644\\u0648\\u062d\\u064b\\u0627 \\u060c \\u0623\\u0648 \\u0644\\u0648\\u0631\\u064a\\u0645 \\u0625\\u064a\\u0628\\u0633\\u0648\\u0645 \\u0647\\u0648 \\u0628\\u0628\\u0633\\u0627\\u0637\\u0629 \\u0646\\u0635 \\u0634\\u0643\\u0644\\u064a \\u0641\\u064a \\u0635\\u0646\\u0627\\u0639\\u0629 \\u0627\\u0644\\u0637\\u0628\\u0627\\u0639\\u0629 \\u0648\\u0627\\u0644\\u062a\\u0646\\u0636\\u064a\\u062f. \\u0643\\u0627\\u0646 Lorem Ipsum \\u0647\\u0648 \\u0627\\u0644\\u0646\\u0635 \\u0627\\u0644\\u0648\\u0647\\u0645\\u064a \\u0627\\u0644\\u0642\\u064a\\u0627\\u0633\\u064a \\u0641\\u064a \\u0627\\u0644\\u0635\\u0646\\u0627\\u0639\\u0629 \\u0645\\u0646\\u0630 \\u0627\\u0644\\u0642\\u0631\\u0646 \\u0627\\u0644\\u062e\\u0627\\u0645\\u0633 \\u0639\\u0634\\u0631 \\u0627\\u0644\\u0645\\u064a\\u0644\\u0627\\u062f\\u064a \\u060c \\u0639\\u0646\\u062f\\u0645\\u0627 \\u0623\\u062e\\u0630\\u062a \\u0637\\u0627\\u0628\\u0639\\u0629 \\u063a\\u064a\\u0631 \\u0645\\u0639\\u0631\\u0648\\u0641\\u0629 \\u0644\\u0648\\u062d\\u064b\\u0627<\\/p>\"}', 1, '2020', 1, 200.000000, '113', 106, 0, '2021-07-08T13:42:00.000Z', '0.36', 2, 1, 6, 30, 2, 0, 0, 'hp-2021-air-189-laptop-113', NULL, 15, 1, '2021-07-08 16:44:41', '2021-07-10 22:15:01'),
(27, 3, '{\"en\":\"women lady lace up sneakers\",\"ar\":\"\\u0623\\u062d\\u0630\\u064a\\u0629 \\u0631\\u064a\\u0627\\u0636\\u064a\\u0629 \\u0644\\u0644\\u0633\\u064a\\u062f\\u0627\\u062a \\u0628\\u0631\\u0628\\u0627\\u0637\"}', '{\"ar\":\"<p><strong>Lorem Ipsum<\\/strong> is simply dummy text of the printing and typesetting industry. Lorem Ipsum has been the industry\'s standard dummy text ever since the 1500s,<\\/p>\",\"en\":\"<p><strong>Lorem Ipsum<\\/strong> is simply dummy text of the printing and typesetting industry. Lorem Ipsum has been the industry\'s standard dummy text ever since the 1500s,<\\/p>\"}', '{\"ar\":\"<p><strong>Lorem Ipsum<\\/strong> is simply dummy text of the printing and typesetting industry. Lorem Ipsum has been the industry\'s standard dummy text ever since the 1500s,<\\/p>\",\"en\":\"<p><strong>Lorem Ipsum<\\/strong> is simply dummy text of the printing and typesetting industry. Lorem Ipsum has been the industry\'s standard dummy text ever since the 1500s,<\\/p>\"}', '{\"ar\":\"<p><strong>Lorem Ipsum<\\/strong> is simply dummy text of the printing and typesetting industry. Lorem Ipsum has been the industry\'s standard dummy text ever since the 1500s,<\\/p>\",\"en\":\"<p><strong>Lorem Ipsum<\\/strong> is simply dummy text of the printing and typesetting industry. Lorem Ipsum has been the industry\'s standard dummy text ever since the 1500s,<\\/p>\"}', 2, '34', 1, 75.000000, '1000293029', 23234, 0, '2021-07-08T13:42:00.000Z', '0.54', 2, 0, 3, 28, 2, 0, 0, 'women-lady-lace-up-sneakers-1000293029', NULL, 5, 1, '2021-07-08 16:45:02', '2021-07-09 09:26:34');
INSERT INTO `products` (`id`, `vendor_id`, `name`, `description`, `short_description`, `refund_policy`, `product_type`, `modal`, `is_feature`, `price`, `sku`, `stock`, `quantity`, `available_date`, `weight`, `unit_id`, `is_active`, `manufacturer_id`, `brand_id`, `tax_class_id`, `product_ordered`, `product_liked`, `slug`, `external_link`, `max_order`, `min_order`, `created_at`, `updated_at`) VALUES
(28, 3, '{\"en\":\"Neklaces Long Necklace Women Jewelery\",\"ar\":\"\\u0645\\u062c\\u0648\\u0647\\u0631\\u0627\\u062a \\u0646\\u064a\\u0643\\u0644\\u064a\\u0633 \\u0642\\u0644\\u0627\\u062f\\u0629 \\u0637\\u0648\\u064a\\u0644\\u0629\"}', '{\"en\":\"<p><strong>Lorem Ipsum<\\/strong> is simply dummy text of the printing and typesetting industry. Lorem Ipsum has been the industry\'s standard dummy text ever since the 1500s, when an unknown printer took a galley of type and scrambled it to make a type specimen book. It has survived not only five centuries, but also the leap into electronic typesetting, remaining essentially unchanged. It was popularised in the 1960s with the release of Letraset sheets containing Lorem Ipsum passages, and more recently with desktop publishing software like Aldus PageMaker including versions of Lorem Ipsum.<\\/p>\",\"ar\":\"<p>\\u0644\\u0643\\u0646 \\u0644\\u0627 \\u0628\\u062f \\u0623\\u0646 \\u0623\\u0648\\u0636\\u062d \\u0644\\u0643 \\u0623\\u0646 \\u0643\\u0644 \\u0647\\u0630\\u0647 \\u0627\\u0644\\u0623\\u0641\\u0643\\u0627\\u0631 \\u0627\\u0644\\u0645\\u063a\\u0644\\u0648\\u0637\\u0629 \\u062d\\u0648\\u0644 \\u0627\\u0633\\u062a\\u0646\\u0643\\u0627\\u0631 &nbsp;\\u0627\\u0644\\u0646\\u0634\\u0648\\u0629 \\u0648\\u062a\\u0645\\u062c\\u064a\\u062f \\u0627\\u0644\\u0623\\u0644\\u0645 \\u0646\\u0634\\u0623\\u062a \\u0628\\u0627\\u0644\\u0641\\u0639\\u0644\\u060c \\u0648\\u0633\\u0623\\u0639\\u0631\\u0636 \\u0644\\u0643 \\u0627\\u0644\\u062a\\u0641\\u0627\\u0635\\u064a\\u0644 \\u0644\\u062a\\u0643\\u062a\\u0634\\u0641 \\u062d\\u0642\\u064a\\u0642\\u0629 \\u0648\\u0623\\u0633\\u0627\\u0633 \\u062a\\u0644\\u0643 \\u0627\\u0644\\u0633\\u0639\\u0627\\u062f\\u0629 \\u0627\\u0644\\u0628\\u0634\\u0631\\u064a\\u0629\\u060c \\u0641\\u0644\\u0627 \\u0623\\u062d\\u062f \\u064a\\u0631\\u0641\\u0636 \\u0623\\u0648 \\u064a\\u0643\\u0631\\u0647 \\u0623\\u0648 \\u064a\\u062a\\u062c\\u0646\\u0628 \\u0627\\u0644\\u0634\\u0639\\u0648\\u0631 \\u0628\\u0627\\u0644\\u0633\\u0639\\u0627\\u062f\\u0629\\u060c \\u0648\\u0644\\u0643\\u0646 \\u0628\\u0641\\u0636\\u0644 \\u0647\\u0624\\u0644\\u0627\\u0621 \\u0627\\u0644\\u0623\\u0634\\u062e\\u0627\\u0635 \\u0627\\u0644\\u0630\\u064a\\u0646 \\u0644\\u0627 \\u064a\\u062f\\u0631\\u0643\\u0648\\u0646 \\u0628\\u0623\\u0646 \\u0627\\u0644\\u0633\\u0639\\u0627\\u062f\\u0629 \\u0644\\u0627 \\u0628\\u062f \\u0623\\u0646 \\u0646\\u0633\\u062a\\u0634\\u0639\\u0631\\u0647\\u0627 \\u0628\\u0635\\u0648\\u0631\\u0629 \\u0623\\u0643\\u062b\\u0631 \\u0639\\u0642\\u0644\\u0627\\u0646\\u064a\\u0629 \\u0648\\u0645\\u0646\\u0637\\u0642\\u064a\\u0629 \\u0641\\u064a\\u0639\\u0631\\u0636\\u0647\\u0645 \\u0647\\u0630\\u0627 \\u0644\\u0645\\u0648\\u0627\\u062c\\u0647\\u0629 \\u0627\\u0644\\u0638\\u0631\\u0648\\u0641 \\u0627\\u0644\\u0623\\u0644\\u064a\\u0645\\u0629\\u060c \\u0648\\u0623\\u0643\\u0631\\u0631 \\u0628\\u0623\\u0646\\u0647 \\u0644\\u0627 \\u064a\\u0648\\u062c\\u062f \\u0645\\u0646 \\u064a\\u0631\\u063a\\u0628 \\u0641\\u064a \\u0627\\u0644\\u062d\\u0628 \\u0648\\u0646\\u064a\\u0644 \\u0627\\u0644\\u0645\\u0646\\u0627\\u0644 \\u0648\\u064a\\u062a\\u0644\\u0630\\u0630 \\u0628\\u0627\\u0644\\u0622\\u0644\\u0627\\u0645\\u060c \\u0627\\u0644\\u0623\\u0644\\u0645 \\u0647\\u0648 \\u0627\\u0644\\u0623\\u0644\\u0645 \\u0648\\u0644\\u0643\\u0646 \\u0646\\u062a\\u064a\\u062c\\u0629 \\u0644\\u0638\\u0631\\u0648\\u0641 \\u0645\\u0627 \\u0642\\u062f \\u062a\\u0643\\u0645\\u0646 \\u0627\\u0644\\u0633\\u0639\\u0627\\u062f\\u0647 \\u0641\\u064a\\u0645\\u0627 \\u0646\\u062a\\u062d\\u0645\\u0644\\u0647 \\u0645\\u0646 \\u0643\\u062f \\u0648\\u0623\\u0633\\u064a.<\\/p><p>\\u0648 \\u0633\\u0623\\u0639\\u0631\\u0636 \\u0645\\u062b\\u0627\\u0644 \\u062d\\u064a \\u0644\\u0647\\u0630\\u0627\\u060c \\u0645\\u0646 \\u0645\\u0646\\u0627 \\u0644\\u0645 \\u064a\\u062a\\u062d\\u0645\\u0644 \\u062c\\u0647\\u062f \\u0628\\u062f\\u0646\\u064a \\u0634\\u0627\\u0642 \\u0625\\u0644\\u0627 \\u0645\\u0646 \\u0623\\u062c\\u0644 \\u0627\\u0644\\u062d\\u0635\\u0648\\u0644 \\u0639\\u0644\\u0649 \\u0645\\u064a\\u0632\\u0629 \\u0623\\u0648 \\u0641\\u0627\\u0626\\u062f\\u0629\\u061f \\u0648\\u0644\\u0643\\u0646 \\u0645\\u0646 \\u0644\\u062f\\u064a\\u0647 \\u0627\\u0644\\u062d\\u0642 \\u0623\\u0646 \\u064a\\u0646\\u062a\\u0642\\u062f \\u0634\\u062e\\u0635 \\u0645\\u0627 \\u0623\\u0631\\u0627\\u062f \\u0623\\u0646 \\u064a\\u0634\\u0639\\u0631 \\u0628\\u0627\\u0644\\u0633\\u0639\\u0627\\u062f\\u0629 \\u0627\\u0644\\u062a\\u064a \\u0644\\u0627 \\u062a\\u0634\\u0648\\u0628\\u0647\\u0627 \\u0639\\u0648\\u0627\\u0642\\u0628 \\u0623\\u0644\\u064a\\u0645\\u0629 \\u0623\\u0648 \\u0622\\u062e\\u0631 \\u0623\\u0631\\u0627\\u062f \\u0623\\u0646 \\u064a\\u062a\\u062c\\u0646\\u0628 \\u0627\\u0644\\u0623\\u0644\\u0645 \\u0627\\u0644\\u0630\\u064a \\u0631\\u0628\\u0645\\u0627 \\u062a\\u0646\\u062c\\u0645 \\u0639\\u0646\\u0647 \\u0628\\u0639\\u0636 \\u0627\\u0644\\u0645\\u062a\\u0639\\u0629 \\u061f&nbsp;<br>\\u0639\\u0644\\u064a \\u0627\\u0644\\u062c\\u0627\\u0646\\u0628 \\u0627\\u0644\\u0622\\u062e\\u0631 \\u0646\\u0634\\u062c\\u0628 \\u0648\\u0646\\u0633\\u062a\\u0646\\u0643\\u0631 \\u0647\\u0624\\u0644\\u0627\\u0621 \\u0627\\u0644\\u0631\\u062c\\u0627\\u0644 \\u0627\\u0644\\u0645\\u0641\\u062a\\u0648\\u0646\\u0648\\u0646 \\u0628\\u0646\\u0634\\u0648\\u0629 \\u0627\\u0644\\u0644\\u062d\\u0638\\u0629 \\u0627\\u0644\\u0647\\u0627\\u0626\\u0645\\u0648\\u0646 \\u0641\\u064a \\u0631\\u063a\\u0628\\u0627\\u062a\\u0647\\u0645 \\u0641\\u0644\\u0627 \\u064a\\u062f\\u0631\\u0643\\u0648\\u0646 \\u0645\\u0627 \\u064a\\u0639\\u0642\\u0628\\u0647\\u0627 \\u0645\\u0646 \\u0627\\u0644\\u0623\\u0644\\u0645 \\u0648\\u0627\\u0644\\u0623\\u0633\\u064a \\u0627\\u0644\\u0645\\u062d\\u062a\\u0645\\u060c \\u0648\\u0627\\u0644\\u0644\\u0648\\u0645 \\u0643\\u0630\\u0644\\u0643 \\u064a\\u0634\\u0645\\u0644 \\u0647\\u0624\\u0644\\u0627\\u0621 \\u0627\\u0644\\u0630\\u064a\\u0646 \\u0623\\u062e\\u0641\\u0642\\u0648\\u0627 \\u0641\\u064a \\u0648\\u0627\\u062c\\u0628\\u0627\\u062a\\u0647\\u0645 \\u0646\\u062a\\u064a\\u062c\\u0629 \\u0644\\u0636\\u0639\\u0641 \\u0625\\u0631\\u0627\\u062f\\u062a\\u0647\\u0645 \\u0641\\u064a\\u062a\\u0633\\u0627\\u0648\\u064a \\u0645\\u0639 \\u0647\\u0624\\u0644\\u0627\\u0621 \\u0627\\u0644\\u0630\\u064a\\u0646 \\u064a\\u062a\\u062c\\u0646\\u0628\\u0648\\u0646 \\u0648\\u064a\\u0646\\u0623\\u0648\\u0646 \\u0639\\u0646 \\u062a\\u062d\\u0645\\u0644 \\u0627\\u0644\\u0643\\u062f\\u062d \\u0648\\u0627\\u0644\\u0623\\u0644\\u0645 .<\\/p>\"}', '{\"en\":\"<p><strong>Lorem Ipsum<\\/strong> is simply dummy text of the printing and typesetting industry. Lorem Ipsum has been the industry\'s standard dummy text ever since the 1500s, when an unknown printer took a galley of type and scrambled it to make a type specimen book. It has survived not only five centuries, but also the leap into electronic typesetting, remaining essentially unchanged. It was popularised in the 1960s with the release of Letraset sheets containing Lorem Ipsum passages, and more recently with desktop publishing software like Aldus PageMaker including versions of Lorem Ipsum.<\\/p>\",\"ar\":\"<p>\\u0644\\u0643\\u0646 \\u0644\\u0627 \\u0628\\u062f \\u0623\\u0646 \\u0623\\u0648\\u0636\\u062d \\u0644\\u0643 \\u0623\\u0646 \\u0643\\u0644 \\u0647\\u0630\\u0647 \\u0627\\u0644\\u0623\\u0641\\u0643\\u0627\\u0631 \\u0627\\u0644\\u0645\\u063a\\u0644\\u0648\\u0637\\u0629 \\u062d\\u0648\\u0644 \\u0627\\u0633\\u062a\\u0646\\u0643\\u0627\\u0631 &nbsp;\\u0627\\u0644\\u0646\\u0634\\u0648\\u0629 \\u0648\\u062a\\u0645\\u062c\\u064a\\u062f \\u0627\\u0644\\u0623\\u0644\\u0645 \\u0646\\u0634\\u0623\\u062a \\u0628\\u0627\\u0644\\u0641\\u0639\\u0644\\u060c \\u0648\\u0633\\u0623\\u0639\\u0631\\u0636 \\u0644\\u0643 \\u0627\\u0644\\u062a\\u0641\\u0627\\u0635\\u064a\\u0644 \\u0644\\u062a\\u0643\\u062a\\u0634\\u0641 \\u062d\\u0642\\u064a\\u0642\\u0629 \\u0648\\u0623\\u0633\\u0627\\u0633 \\u062a\\u0644\\u0643 \\u0627\\u0644\\u0633\\u0639\\u0627\\u062f\\u0629 \\u0627\\u0644\\u0628\\u0634\\u0631\\u064a\\u0629\\u060c \\u0641\\u0644\\u0627 \\u0623\\u062d\\u062f \\u064a\\u0631\\u0641\\u0636 \\u0623\\u0648 \\u064a\\u0643\\u0631\\u0647 \\u0623\\u0648 \\u064a\\u062a\\u062c\\u0646\\u0628 \\u0627\\u0644\\u0634\\u0639\\u0648\\u0631 \\u0628\\u0627\\u0644\\u0633\\u0639\\u0627\\u062f\\u0629\\u060c \\u0648\\u0644\\u0643\\u0646 \\u0628\\u0641\\u0636\\u0644 \\u0647\\u0624\\u0644\\u0627\\u0621 \\u0627\\u0644\\u0623\\u0634\\u062e\\u0627\\u0635 \\u0627\\u0644\\u0630\\u064a\\u0646 \\u0644\\u0627 \\u064a\\u062f\\u0631\\u0643\\u0648\\u0646 \\u0628\\u0623\\u0646 \\u0627\\u0644\\u0633\\u0639\\u0627\\u062f\\u0629 \\u0644\\u0627 \\u0628\\u062f \\u0623\\u0646 \\u0646\\u0633\\u062a\\u0634\\u0639\\u0631\\u0647\\u0627 \\u0628\\u0635\\u0648\\u0631\\u0629 \\u0623\\u0643\\u062b\\u0631 \\u0639\\u0642\\u0644\\u0627\\u0646\\u064a\\u0629 \\u0648\\u0645\\u0646\\u0637\\u0642\\u064a\\u0629 \\u0641\\u064a\\u0639\\u0631\\u0636\\u0647\\u0645 \\u0647\\u0630\\u0627 \\u0644\\u0645\\u0648\\u0627\\u062c\\u0647\\u0629 \\u0627\\u0644\\u0638\\u0631\\u0648\\u0641 \\u0627\\u0644\\u0623\\u0644\\u064a\\u0645\\u0629\\u060c \\u0648\\u0623\\u0643\\u0631\\u0631 \\u0628\\u0623\\u0646\\u0647 \\u0644\\u0627 \\u064a\\u0648\\u062c\\u062f \\u0645\\u0646 \\u064a\\u0631\\u063a\\u0628 \\u0641\\u064a \\u0627\\u0644\\u062d\\u0628 \\u0648\\u0646\\u064a\\u0644 \\u0627\\u0644\\u0645\\u0646\\u0627\\u0644 \\u0648\\u064a\\u062a\\u0644\\u0630\\u0630 \\u0628\\u0627\\u0644\\u0622\\u0644\\u0627\\u0645\\u060c \\u0627\\u0644\\u0623\\u0644\\u0645 \\u0647\\u0648 \\u0627\\u0644\\u0623\\u0644\\u0645 \\u0648\\u0644\\u0643\\u0646 \\u0646\\u062a\\u064a\\u062c\\u0629 \\u0644\\u0638\\u0631\\u0648\\u0641 \\u0645\\u0627 \\u0642\\u062f \\u062a\\u0643\\u0645\\u0646 \\u0627\\u0644\\u0633\\u0639\\u0627\\u062f\\u0647 \\u0641\\u064a\\u0645\\u0627 \\u0646\\u062a\\u062d\\u0645\\u0644\\u0647 \\u0645\\u0646 \\u0643\\u062f \\u0648\\u0623\\u0633\\u064a.<\\/p><p>\\u0648 \\u0633\\u0623\\u0639\\u0631\\u0636 \\u0645\\u062b\\u0627\\u0644 \\u062d\\u064a \\u0644\\u0647\\u0630\\u0627\\u060c \\u0645\\u0646 \\u0645\\u0646\\u0627 \\u0644\\u0645 \\u064a\\u062a\\u062d\\u0645\\u0644 \\u062c\\u0647\\u062f \\u0628\\u062f\\u0646\\u064a \\u0634\\u0627\\u0642 \\u0625\\u0644\\u0627 \\u0645\\u0646 \\u0623\\u062c\\u0644 \\u0627\\u0644\\u062d\\u0635\\u0648\\u0644 \\u0639\\u0644\\u0649 \\u0645\\u064a\\u0632\\u0629 \\u0623\\u0648 \\u0641\\u0627\\u0626\\u062f\\u0629\\u061f \\u0648\\u0644\\u0643\\u0646 \\u0645\\u0646 \\u0644\\u062f\\u064a\\u0647 \\u0627\\u0644\\u062d\\u0642 \\u0623\\u0646 \\u064a\\u0646\\u062a\\u0642\\u062f \\u0634\\u062e\\u0635 \\u0645\\u0627 \\u0623\\u0631\\u0627\\u062f \\u0623\\u0646 \\u064a\\u0634\\u0639\\u0631 \\u0628\\u0627\\u0644\\u0633\\u0639\\u0627\\u062f\\u0629 \\u0627\\u0644\\u062a\\u064a \\u0644\\u0627 \\u062a\\u0634\\u0648\\u0628\\u0647\\u0627 \\u0639\\u0648\\u0627\\u0642\\u0628 \\u0623\\u0644\\u064a\\u0645\\u0629 \\u0623\\u0648 \\u0622\\u062e\\u0631 \\u0623\\u0631\\u0627\\u062f \\u0623\\u0646 \\u064a\\u062a\\u062c\\u0646\\u0628 \\u0627\\u0644\\u0623\\u0644\\u0645 \\u0627\\u0644\\u0630\\u064a \\u0631\\u0628\\u0645\\u0627 \\u062a\\u0646\\u062c\\u0645 \\u0639\\u0646\\u0647 \\u0628\\u0639\\u0636 \\u0627\\u0644\\u0645\\u062a\\u0639\\u0629 \\u061f&nbsp;<br>\\u0639\\u0644\\u064a \\u0627\\u0644\\u062c\\u0627\\u0646\\u0628 \\u0627\\u0644\\u0622\\u062e\\u0631 \\u0646\\u0634\\u062c\\u0628 \\u0648\\u0646\\u0633\\u062a\\u0646\\u0643\\u0631 \\u0647\\u0624\\u0644\\u0627\\u0621 \\u0627\\u0644\\u0631\\u062c\\u0627\\u0644 \\u0627\\u0644\\u0645\\u0641\\u062a\\u0648\\u0646\\u0648\\u0646 \\u0628\\u0646\\u0634\\u0648\\u0629 \\u0627\\u0644\\u0644\\u062d\\u0638\\u0629 \\u0627\\u0644\\u0647\\u0627\\u0626\\u0645\\u0648\\u0646 \\u0641\\u064a \\u0631\\u063a\\u0628\\u0627\\u062a\\u0647\\u0645 \\u0641\\u0644\\u0627 \\u064a\\u062f\\u0631\\u0643\\u0648\\u0646 \\u0645\\u0627 \\u064a\\u0639\\u0642\\u0628\\u0647\\u0627 \\u0645\\u0646 \\u0627\\u0644\\u0623\\u0644\\u0645 \\u0648\\u0627\\u0644\\u0623\\u0633\\u064a \\u0627\\u0644\\u0645\\u062d\\u062a\\u0645\\u060c \\u0648\\u0627\\u0644\\u0644\\u0648\\u0645 \\u0643\\u0630\\u0644\\u0643 \\u064a\\u0634\\u0645\\u0644 \\u0647\\u0624\\u0644\\u0627\\u0621 \\u0627\\u0644\\u0630\\u064a\\u0646 \\u0623\\u062e\\u0641\\u0642\\u0648\\u0627 \\u0641\\u064a \\u0648\\u0627\\u062c\\u0628\\u0627\\u062a\\u0647\\u0645 \\u0646\\u062a\\u064a\\u062c\\u0629 \\u0644\\u0636\\u0639\\u0641 \\u0625\\u0631\\u0627\\u062f\\u062a\\u0647\\u0645 \\u0641\\u064a\\u062a\\u0633\\u0627\\u0648\\u064a \\u0645\\u0639 \\u0647\\u0624\\u0644\\u0627\\u0621 \\u0627\\u0644\\u0630\\u064a\\u0646 \\u064a\\u062a\\u062c\\u0646\\u0628\\u0648\\u0646 \\u0648\\u064a\\u0646\\u0623\\u0648\\u0646 \\u0639\\u0646 \\u062a\\u062d\\u0645\\u0644 \\u0627\\u0644\\u0643\\u062f\\u062d \\u0648\\u0627\\u0644\\u0623\\u0644\\u0645 .<\\/p>\"}', '{\"en\":\"<p><strong>Lorem Ipsum<\\/strong> is simply dummy text of the printing and typesetting industry. Lorem Ipsum has been the industry\'s standard dummy text ever since the 1500s, when an unknown printer took a galley of type and scrambled it to make a type specimen book. It has survived not only five centuries, but also the leap into electronic typesetting, remaining essentially unchanged. It was popularised in the 1960s with the release of Letraset sheets containing Lorem Ipsum passages, and more recently with desktop publishing software like Aldus PageMaker including versions of Lorem Ipsum.<\\/p>\",\"ar\":\"<p>\\u0644\\u0643\\u0646 \\u0644\\u0627 \\u0628\\u062f \\u0623\\u0646 \\u0623\\u0648\\u0636\\u062d \\u0644\\u0643 \\u0623\\u0646 \\u0643\\u0644 \\u0647\\u0630\\u0647 \\u0627\\u0644\\u0623\\u0641\\u0643\\u0627\\u0631 \\u0627\\u0644\\u0645\\u063a\\u0644\\u0648\\u0637\\u0629 \\u062d\\u0648\\u0644 \\u0627\\u0633\\u062a\\u0646\\u0643\\u0627\\u0631 &nbsp;\\u0627\\u0644\\u0646\\u0634\\u0648\\u0629 \\u0648\\u062a\\u0645\\u062c\\u064a\\u062f \\u0627\\u0644\\u0623\\u0644\\u0645 \\u0646\\u0634\\u0623\\u062a \\u0628\\u0627\\u0644\\u0641\\u0639\\u0644\\u060c \\u0648\\u0633\\u0623\\u0639\\u0631\\u0636 \\u0644\\u0643 \\u0627\\u0644\\u062a\\u0641\\u0627\\u0635\\u064a\\u0644 \\u0644\\u062a\\u0643\\u062a\\u0634\\u0641 \\u062d\\u0642\\u064a\\u0642\\u0629 \\u0648\\u0623\\u0633\\u0627\\u0633 \\u062a\\u0644\\u0643 \\u0627\\u0644\\u0633\\u0639\\u0627\\u062f\\u0629 \\u0627\\u0644\\u0628\\u0634\\u0631\\u064a\\u0629\\u060c \\u0641\\u0644\\u0627 \\u0623\\u062d\\u062f \\u064a\\u0631\\u0641\\u0636 \\u0623\\u0648 \\u064a\\u0643\\u0631\\u0647 \\u0623\\u0648 \\u064a\\u062a\\u062c\\u0646\\u0628 \\u0627\\u0644\\u0634\\u0639\\u0648\\u0631 \\u0628\\u0627\\u0644\\u0633\\u0639\\u0627\\u062f\\u0629\\u060c \\u0648\\u0644\\u0643\\u0646 \\u0628\\u0641\\u0636\\u0644 \\u0647\\u0624\\u0644\\u0627\\u0621 \\u0627\\u0644\\u0623\\u0634\\u062e\\u0627\\u0635 \\u0627\\u0644\\u0630\\u064a\\u0646 \\u0644\\u0627 \\u064a\\u062f\\u0631\\u0643\\u0648\\u0646 \\u0628\\u0623\\u0646 \\u0627\\u0644\\u0633\\u0639\\u0627\\u062f\\u0629 \\u0644\\u0627 \\u0628\\u062f \\u0623\\u0646 \\u0646\\u0633\\u062a\\u0634\\u0639\\u0631\\u0647\\u0627 \\u0628\\u0635\\u0648\\u0631\\u0629 \\u0623\\u0643\\u062b\\u0631 \\u0639\\u0642\\u0644\\u0627\\u0646\\u064a\\u0629 \\u0648\\u0645\\u0646\\u0637\\u0642\\u064a\\u0629 \\u0641\\u064a\\u0639\\u0631\\u0636\\u0647\\u0645 \\u0647\\u0630\\u0627 \\u0644\\u0645\\u0648\\u0627\\u062c\\u0647\\u0629 \\u0627\\u0644\\u0638\\u0631\\u0648\\u0641 \\u0627\\u0644\\u0623\\u0644\\u064a\\u0645\\u0629\\u060c \\u0648\\u0623\\u0643\\u0631\\u0631 \\u0628\\u0623\\u0646\\u0647 \\u0644\\u0627 \\u064a\\u0648\\u062c\\u062f \\u0645\\u0646 \\u064a\\u0631\\u063a\\u0628 \\u0641\\u064a \\u0627\\u0644\\u062d\\u0628 \\u0648\\u0646\\u064a\\u0644 \\u0627\\u0644\\u0645\\u0646\\u0627\\u0644 \\u0648\\u064a\\u062a\\u0644\\u0630\\u0630 \\u0628\\u0627\\u0644\\u0622\\u0644\\u0627\\u0645\\u060c \\u0627\\u0644\\u0623\\u0644\\u0645 \\u0647\\u0648 \\u0627\\u0644\\u0623\\u0644\\u0645 \\u0648\\u0644\\u0643\\u0646 \\u0646\\u062a\\u064a\\u062c\\u0629 \\u0644\\u0638\\u0631\\u0648\\u0641 \\u0645\\u0627 \\u0642\\u062f \\u062a\\u0643\\u0645\\u0646 \\u0627\\u0644\\u0633\\u0639\\u0627\\u062f\\u0647 \\u0641\\u064a\\u0645\\u0627 \\u0646\\u062a\\u062d\\u0645\\u0644\\u0647 \\u0645\\u0646 \\u0643\\u062f \\u0648\\u0623\\u0633\\u064a.<\\/p><p>\\u0648 \\u0633\\u0623\\u0639\\u0631\\u0636 \\u0645\\u062b\\u0627\\u0644 \\u062d\\u064a \\u0644\\u0647\\u0630\\u0627\\u060c \\u0645\\u0646 \\u0645\\u0646\\u0627 \\u0644\\u0645 \\u064a\\u062a\\u062d\\u0645\\u0644 \\u062c\\u0647\\u062f \\u0628\\u062f\\u0646\\u064a \\u0634\\u0627\\u0642 \\u0625\\u0644\\u0627 \\u0645\\u0646 \\u0623\\u062c\\u0644 \\u0627\\u0644\\u062d\\u0635\\u0648\\u0644 \\u0639\\u0644\\u0649 \\u0645\\u064a\\u0632\\u0629 \\u0623\\u0648 \\u0641\\u0627\\u0626\\u062f\\u0629\\u061f \\u0648\\u0644\\u0643\\u0646 \\u0645\\u0646 \\u0644\\u062f\\u064a\\u0647 \\u0627\\u0644\\u062d\\u0642 \\u0623\\u0646 \\u064a\\u0646\\u062a\\u0642\\u062f \\u0634\\u062e\\u0635 \\u0645\\u0627 \\u0623\\u0631\\u0627\\u062f \\u0623\\u0646 \\u064a\\u0634\\u0639\\u0631 \\u0628\\u0627\\u0644\\u0633\\u0639\\u0627\\u062f\\u0629 \\u0627\\u0644\\u062a\\u064a \\u0644\\u0627 \\u062a\\u0634\\u0648\\u0628\\u0647\\u0627 \\u0639\\u0648\\u0627\\u0642\\u0628 \\u0623\\u0644\\u064a\\u0645\\u0629 \\u0623\\u0648 \\u0622\\u062e\\u0631 \\u0623\\u0631\\u0627\\u062f \\u0623\\u0646 \\u064a\\u062a\\u062c\\u0646\\u0628 \\u0627\\u0644\\u0623\\u0644\\u0645 \\u0627\\u0644\\u0630\\u064a \\u0631\\u0628\\u0645\\u0627 \\u062a\\u0646\\u062c\\u0645 \\u0639\\u0646\\u0647 \\u0628\\u0639\\u0636 \\u0627\\u0644\\u0645\\u062a\\u0639\\u0629 \\u061f&nbsp;<br>\\u0639\\u0644\\u064a \\u0627\\u0644\\u062c\\u0627\\u0646\\u0628 \\u0627\\u0644\\u0622\\u062e\\u0631 \\u0646\\u0634\\u062c\\u0628 \\u0648\\u0646\\u0633\\u062a\\u0646\\u0643\\u0631 \\u0647\\u0624\\u0644\\u0627\\u0621 \\u0627\\u0644\\u0631\\u062c\\u0627\\u0644 \\u0627\\u0644\\u0645\\u0641\\u062a\\u0648\\u0646\\u0648\\u0646 \\u0628\\u0646\\u0634\\u0648\\u0629 \\u0627\\u0644\\u0644\\u062d\\u0638\\u0629 \\u0627\\u0644\\u0647\\u0627\\u0626\\u0645\\u0648\\u0646 \\u0641\\u064a \\u0631\\u063a\\u0628\\u0627\\u062a\\u0647\\u0645 \\u0641\\u0644\\u0627 \\u064a\\u062f\\u0631\\u0643\\u0648\\u0646 \\u0645\\u0627 \\u064a\\u0639\\u0642\\u0628\\u0647\\u0627 \\u0645\\u0646 \\u0627\\u0644\\u0623\\u0644\\u0645 \\u0648\\u0627\\u0644\\u0623\\u0633\\u064a \\u0627\\u0644\\u0645\\u062d\\u062a\\u0645\\u060c \\u0648\\u0627\\u0644\\u0644\\u0648\\u0645 \\u0643\\u0630\\u0644\\u0643 \\u064a\\u0634\\u0645\\u0644 \\u0647\\u0624\\u0644\\u0627\\u0621 \\u0627\\u0644\\u0630\\u064a\\u0646 \\u0623\\u062e\\u0641\\u0642\\u0648\\u0627 \\u0641\\u064a \\u0648\\u0627\\u062c\\u0628\\u0627\\u062a\\u0647\\u0645 \\u0646\\u062a\\u064a\\u062c\\u0629 \\u0644\\u0636\\u0639\\u0641 \\u0625\\u0631\\u0627\\u062f\\u062a\\u0647\\u0645 \\u0641\\u064a\\u062a\\u0633\\u0627\\u0648\\u064a \\u0645\\u0639 \\u0647\\u0624\\u0644\\u0627\\u0621 \\u0627\\u0644\\u0630\\u064a\\u0646 \\u064a\\u062a\\u062c\\u0646\\u0628\\u0648\\u0646 \\u0648\\u064a\\u0646\\u0623\\u0648\\u0646 \\u0639\\u0646 \\u062a\\u062d\\u0645\\u0644 \\u0627\\u0644\\u0643\\u062f\\u062d \\u0648\\u0627\\u0644\\u0623\\u0644\\u0645 .<\\/p>\"}', 1, 'Fresh', 1, 66.000000, 'Neklaces150', 150, 0, '2021-07-08T13:48:00.000Z', '0.1', 2, 1, 3, 13, 3, 0, 0, 'neklaces-long-necklace-women-jewelery-neklaces150', NULL, 10, 1, '2021-07-08 16:51:03', '2021-07-08 16:51:03'),
(32, 3, '{\"en\":\"Titan Black sliver Stainless Steel Ring Wings\",\"ar\":\"\\u0623\\u062c\\u0646\\u062d\\u0629 \\u062e\\u0627\\u062a\\u0645 \\u0645\\u0646 \\u0627\\u0644\\u0641\\u0648\\u0644\\u0627\\u0630 \\u0627\\u0644\\u0645\\u0642\\u0627\\u0648\\u0645 \\u0644\\u0644\\u0635\\u062f\\u0623 \\u0641\\u0636\\u064a\\u0629 \\u0645\\u0646 \\u062a\\u064a\\u062a\\u0627\\u0646 \\u0628\\u0627\\u0644\\u0644\\u0648\\u0646 \\u0627\\u0644\\u0623\\u0633\\u0648\\u062f\"}', '{\"en\":\"<p><strong>Lorem Ipsum<\\/strong> is simply dummy text of the printing and typesetting industry. Lorem Ipsum has been the industry\'s standard dummy text ever since the 1500s, when an unknown printer took a galley of type and scrambled it to make a type specimen book. It has survived not only five centuries, but also the leap into electronic typesetting, remaining essentially unchanged. It was popularised in the 1960s with the release of Letraset sheets containing Lorem Ipsum passages, and more recently with desktop publishing software like Aldus PageMaker including versions of Lorem Ipsum.<\\/p>\",\"ar\":\"<p>\\u0644\\u0643\\u0646 \\u0644\\u0627 \\u0628\\u062f \\u0623\\u0646 \\u0623\\u0648\\u0636\\u062d \\u0644\\u0643 \\u0623\\u0646 \\u0643\\u0644 \\u0647\\u0630\\u0647 \\u0627\\u0644\\u0623\\u0641\\u0643\\u0627\\u0631 \\u0627\\u0644\\u0645\\u063a\\u0644\\u0648\\u0637\\u0629 \\u062d\\u0648\\u0644 \\u0627\\u0633\\u062a\\u0646\\u0643\\u0627\\u0631 &nbsp;\\u0627\\u0644\\u0646\\u0634\\u0648\\u0629 \\u0648\\u062a\\u0645\\u062c\\u064a\\u062f \\u0627\\u0644\\u0623\\u0644\\u0645 \\u0646\\u0634\\u0623\\u062a \\u0628\\u0627\\u0644\\u0641\\u0639\\u0644\\u060c \\u0648\\u0633\\u0623\\u0639\\u0631\\u0636 \\u0644\\u0643 \\u0627\\u0644\\u062a\\u0641\\u0627\\u0635\\u064a\\u0644 \\u0644\\u062a\\u0643\\u062a\\u0634\\u0641 \\u062d\\u0642\\u064a\\u0642\\u0629 \\u0648\\u0623\\u0633\\u0627\\u0633 \\u062a\\u0644\\u0643 \\u0627\\u0644\\u0633\\u0639\\u0627\\u062f\\u0629 \\u0627\\u0644\\u0628\\u0634\\u0631\\u064a\\u0629\\u060c \\u0641\\u0644\\u0627 \\u0623\\u062d\\u062f \\u064a\\u0631\\u0641\\u0636 \\u0623\\u0648 \\u064a\\u0643\\u0631\\u0647 \\u0623\\u0648 \\u064a\\u062a\\u062c\\u0646\\u0628 \\u0627\\u0644\\u0634\\u0639\\u0648\\u0631 \\u0628\\u0627\\u0644\\u0633\\u0639\\u0627\\u062f\\u0629\\u060c \\u0648\\u0644\\u0643\\u0646 \\u0628\\u0641\\u0636\\u0644 \\u0647\\u0624\\u0644\\u0627\\u0621 \\u0627\\u0644\\u0623\\u0634\\u062e\\u0627\\u0635 \\u0627\\u0644\\u0630\\u064a\\u0646 \\u0644\\u0627 \\u064a\\u062f\\u0631\\u0643\\u0648\\u0646 \\u0628\\u0623\\u0646 \\u0627\\u0644\\u0633\\u0639\\u0627\\u062f\\u0629 \\u0644\\u0627 \\u0628\\u062f \\u0623\\u0646 \\u0646\\u0633\\u062a\\u0634\\u0639\\u0631\\u0647\\u0627 \\u0628\\u0635\\u0648\\u0631\\u0629 \\u0623\\u0643\\u062b\\u0631 \\u0639\\u0642\\u0644\\u0627\\u0646\\u064a\\u0629 \\u0648\\u0645\\u0646\\u0637\\u0642\\u064a\\u0629 \\u0641\\u064a\\u0639\\u0631\\u0636\\u0647\\u0645 \\u0647\\u0630\\u0627 \\u0644\\u0645\\u0648\\u0627\\u062c\\u0647\\u0629 \\u0627\\u0644\\u0638\\u0631\\u0648\\u0641 \\u0627\\u0644\\u0623\\u0644\\u064a\\u0645\\u0629\\u060c \\u0648\\u0623\\u0643\\u0631\\u0631 \\u0628\\u0623\\u0646\\u0647 \\u0644\\u0627 \\u064a\\u0648\\u062c\\u062f \\u0645\\u0646 \\u064a\\u0631\\u063a\\u0628 \\u0641\\u064a \\u0627\\u0644\\u062d\\u0628 \\u0648\\u0646\\u064a\\u0644 \\u0627\\u0644\\u0645\\u0646\\u0627\\u0644 \\u0648\\u064a\\u062a\\u0644\\u0630\\u0630 \\u0628\\u0627\\u0644\\u0622\\u0644\\u0627\\u0645\\u060c \\u0627\\u0644\\u0623\\u0644\\u0645 \\u0647\\u0648 \\u0627\\u0644\\u0623\\u0644\\u0645 \\u0648\\u0644\\u0643\\u0646 \\u0646\\u062a\\u064a\\u062c\\u0629 \\u0644\\u0638\\u0631\\u0648\\u0641 \\u0645\\u0627 \\u0642\\u062f \\u062a\\u0643\\u0645\\u0646 \\u0627\\u0644\\u0633\\u0639\\u0627\\u062f\\u0647 \\u0641\\u064a\\u0645\\u0627 \\u0646\\u062a\\u062d\\u0645\\u0644\\u0647 \\u0645\\u0646 \\u0643\\u062f \\u0648\\u0623\\u0633\\u064a.<\\/p><p>\\u0648 \\u0633\\u0623\\u0639\\u0631\\u0636 \\u0645\\u062b\\u0627\\u0644 \\u062d\\u064a \\u0644\\u0647\\u0630\\u0627\\u060c \\u0645\\u0646 \\u0645\\u0646\\u0627 \\u0644\\u0645 \\u064a\\u062a\\u062d\\u0645\\u0644 \\u062c\\u0647\\u062f \\u0628\\u062f\\u0646\\u064a \\u0634\\u0627\\u0642 \\u0625\\u0644\\u0627 \\u0645\\u0646 \\u0623\\u062c\\u0644 \\u0627\\u0644\\u062d\\u0635\\u0648\\u0644 \\u0639\\u0644\\u0649 \\u0645\\u064a\\u0632\\u0629 \\u0623\\u0648 \\u0641\\u0627\\u0626\\u062f\\u0629\\u061f \\u0648\\u0644\\u0643\\u0646 \\u0645\\u0646 \\u0644\\u062f\\u064a\\u0647 \\u0627\\u0644\\u062d\\u0642 \\u0623\\u0646 \\u064a\\u0646\\u062a\\u0642\\u062f \\u0634\\u062e\\u0635 \\u0645\\u0627 \\u0623\\u0631\\u0627\\u062f \\u0623\\u0646 \\u064a\\u0634\\u0639\\u0631 \\u0628\\u0627\\u0644\\u0633\\u0639\\u0627\\u062f\\u0629 \\u0627\\u0644\\u062a\\u064a \\u0644\\u0627 \\u062a\\u0634\\u0648\\u0628\\u0647\\u0627 \\u0639\\u0648\\u0627\\u0642\\u0628 \\u0623\\u0644\\u064a\\u0645\\u0629 \\u0623\\u0648 \\u0622\\u062e\\u0631 \\u0623\\u0631\\u0627\\u062f \\u0623\\u0646 \\u064a\\u062a\\u062c\\u0646\\u0628 \\u0627\\u0644\\u0623\\u0644\\u0645 \\u0627\\u0644\\u0630\\u064a \\u0631\\u0628\\u0645\\u0627 \\u062a\\u0646\\u062c\\u0645 \\u0639\\u0646\\u0647 \\u0628\\u0639\\u0636 \\u0627\\u0644\\u0645\\u062a\\u0639\\u0629 \\u061f&nbsp;<br>\\u0639\\u0644\\u064a \\u0627\\u0644\\u062c\\u0627\\u0646\\u0628 \\u0627\\u0644\\u0622\\u062e\\u0631 \\u0646\\u0634\\u062c\\u0628 \\u0648\\u0646\\u0633\\u062a\\u0646\\u0643\\u0631 \\u0647\\u0624\\u0644\\u0627\\u0621 \\u0627\\u0644\\u0631\\u062c\\u0627\\u0644 \\u0627\\u0644\\u0645\\u0641\\u062a\\u0648\\u0646\\u0648\\u0646 \\u0628\\u0646\\u0634\\u0648\\u0629 \\u0627\\u0644\\u0644\\u062d\\u0638\\u0629 \\u0627\\u0644\\u0647\\u0627\\u0626\\u0645\\u0648\\u0646 \\u0641\\u064a \\u0631\\u063a\\u0628\\u0627\\u062a\\u0647\\u0645 \\u0641\\u0644\\u0627 \\u064a\\u062f\\u0631\\u0643\\u0648\\u0646 \\u0645\\u0627 \\u064a\\u0639\\u0642\\u0628\\u0647\\u0627 \\u0645\\u0646 \\u0627\\u0644\\u0623\\u0644\\u0645 \\u0648\\u0627\\u0644\\u0623\\u0633\\u064a \\u0627\\u0644\\u0645\\u062d\\u062a\\u0645\\u060c \\u0648\\u0627\\u0644\\u0644\\u0648\\u0645 \\u0643\\u0630\\u0644\\u0643 \\u064a\\u0634\\u0645\\u0644 \\u0647\\u0624\\u0644\\u0627\\u0621 \\u0627\\u0644\\u0630\\u064a\\u0646 \\u0623\\u062e\\u0641\\u0642\\u0648\\u0627 \\u0641\\u064a \\u0648\\u0627\\u062c\\u0628\\u0627\\u062a\\u0647\\u0645 \\u0646\\u062a\\u064a\\u062c\\u0629 \\u0644\\u0636\\u0639\\u0641 \\u0625\\u0631\\u0627\\u062f\\u062a\\u0647\\u0645 \\u0641\\u064a\\u062a\\u0633\\u0627\\u0648\\u064a \\u0645\\u0639 \\u0647\\u0624\\u0644\\u0627\\u0621 \\u0627\\u0644\\u0630\\u064a\\u0646 \\u064a\\u062a\\u062c\\u0646\\u0628\\u0648\\u0646 \\u0648\\u064a\\u0646\\u0623\\u0648\\u0646 \\u0639\\u0646 \\u062a\\u062d\\u0645\\u0644 \\u0627\\u0644\\u0643\\u062f\\u062d \\u0648\\u0627\\u0644\\u0623\\u0644\\u0645 .<\\/p>\"}', '{\"en\":\"<p><strong>Lorem Ipsum<\\/strong> is simply dummy text of the printing and typesetting industry. Lorem Ipsum has been the industry\'s standard dummy text ever since the 1500s, when an unknown printer took a galley of type and scrambled it to make a type specimen book. It has survived not only five centuries, but also the leap into electronic typesetting, remaining essentially unchanged. It was popularised in the 1960s with the release of Letraset sheets containing Lorem Ipsum passages, and more recently with desktop publishing software like Aldus PageMaker including versions of Lorem Ipsum.<\\/p>\",\"ar\":\"<p>\\u0644\\u0643\\u0646 \\u0644\\u0627 \\u0628\\u062f \\u0623\\u0646 \\u0623\\u0648\\u0636\\u062d \\u0644\\u0643 \\u0623\\u0646 \\u0643\\u0644 \\u0647\\u0630\\u0647 \\u0627\\u0644\\u0623\\u0641\\u0643\\u0627\\u0631 \\u0627\\u0644\\u0645\\u063a\\u0644\\u0648\\u0637\\u0629 \\u062d\\u0648\\u0644 \\u0627\\u0633\\u062a\\u0646\\u0643\\u0627\\u0631 &nbsp;\\u0627\\u0644\\u0646\\u0634\\u0648\\u0629 \\u0648\\u062a\\u0645\\u062c\\u064a\\u062f \\u0627\\u0644\\u0623\\u0644\\u0645 \\u0646\\u0634\\u0623\\u062a \\u0628\\u0627\\u0644\\u0641\\u0639\\u0644\\u060c \\u0648\\u0633\\u0623\\u0639\\u0631\\u0636 \\u0644\\u0643 \\u0627\\u0644\\u062a\\u0641\\u0627\\u0635\\u064a\\u0644 \\u0644\\u062a\\u0643\\u062a\\u0634\\u0641 \\u062d\\u0642\\u064a\\u0642\\u0629 \\u0648\\u0623\\u0633\\u0627\\u0633 \\u062a\\u0644\\u0643 \\u0627\\u0644\\u0633\\u0639\\u0627\\u062f\\u0629 \\u0627\\u0644\\u0628\\u0634\\u0631\\u064a\\u0629\\u060c \\u0641\\u0644\\u0627 \\u0623\\u062d\\u062f \\u064a\\u0631\\u0641\\u0636 \\u0623\\u0648 \\u064a\\u0643\\u0631\\u0647 \\u0623\\u0648 \\u064a\\u062a\\u062c\\u0646\\u0628 \\u0627\\u0644\\u0634\\u0639\\u0648\\u0631 \\u0628\\u0627\\u0644\\u0633\\u0639\\u0627\\u062f\\u0629\\u060c \\u0648\\u0644\\u0643\\u0646 \\u0628\\u0641\\u0636\\u0644 \\u0647\\u0624\\u0644\\u0627\\u0621 \\u0627\\u0644\\u0623\\u0634\\u062e\\u0627\\u0635 \\u0627\\u0644\\u0630\\u064a\\u0646 \\u0644\\u0627 \\u064a\\u062f\\u0631\\u0643\\u0648\\u0646 \\u0628\\u0623\\u0646 \\u0627\\u0644\\u0633\\u0639\\u0627\\u062f\\u0629 \\u0644\\u0627 \\u0628\\u062f \\u0623\\u0646 \\u0646\\u0633\\u062a\\u0634\\u0639\\u0631\\u0647\\u0627 \\u0628\\u0635\\u0648\\u0631\\u0629 \\u0623\\u0643\\u062b\\u0631 \\u0639\\u0642\\u0644\\u0627\\u0646\\u064a\\u0629 \\u0648\\u0645\\u0646\\u0637\\u0642\\u064a\\u0629 \\u0641\\u064a\\u0639\\u0631\\u0636\\u0647\\u0645 \\u0647\\u0630\\u0627 \\u0644\\u0645\\u0648\\u0627\\u062c\\u0647\\u0629 \\u0627\\u0644\\u0638\\u0631\\u0648\\u0641 \\u0627\\u0644\\u0623\\u0644\\u064a\\u0645\\u0629\\u060c \\u0648\\u0623\\u0643\\u0631\\u0631 \\u0628\\u0623\\u0646\\u0647 \\u0644\\u0627 \\u064a\\u0648\\u062c\\u062f \\u0645\\u0646 \\u064a\\u0631\\u063a\\u0628 \\u0641\\u064a \\u0627\\u0644\\u062d\\u0628 \\u0648\\u0646\\u064a\\u0644 \\u0627\\u0644\\u0645\\u0646\\u0627\\u0644 \\u0648\\u064a\\u062a\\u0644\\u0630\\u0630 \\u0628\\u0627\\u0644\\u0622\\u0644\\u0627\\u0645\\u060c \\u0627\\u0644\\u0623\\u0644\\u0645 \\u0647\\u0648 \\u0627\\u0644\\u0623\\u0644\\u0645 \\u0648\\u0644\\u0643\\u0646 \\u0646\\u062a\\u064a\\u062c\\u0629 \\u0644\\u0638\\u0631\\u0648\\u0641 \\u0645\\u0627 \\u0642\\u062f \\u062a\\u0643\\u0645\\u0646 \\u0627\\u0644\\u0633\\u0639\\u0627\\u062f\\u0647 \\u0641\\u064a\\u0645\\u0627 \\u0646\\u062a\\u062d\\u0645\\u0644\\u0647 \\u0645\\u0646 \\u0643\\u062f \\u0648\\u0623\\u0633\\u064a.<\\/p><p>\\u0648 \\u0633\\u0623\\u0639\\u0631\\u0636 \\u0645\\u062b\\u0627\\u0644 \\u062d\\u064a \\u0644\\u0647\\u0630\\u0627\\u060c \\u0645\\u0646 \\u0645\\u0646\\u0627 \\u0644\\u0645 \\u064a\\u062a\\u062d\\u0645\\u0644 \\u062c\\u0647\\u062f \\u0628\\u062f\\u0646\\u064a \\u0634\\u0627\\u0642 \\u0625\\u0644\\u0627 \\u0645\\u0646 \\u0623\\u062c\\u0644 \\u0627\\u0644\\u062d\\u0635\\u0648\\u0644 \\u0639\\u0644\\u0649 \\u0645\\u064a\\u0632\\u0629 \\u0623\\u0648 \\u0641\\u0627\\u0626\\u062f\\u0629\\u061f \\u0648\\u0644\\u0643\\u0646 \\u0645\\u0646 \\u0644\\u062f\\u064a\\u0647 \\u0627\\u0644\\u062d\\u0642 \\u0623\\u0646 \\u064a\\u0646\\u062a\\u0642\\u062f \\u0634\\u062e\\u0635 \\u0645\\u0627 \\u0623\\u0631\\u0627\\u062f \\u0623\\u0646 \\u064a\\u0634\\u0639\\u0631 \\u0628\\u0627\\u0644\\u0633\\u0639\\u0627\\u062f\\u0629 \\u0627\\u0644\\u062a\\u064a \\u0644\\u0627 \\u062a\\u0634\\u0648\\u0628\\u0647\\u0627 \\u0639\\u0648\\u0627\\u0642\\u0628 \\u0623\\u0644\\u064a\\u0645\\u0629 \\u0623\\u0648 \\u0622\\u062e\\u0631 \\u0623\\u0631\\u0627\\u062f \\u0623\\u0646 \\u064a\\u062a\\u062c\\u0646\\u0628 \\u0627\\u0644\\u0623\\u0644\\u0645 \\u0627\\u0644\\u0630\\u064a \\u0631\\u0628\\u0645\\u0627 \\u062a\\u0646\\u062c\\u0645 \\u0639\\u0646\\u0647 \\u0628\\u0639\\u0636 \\u0627\\u0644\\u0645\\u062a\\u0639\\u0629 \\u061f&nbsp;<br>\\u0639\\u0644\\u064a \\u0627\\u0644\\u062c\\u0627\\u0646\\u0628 \\u0627\\u0644\\u0622\\u062e\\u0631 \\u0646\\u0634\\u062c\\u0628 \\u0648\\u0646\\u0633\\u062a\\u0646\\u0643\\u0631 \\u0647\\u0624\\u0644\\u0627\\u0621 \\u0627\\u0644\\u0631\\u062c\\u0627\\u0644 \\u0627\\u0644\\u0645\\u0641\\u062a\\u0648\\u0646\\u0648\\u0646 \\u0628\\u0646\\u0634\\u0648\\u0629 \\u0627\\u0644\\u0644\\u062d\\u0638\\u0629 \\u0627\\u0644\\u0647\\u0627\\u0626\\u0645\\u0648\\u0646 \\u0641\\u064a \\u0631\\u063a\\u0628\\u0627\\u062a\\u0647\\u0645 \\u0641\\u0644\\u0627 \\u064a\\u062f\\u0631\\u0643\\u0648\\u0646 \\u0645\\u0627 \\u064a\\u0639\\u0642\\u0628\\u0647\\u0627 \\u0645\\u0646 \\u0627\\u0644\\u0623\\u0644\\u0645 \\u0648\\u0627\\u0644\\u0623\\u0633\\u064a \\u0627\\u0644\\u0645\\u062d\\u062a\\u0645\\u060c \\u0648\\u0627\\u0644\\u0644\\u0648\\u0645 \\u0643\\u0630\\u0644\\u0643 \\u064a\\u0634\\u0645\\u0644 \\u0647\\u0624\\u0644\\u0627\\u0621 \\u0627\\u0644\\u0630\\u064a\\u0646 \\u0623\\u062e\\u0641\\u0642\\u0648\\u0627 \\u0641\\u064a \\u0648\\u0627\\u062c\\u0628\\u0627\\u062a\\u0647\\u0645 \\u0646\\u062a\\u064a\\u062c\\u0629 \\u0644\\u0636\\u0639\\u0641 \\u0625\\u0631\\u0627\\u062f\\u062a\\u0647\\u0645 \\u0641\\u064a\\u062a\\u0633\\u0627\\u0648\\u064a \\u0645\\u0639 \\u0647\\u0624\\u0644\\u0627\\u0621 \\u0627\\u0644\\u0630\\u064a\\u0646 \\u064a\\u062a\\u062c\\u0646\\u0628\\u0648\\u0646 \\u0648\\u064a\\u0646\\u0623\\u0648\\u0646 \\u0639\\u0646 \\u062a\\u062d\\u0645\\u0644 \\u0627\\u0644\\u0643\\u062f\\u062d \\u0648\\u0627\\u0644\\u0623\\u0644\\u0645 .<\\/p>\"}', '{\"en\":\"<p><strong>Lorem Ipsum<\\/strong> is simply dummy text of the printing and typesetting industry. Lorem Ipsum has been the industry\'s standard dummy text ever since the 1500s, when an unknown printer took a galley of type and scrambled it to make a type specimen book. It has survived not only five centuries, but also the leap into electronic typesetting, remaining essentially unchanged. It was popularised in the 1960s with the release of Letraset sheets containing Lorem Ipsum passages, and more recently with desktop publishing software like Aldus PageMaker including versions of Lorem Ipsum.<\\/p>\",\"ar\":\"<p>\\u0644\\u0643\\u0646 \\u0644\\u0627 \\u0628\\u062f \\u0623\\u0646 \\u0623\\u0648\\u0636\\u062d \\u0644\\u0643 \\u0623\\u0646 \\u0643\\u0644 \\u0647\\u0630\\u0647 \\u0627\\u0644\\u0623\\u0641\\u0643\\u0627\\u0631 \\u0627\\u0644\\u0645\\u063a\\u0644\\u0648\\u0637\\u0629 \\u062d\\u0648\\u0644 \\u0627\\u0633\\u062a\\u0646\\u0643\\u0627\\u0631 &nbsp;\\u0627\\u0644\\u0646\\u0634\\u0648\\u0629 \\u0648\\u062a\\u0645\\u062c\\u064a\\u062f \\u0627\\u0644\\u0623\\u0644\\u0645 \\u0646\\u0634\\u0623\\u062a \\u0628\\u0627\\u0644\\u0641\\u0639\\u0644\\u060c \\u0648\\u0633\\u0623\\u0639\\u0631\\u0636 \\u0644\\u0643 \\u0627\\u0644\\u062a\\u0641\\u0627\\u0635\\u064a\\u0644 \\u0644\\u062a\\u0643\\u062a\\u0634\\u0641 \\u062d\\u0642\\u064a\\u0642\\u0629 \\u0648\\u0623\\u0633\\u0627\\u0633 \\u062a\\u0644\\u0643 \\u0627\\u0644\\u0633\\u0639\\u0627\\u062f\\u0629 \\u0627\\u0644\\u0628\\u0634\\u0631\\u064a\\u0629\\u060c \\u0641\\u0644\\u0627 \\u0623\\u062d\\u062f \\u064a\\u0631\\u0641\\u0636 \\u0623\\u0648 \\u064a\\u0643\\u0631\\u0647 \\u0623\\u0648 \\u064a\\u062a\\u062c\\u0646\\u0628 \\u0627\\u0644\\u0634\\u0639\\u0648\\u0631 \\u0628\\u0627\\u0644\\u0633\\u0639\\u0627\\u062f\\u0629\\u060c \\u0648\\u0644\\u0643\\u0646 \\u0628\\u0641\\u0636\\u0644 \\u0647\\u0624\\u0644\\u0627\\u0621 \\u0627\\u0644\\u0623\\u0634\\u062e\\u0627\\u0635 \\u0627\\u0644\\u0630\\u064a\\u0646 \\u0644\\u0627 \\u064a\\u062f\\u0631\\u0643\\u0648\\u0646 \\u0628\\u0623\\u0646 \\u0627\\u0644\\u0633\\u0639\\u0627\\u062f\\u0629 \\u0644\\u0627 \\u0628\\u062f \\u0623\\u0646 \\u0646\\u0633\\u062a\\u0634\\u0639\\u0631\\u0647\\u0627 \\u0628\\u0635\\u0648\\u0631\\u0629 \\u0623\\u0643\\u062b\\u0631 \\u0639\\u0642\\u0644\\u0627\\u0646\\u064a\\u0629 \\u0648\\u0645\\u0646\\u0637\\u0642\\u064a\\u0629 \\u0641\\u064a\\u0639\\u0631\\u0636\\u0647\\u0645 \\u0647\\u0630\\u0627 \\u0644\\u0645\\u0648\\u0627\\u062c\\u0647\\u0629 \\u0627\\u0644\\u0638\\u0631\\u0648\\u0641 \\u0627\\u0644\\u0623\\u0644\\u064a\\u0645\\u0629\\u060c \\u0648\\u0623\\u0643\\u0631\\u0631 \\u0628\\u0623\\u0646\\u0647 \\u0644\\u0627 \\u064a\\u0648\\u062c\\u062f \\u0645\\u0646 \\u064a\\u0631\\u063a\\u0628 \\u0641\\u064a \\u0627\\u0644\\u062d\\u0628 \\u0648\\u0646\\u064a\\u0644 \\u0627\\u0644\\u0645\\u0646\\u0627\\u0644 \\u0648\\u064a\\u062a\\u0644\\u0630\\u0630 \\u0628\\u0627\\u0644\\u0622\\u0644\\u0627\\u0645\\u060c \\u0627\\u0644\\u0623\\u0644\\u0645 \\u0647\\u0648 \\u0627\\u0644\\u0623\\u0644\\u0645 \\u0648\\u0644\\u0643\\u0646 \\u0646\\u062a\\u064a\\u062c\\u0629 \\u0644\\u0638\\u0631\\u0648\\u0641 \\u0645\\u0627 \\u0642\\u062f \\u062a\\u0643\\u0645\\u0646 \\u0627\\u0644\\u0633\\u0639\\u0627\\u062f\\u0647 \\u0641\\u064a\\u0645\\u0627 \\u0646\\u062a\\u062d\\u0645\\u0644\\u0647 \\u0645\\u0646 \\u0643\\u062f \\u0648\\u0623\\u0633\\u064a.<\\/p><p>\\u0648 \\u0633\\u0623\\u0639\\u0631\\u0636 \\u0645\\u062b\\u0627\\u0644 \\u062d\\u064a \\u0644\\u0647\\u0630\\u0627\\u060c \\u0645\\u0646 \\u0645\\u0646\\u0627 \\u0644\\u0645 \\u064a\\u062a\\u062d\\u0645\\u0644 \\u062c\\u0647\\u062f \\u0628\\u062f\\u0646\\u064a \\u0634\\u0627\\u0642 \\u0625\\u0644\\u0627 \\u0645\\u0646 \\u0623\\u062c\\u0644 \\u0627\\u0644\\u062d\\u0635\\u0648\\u0644 \\u0639\\u0644\\u0649 \\u0645\\u064a\\u0632\\u0629 \\u0623\\u0648 \\u0641\\u0627\\u0626\\u062f\\u0629\\u061f \\u0648\\u0644\\u0643\\u0646 \\u0645\\u0646 \\u0644\\u062f\\u064a\\u0647 \\u0627\\u0644\\u062d\\u0642 \\u0623\\u0646 \\u064a\\u0646\\u062a\\u0642\\u062f \\u0634\\u062e\\u0635 \\u0645\\u0627 \\u0623\\u0631\\u0627\\u062f \\u0623\\u0646 \\u064a\\u0634\\u0639\\u0631 \\u0628\\u0627\\u0644\\u0633\\u0639\\u0627\\u062f\\u0629 \\u0627\\u0644\\u062a\\u064a \\u0644\\u0627 \\u062a\\u0634\\u0648\\u0628\\u0647\\u0627 \\u0639\\u0648\\u0627\\u0642\\u0628 \\u0623\\u0644\\u064a\\u0645\\u0629 \\u0623\\u0648 \\u0622\\u062e\\u0631 \\u0623\\u0631\\u0627\\u062f \\u0623\\u0646 \\u064a\\u062a\\u062c\\u0646\\u0628 \\u0627\\u0644\\u0623\\u0644\\u0645 \\u0627\\u0644\\u0630\\u064a \\u0631\\u0628\\u0645\\u0627 \\u062a\\u0646\\u062c\\u0645 \\u0639\\u0646\\u0647 \\u0628\\u0639\\u0636 \\u0627\\u0644\\u0645\\u062a\\u0639\\u0629 \\u061f&nbsp;<br>\\u0639\\u0644\\u064a \\u0627\\u0644\\u062c\\u0627\\u0646\\u0628 \\u0627\\u0644\\u0622\\u062e\\u0631 \\u0646\\u0634\\u062c\\u0628 \\u0648\\u0646\\u0633\\u062a\\u0646\\u0643\\u0631 \\u0647\\u0624\\u0644\\u0627\\u0621 \\u0627\\u0644\\u0631\\u062c\\u0627\\u0644 \\u0627\\u0644\\u0645\\u0641\\u062a\\u0648\\u0646\\u0648\\u0646 \\u0628\\u0646\\u0634\\u0648\\u0629 \\u0627\\u0644\\u0644\\u062d\\u0638\\u0629 \\u0627\\u0644\\u0647\\u0627\\u0626\\u0645\\u0648\\u0646 \\u0641\\u064a \\u0631\\u063a\\u0628\\u0627\\u062a\\u0647\\u0645 \\u0641\\u0644\\u0627 \\u064a\\u062f\\u0631\\u0643\\u0648\\u0646 \\u0645\\u0627 \\u064a\\u0639\\u0642\\u0628\\u0647\\u0627 \\u0645\\u0646 \\u0627\\u0644\\u0623\\u0644\\u0645 \\u0648\\u0627\\u0644\\u0623\\u0633\\u064a \\u0627\\u0644\\u0645\\u062d\\u062a\\u0645\\u060c \\u0648\\u0627\\u0644\\u0644\\u0648\\u0645 \\u0643\\u0630\\u0644\\u0643 \\u064a\\u0634\\u0645\\u0644 \\u0647\\u0624\\u0644\\u0627\\u0621 \\u0627\\u0644\\u0630\\u064a\\u0646 \\u0623\\u062e\\u0641\\u0642\\u0648\\u0627 \\u0641\\u064a \\u0648\\u0627\\u062c\\u0628\\u0627\\u062a\\u0647\\u0645 \\u0646\\u062a\\u064a\\u062c\\u0629 \\u0644\\u0636\\u0639\\u0641 \\u0625\\u0631\\u0627\\u062f\\u062a\\u0647\\u0645 \\u0641\\u064a\\u062a\\u0633\\u0627\\u0648\\u064a \\u0645\\u0639 \\u0647\\u0624\\u0644\\u0627\\u0621 \\u0627\\u0644\\u0630\\u064a\\u0646 \\u064a\\u062a\\u062c\\u0646\\u0628\\u0648\\u0646 \\u0648\\u064a\\u0646\\u0623\\u0648\\u0646 \\u0639\\u0646 \\u062a\\u062d\\u0645\\u0644 \\u0627\\u0644\\u0643\\u062f\\u062d \\u0648\\u0627\\u0644\\u0623\\u0644\\u0645 .<\\/p>\"}', 2, 'Fresh', 1, 99.000000, 'TitanBlack150', 150, 0, '2021-07-08T14:05:00.000Z', '0.1', 2, 1, 3, 13, 3, 0, 0, 'titan-black-sliver-stainless-steel-ring-wings-titanblack150', NULL, 10, 1, '2021-07-08 17:06:46', '2021-07-08 17:06:46'),
(33, 5, '{\"en\":\"lenovo laptop YOGA 21s\",\"ar\":\"\\u0644\\u0627\\u0628 \\u062a\\u0648\\u0628 \\u0644\\u064a\\u0646\\u0648\\u0641\\u0648 \\u064a\\u0648\\u062c\\u0627 21 \\u0627\\u0633\"}', '{\"en\":\"<p>Lorem Ipsum is simply dummy text of the printing and typesetting industry. Lorem Ipsum has been the industry\'s standard dummy text ever since the 1500s, when an unknown printer took a galley o Lorem Ipsum is simply dummy text of the printing and typesetting industry. Lorem Ipsum has been the industry\'s standard dummy text ever since the 1500s, when an unknown printer took a galley&nbsp;<\\/p>\",\"ar\":\"<p>\\u0644\\u0648\\u0631\\u064a\\u0645 \\u0625\\u064a\\u0628\\u0633\\u0648\\u0645 \\u0647\\u0648 \\u0628\\u0628\\u0633\\u0627\\u0637\\u0629 \\u0646\\u0635 \\u0634\\u0643\\u0644\\u064a \\u064a\\u0633\\u062a\\u062e\\u062f\\u0645 \\u0641\\u064a \\u0635\\u0646\\u0627\\u0639\\u0629 \\u0627\\u0644\\u0637\\u0628\\u0627\\u0639\\u0629 \\u0648\\u0627\\u0644\\u062a\\u0646\\u0636\\u064a\\u062f. \\u0643\\u0627\\u0646 \\u0644\\u0648\\u0631\\u064a\\u0645 \\u0625\\u064a\\u0628\\u0633\\u0648\\u0645 \\u0647\\u0648 \\u0627\\u0644\\u0646\\u0635 \\u0627\\u0644\\u0648\\u0647\\u0645\\u064a \\u0627\\u0644\\u0642\\u064a\\u0627\\u0633\\u064a \\u0641\\u064a \\u0627\\u0644\\u0635\\u0646\\u0627\\u0639\\u0629 \\u0645\\u0646\\u0630 \\u0627\\u0644\\u0642\\u0631\\u0646 \\u0627\\u0644\\u062e\\u0627\\u0645\\u0633 \\u0639\\u0634\\u0631 \\u0627\\u0644\\u0645\\u064a\\u0644\\u0627\\u062f\\u064a \\u060c \\u0639\\u0646\\u062f\\u0645\\u0627 \\u0623\\u062e\\u0630\\u062a \\u0637\\u0627\\u0628\\u0639\\u0629 \\u063a\\u064a\\u0631 \\u0645\\u0639\\u0631\\u0648\\u0641\\u0629 \\u0644\\u0648\\u062d\\u064b\\u0627 \\u060c \\u0623\\u0648 \\u0644\\u0648\\u0631\\u064a\\u0645 \\u0625\\u064a\\u0628\\u0633\\u0648\\u0645 \\u0647\\u0648 \\u0628\\u0628\\u0633\\u0627\\u0637\\u0629 \\u0646\\u0635 \\u0634\\u0643\\u0644\\u064a \\u0641\\u064a \\u0635\\u0646\\u0627\\u0639\\u0629 \\u0627\\u0644\\u0637\\u0628\\u0627\\u0639\\u0629 \\u0648\\u0627\\u0644\\u062a\\u0646\\u0636\\u064a\\u062f. \\u0643\\u0627\\u0646 Lorem Ipsum \\u0647\\u0648 \\u0627\\u0644\\u0646\\u0635 \\u0627\\u0644\\u0648\\u0647\\u0645\\u064a \\u0627\\u0644\\u0642\\u064a\\u0627\\u0633\\u064a \\u0641\\u064a \\u0627\\u0644\\u0635\\u0646\\u0627\\u0639\\u0629 \\u0645\\u0646\\u0630 \\u0627\\u0644\\u0642\\u0631\\u0646 \\u0627\\u0644\\u062e\\u0627\\u0645\\u0633 \\u0639\\u0634\\u0631 \\u0627\\u0644\\u0645\\u064a\\u0644\\u0627\\u062f\\u064a \\u060c \\u0639\\u0646\\u062f\\u0645\\u0627 \\u0623\\u062e\\u0630\\u062a \\u0637\\u0627\\u0628\\u0639\\u0629 \\u063a\\u064a\\u0631 \\u0645\\u0639\\u0631\\u0648\\u0641\\u0629 \\u0644\\u0648\\u062d\\u064b\\u0627<\\/p>\"}', '{\"en\":\"<p>Lorem Ipsum is simply dummy text of the printing and typesetting industry. Lorem Ipsum has been the industry\'s standard dummy text ever since the 1500s, when an unknown printer took a galley o Lorem Ipsum is simply dummy text of the printing and typesetting industry. Lorem Ipsum has been the industry\'s standard dummy text ever since the 1500s, when an unknown printer took a galley&nbsp;<\\/p>\",\"ar\":\"<p>\\u0644\\u0648\\u0631\\u064a\\u0645 \\u0625\\u064a\\u0628\\u0633\\u0648\\u0645 \\u0647\\u0648 \\u0628\\u0628\\u0633\\u0627\\u0637\\u0629 \\u0646\\u0635 \\u0634\\u0643\\u0644\\u064a \\u064a\\u0633\\u062a\\u062e\\u062f\\u0645 \\u0641\\u064a \\u0635\\u0646\\u0627\\u0639\\u0629 \\u0627\\u0644\\u0637\\u0628\\u0627\\u0639\\u0629 \\u0648\\u0627\\u0644\\u062a\\u0646\\u0636\\u064a\\u062f. \\u0643\\u0627\\u0646 \\u0644\\u0648\\u0631\\u064a\\u0645 \\u0625\\u064a\\u0628\\u0633\\u0648\\u0645 \\u0647\\u0648 \\u0627\\u0644\\u0646\\u0635 \\u0627\\u0644\\u0648\\u0647\\u0645\\u064a \\u0627\\u0644\\u0642\\u064a\\u0627\\u0633\\u064a \\u0641\\u064a \\u0627\\u0644\\u0635\\u0646\\u0627\\u0639\\u0629 \\u0645\\u0646\\u0630 \\u0627\\u0644\\u0642\\u0631\\u0646 \\u0627\\u0644\\u062e\\u0627\\u0645\\u0633 \\u0639\\u0634\\u0631 \\u0627\\u0644\\u0645\\u064a\\u0644\\u0627\\u062f\\u064a \\u060c \\u0639\\u0646\\u062f\\u0645\\u0627 \\u0623\\u062e\\u0630\\u062a \\u0637\\u0627\\u0628\\u0639\\u0629 \\u063a\\u064a\\u0631 \\u0645\\u0639\\u0631\\u0648\\u0641\\u0629 \\u0644\\u0648\\u062d\\u064b\\u0627 \\u060c \\u0623\\u0648 \\u0644\\u0648\\u0631\\u064a\\u0645 \\u0625\\u064a\\u0628\\u0633\\u0648\\u0645 \\u0647\\u0648 \\u0628\\u0628\\u0633\\u0627\\u0637\\u0629 \\u0646\\u0635 \\u0634\\u0643\\u0644\\u064a \\u0641\\u064a \\u0635\\u0646\\u0627\\u0639\\u0629 \\u0627\\u0644\\u0637\\u0628\\u0627\\u0639\\u0629 \\u0648\\u0627\\u0644\\u062a\\u0646\\u0636\\u064a\\u062f. \\u0643\\u0627\\u0646 Lorem Ipsum \\u0647\\u0648 \\u0627\\u0644\\u0646\\u0635 \\u0627\\u0644\\u0648\\u0647\\u0645\\u064a \\u0627\\u0644\\u0642\\u064a\\u0627\\u0633\\u064a \\u0641\\u064a \\u0627\\u0644\\u0635\\u0646\\u0627\\u0639\\u0629 \\u0645\\u0646\\u0630 \\u0627\\u0644\\u0642\\u0631\\u0646 \\u0627\\u0644\\u062e\\u0627\\u0645\\u0633 \\u0639\\u0634\\u0631 \\u0627\\u0644\\u0645\\u064a\\u0644\\u0627\\u062f\\u064a \\u060c \\u0639\\u0646\\u062f\\u0645\\u0627 \\u0623\\u062e\\u0630\\u062a \\u0637\\u0627\\u0628\\u0639\\u0629 \\u063a\\u064a\\u0631 \\u0645\\u0639\\u0631\\u0648\\u0641\\u0629 \\u0644\\u0648\\u062d\\u064b\\u0627<\\/p>\"}', '{\"en\":\"<p>Lorem Ipsum is simply dummy text of the printing and typesetting industry. Lorem Ipsum has been the industry\'s standard dummy text ever since the 1500s, when an unknown printer took a galley o Lorem Ipsum is simply dummy text of the printing and typesetting industry. Lorem Ipsum has been the industry\'s standard dummy text ever since the 1500s, when an unknown printer took a galley&nbsp;<\\/p>\",\"ar\":\"<p>\\u0644\\u0648\\u0631\\u064a\\u0645 \\u0625\\u064a\\u0628\\u0633\\u0648\\u0645 \\u0647\\u0648 \\u0628\\u0628\\u0633\\u0627\\u0637\\u0629 \\u0646\\u0635 \\u0634\\u0643\\u0644\\u064a \\u064a\\u0633\\u062a\\u062e\\u062f\\u0645 \\u0641\\u064a \\u0635\\u0646\\u0627\\u0639\\u0629 \\u0627\\u0644\\u0637\\u0628\\u0627\\u0639\\u0629 \\u0648\\u0627\\u0644\\u062a\\u0646\\u0636\\u064a\\u062f. \\u0643\\u0627\\u0646 \\u0644\\u0648\\u0631\\u064a\\u0645 \\u0625\\u064a\\u0628\\u0633\\u0648\\u0645 \\u0647\\u0648 \\u0627\\u0644\\u0646\\u0635 \\u0627\\u0644\\u0648\\u0647\\u0645\\u064a \\u0627\\u0644\\u0642\\u064a\\u0627\\u0633\\u064a \\u0641\\u064a \\u0627\\u0644\\u0635\\u0646\\u0627\\u0639\\u0629 \\u0645\\u0646\\u0630 \\u0627\\u0644\\u0642\\u0631\\u0646 \\u0627\\u0644\\u062e\\u0627\\u0645\\u0633 \\u0639\\u0634\\u0631 \\u0627\\u0644\\u0645\\u064a\\u0644\\u0627\\u062f\\u064a \\u060c \\u0639\\u0646\\u062f\\u0645\\u0627 \\u0623\\u062e\\u0630\\u062a \\u0637\\u0627\\u0628\\u0639\\u0629 \\u063a\\u064a\\u0631 \\u0645\\u0639\\u0631\\u0648\\u0641\\u0629 \\u0644\\u0648\\u062d\\u064b\\u0627 \\u060c \\u0623\\u0648 \\u0644\\u0648\\u0631\\u064a\\u0645 \\u0625\\u064a\\u0628\\u0633\\u0648\\u0645 \\u0647\\u0648 \\u0628\\u0628\\u0633\\u0627\\u0637\\u0629 \\u0646\\u0635 \\u0634\\u0643\\u0644\\u064a \\u0641\\u064a \\u0635\\u0646\\u0627\\u0639\\u0629 \\u0627\\u0644\\u0637\\u0628\\u0627\\u0639\\u0629 \\u0648\\u0627\\u0644\\u062a\\u0646\\u0636\\u064a\\u062f. \\u0643\\u0627\\u0646 Lorem Ipsum \\u0647\\u0648 \\u0627\\u0644\\u0646\\u0635 \\u0627\\u0644\\u0648\\u0647\\u0645\\u064a \\u0627\\u0644\\u0642\\u064a\\u0627\\u0633\\u064a \\u0641\\u064a \\u0627\\u0644\\u0635\\u0646\\u0627\\u0639\\u0629 \\u0645\\u0646\\u0630 \\u0627\\u0644\\u0642\\u0631\\u0646 \\u0627\\u0644\\u062e\\u0627\\u0645\\u0633 \\u0639\\u0634\\u0631 \\u0627\\u0644\\u0645\\u064a\\u0644\\u0627\\u062f\\u064a \\u060c \\u0639\\u0646\\u062f\\u0645\\u0627 \\u0623\\u062e\\u0630\\u062a \\u0637\\u0627\\u0628\\u0639\\u0629 \\u063a\\u064a\\u0631 \\u0645\\u0639\\u0631\\u0648\\u0641\\u0629 \\u0644\\u0648\\u062d\\u064b\\u0627<\\/p>\"}', 1, '2021', 1, 300.000000, '118', 113, 0, '2021-07-10T13:01:00.000Z', '3', 2, 1, 6, 30, 2, 0, 0, 'lenovo-laptop-yoga-21s-118', NULL, 5, 1, '2021-07-08 17:07:21', '2021-07-10 22:15:01');
INSERT INTO `products` (`id`, `vendor_id`, `name`, `description`, `short_description`, `refund_policy`, `product_type`, `modal`, `is_feature`, `price`, `sku`, `stock`, `quantity`, `available_date`, `weight`, `unit_id`, `is_active`, `manufacturer_id`, `brand_id`, `tax_class_id`, `product_ordered`, `product_liked`, `slug`, `external_link`, `max_order`, `min_order`, `created_at`, `updated_at`) VALUES
(34, 5, '{\"en\":\"Redmi Book Air 13.3\'\' Intel Core\",\"ar\":\"Redmi Book Air 13.3 \'\' Intel Core\"}', '{\"en\":\"<p>Lorem Ipsum is simply dummy text of the printing and typesetting industry. Lorem Ipsum has been the industry\'s standard dummy text ever since the 1500s, when an unknown printer took a galley o Lorem Ipsum is simply dummy text of the printing and typesetting industry. Lorem Ipsum has been the industry\'s standard dummy text ever since the 1500s, when an unknown printer took a galley&nbsp;<\\/p>\",\"ar\":\"<p>\\u0644\\u0648\\u0631\\u064a\\u0645 \\u0625\\u064a\\u0628\\u0633\\u0648\\u0645 \\u0647\\u0648 \\u0628\\u0628\\u0633\\u0627\\u0637\\u0629 \\u0646\\u0635 \\u0634\\u0643\\u0644\\u064a \\u064a\\u0633\\u062a\\u062e\\u062f\\u0645 \\u0641\\u064a \\u0635\\u0646\\u0627\\u0639\\u0629 \\u0627\\u0644\\u0637\\u0628\\u0627\\u0639\\u0629 \\u0648\\u0627\\u0644\\u062a\\u0646\\u0636\\u064a\\u062f. \\u0643\\u0627\\u0646 \\u0644\\u0648\\u0631\\u064a\\u0645 \\u0625\\u064a\\u0628\\u0633\\u0648\\u0645 \\u0647\\u0648 \\u0627\\u0644\\u0646\\u0635 \\u0627\\u0644\\u0648\\u0647\\u0645\\u064a \\u0627\\u0644\\u0642\\u064a\\u0627\\u0633\\u064a \\u0641\\u064a \\u0627\\u0644\\u0635\\u0646\\u0627\\u0639\\u0629 \\u0645\\u0646\\u0630 \\u0627\\u0644\\u0642\\u0631\\u0646 \\u0627\\u0644\\u062e\\u0627\\u0645\\u0633 \\u0639\\u0634\\u0631 \\u0627\\u0644\\u0645\\u064a\\u0644\\u0627\\u062f\\u064a \\u060c \\u0639\\u0646\\u062f\\u0645\\u0627 \\u0623\\u062e\\u0630\\u062a \\u0637\\u0627\\u0628\\u0639\\u0629 \\u063a\\u064a\\u0631 \\u0645\\u0639\\u0631\\u0648\\u0641\\u0629 \\u0644\\u0648\\u062d\\u064b\\u0627 \\u060c \\u0623\\u0648 \\u0644\\u0648\\u0631\\u064a\\u0645 \\u0625\\u064a\\u0628\\u0633\\u0648\\u0645 \\u0647\\u0648 \\u0628\\u0628\\u0633\\u0627\\u0637\\u0629 \\u0646\\u0635 \\u0634\\u0643\\u0644\\u064a \\u0641\\u064a \\u0635\\u0646\\u0627\\u0639\\u0629 \\u0627\\u0644\\u0637\\u0628\\u0627\\u0639\\u0629 \\u0648\\u0627\\u0644\\u062a\\u0646\\u0636\\u064a\\u062f. \\u0643\\u0627\\u0646 Lorem Ipsum \\u0647\\u0648 \\u0627\\u0644\\u0646\\u0635 \\u0627\\u0644\\u0648\\u0647\\u0645\\u064a \\u0627\\u0644\\u0642\\u064a\\u0627\\u0633\\u064a \\u0641\\u064a \\u0627\\u0644\\u0635\\u0646\\u0627\\u0639\\u0629 \\u0645\\u0646\\u0630 \\u0627\\u0644\\u0642\\u0631\\u0646 \\u0627\\u0644\\u062e\\u0627\\u0645\\u0633 \\u0639\\u0634\\u0631 \\u0627\\u0644\\u0645\\u064a\\u0644\\u0627\\u062f\\u064a \\u060c \\u0639\\u0646\\u062f\\u0645\\u0627 \\u0623\\u062e\\u0630\\u062a \\u0637\\u0627\\u0628\\u0639\\u0629 \\u063a\\u064a\\u0631 \\u0645\\u0639\\u0631\\u0648\\u0641\\u0629 \\u0644\\u0648\\u062d\\u064b\\u0627<\\/p>\"}', '{\"en\":\"<p>Lorem Ipsum is simply dummy text of the printing and typesetting industry. Lorem Ipsum has been the industry\'s standard dummy text ever since the 1500s, when an unknown printer took a galley o Lorem Ipsum is simply dummy text of the printing and typesetting industry. Lorem Ipsum has been the industry\'s standard dummy text ever since the 1500s, when an unknown printer took a galley&nbsp;<\\/p>\",\"ar\":\"<p>\\u0644\\u0648\\u0631\\u064a\\u0645 \\u0625\\u064a\\u0628\\u0633\\u0648\\u0645 \\u0647\\u0648 \\u0628\\u0628\\u0633\\u0627\\u0637\\u0629 \\u0646\\u0635 \\u0634\\u0643\\u0644\\u064a \\u064a\\u0633\\u062a\\u062e\\u062f\\u0645 \\u0641\\u064a \\u0635\\u0646\\u0627\\u0639\\u0629 \\u0627\\u0644\\u0637\\u0628\\u0627\\u0639\\u0629 \\u0648\\u0627\\u0644\\u062a\\u0646\\u0636\\u064a\\u062f. \\u0643\\u0627\\u0646 \\u0644\\u0648\\u0631\\u064a\\u0645 \\u0625\\u064a\\u0628\\u0633\\u0648\\u0645 \\u0647\\u0648 \\u0627\\u0644\\u0646\\u0635 \\u0627\\u0644\\u0648\\u0647\\u0645\\u064a \\u0627\\u0644\\u0642\\u064a\\u0627\\u0633\\u064a \\u0641\\u064a \\u0627\\u0644\\u0635\\u0646\\u0627\\u0639\\u0629 \\u0645\\u0646\\u0630 \\u0627\\u0644\\u0642\\u0631\\u0646 \\u0627\\u0644\\u062e\\u0627\\u0645\\u0633 \\u0639\\u0634\\u0631 \\u0627\\u0644\\u0645\\u064a\\u0644\\u0627\\u062f\\u064a \\u060c \\u0639\\u0646\\u062f\\u0645\\u0627 \\u0623\\u062e\\u0630\\u062a \\u0637\\u0627\\u0628\\u0639\\u0629 \\u063a\\u064a\\u0631 \\u0645\\u0639\\u0631\\u0648\\u0641\\u0629 \\u0644\\u0648\\u062d\\u064b\\u0627 \\u060c \\u0623\\u0648 \\u0644\\u0648\\u0631\\u064a\\u0645 \\u0625\\u064a\\u0628\\u0633\\u0648\\u0645 \\u0647\\u0648 \\u0628\\u0628\\u0633\\u0627\\u0637\\u0629 \\u0646\\u0635 \\u0634\\u0643\\u0644\\u064a \\u0641\\u064a \\u0635\\u0646\\u0627\\u0639\\u0629 \\u0627\\u0644\\u0637\\u0628\\u0627\\u0639\\u0629 \\u0648\\u0627\\u0644\\u062a\\u0646\\u0636\\u064a\\u062f. \\u0643\\u0627\\u0646 Lorem Ipsum \\u0647\\u0648 \\u0627\\u0644\\u0646\\u0635 \\u0627\\u0644\\u0648\\u0647\\u0645\\u064a \\u0627\\u0644\\u0642\\u064a\\u0627\\u0633\\u064a \\u0641\\u064a \\u0627\\u0644\\u0635\\u0646\\u0627\\u0639\\u0629 \\u0645\\u0646\\u0630 \\u0627\\u0644\\u0642\\u0631\\u0646 \\u0627\\u0644\\u062e\\u0627\\u0645\\u0633 \\u0639\\u0634\\u0631 \\u0627\\u0644\\u0645\\u064a\\u0644\\u0627\\u062f\\u064a \\u060c \\u0639\\u0646\\u062f\\u0645\\u0627 \\u0623\\u062e\\u0630\\u062a \\u0637\\u0627\\u0628\\u0639\\u0629 \\u063a\\u064a\\u0631 \\u0645\\u0639\\u0631\\u0648\\u0641\\u0629 \\u0644\\u0648\\u062d\\u064b\\u0627<\\/p>\"}', '{\"en\":\"<p>Lorem Ipsum is simply dummy text of the printing and typesetting industry. Lorem Ipsum has been the industry\'s standard dummy text ever since the 1500s, when an unknown printer took a galley o Lorem Ipsum is simply dummy text of the printing and typesetting industry. Lorem Ipsum has been the industry\'s standard dummy text ever since the 1500s, when an unknown printer took a galley&nbsp;<\\/p>\",\"ar\":\"<p>\\u0644\\u0648\\u0631\\u064a\\u0645 \\u0625\\u064a\\u0628\\u0633\\u0648\\u0645 \\u0647\\u0648 \\u0628\\u0628\\u0633\\u0627\\u0637\\u0629 \\u0646\\u0635 \\u0634\\u0643\\u0644\\u064a \\u064a\\u0633\\u062a\\u062e\\u062f\\u0645 \\u0641\\u064a \\u0635\\u0646\\u0627\\u0639\\u0629 \\u0627\\u0644\\u0637\\u0628\\u0627\\u0639\\u0629 \\u0648\\u0627\\u0644\\u062a\\u0646\\u0636\\u064a\\u062f. \\u0643\\u0627\\u0646 \\u0644\\u0648\\u0631\\u064a\\u0645 \\u0625\\u064a\\u0628\\u0633\\u0648\\u0645 \\u0647\\u0648 \\u0627\\u0644\\u0646\\u0635 \\u0627\\u0644\\u0648\\u0647\\u0645\\u064a \\u0627\\u0644\\u0642\\u064a\\u0627\\u0633\\u064a \\u0641\\u064a \\u0627\\u0644\\u0635\\u0646\\u0627\\u0639\\u0629 \\u0645\\u0646\\u0630 \\u0627\\u0644\\u0642\\u0631\\u0646 \\u0627\\u0644\\u062e\\u0627\\u0645\\u0633 \\u0639\\u0634\\u0631 \\u0627\\u0644\\u0645\\u064a\\u0644\\u0627\\u062f\\u064a \\u060c \\u0639\\u0646\\u062f\\u0645\\u0627 \\u0623\\u062e\\u0630\\u062a \\u0637\\u0627\\u0628\\u0639\\u0629 \\u063a\\u064a\\u0631 \\u0645\\u0639\\u0631\\u0648\\u0641\\u0629 \\u0644\\u0648\\u062d\\u064b\\u0627 \\u060c \\u0623\\u0648 \\u0644\\u0648\\u0631\\u064a\\u0645 \\u0625\\u064a\\u0628\\u0633\\u0648\\u0645 \\u0647\\u0648 \\u0628\\u0628\\u0633\\u0627\\u0637\\u0629 \\u0646\\u0635 \\u0634\\u0643\\u0644\\u064a \\u0641\\u064a \\u0635\\u0646\\u0627\\u0639\\u0629 \\u0627\\u0644\\u0637\\u0628\\u0627\\u0639\\u0629 \\u0648\\u0627\\u0644\\u062a\\u0646\\u0636\\u064a\\u062f. \\u0643\\u0627\\u0646 Lorem Ipsum \\u0647\\u0648 \\u0627\\u0644\\u0646\\u0635 \\u0627\\u0644\\u0648\\u0647\\u0645\\u064a \\u0627\\u0644\\u0642\\u064a\\u0627\\u0633\\u064a \\u0641\\u064a \\u0627\\u0644\\u0635\\u0646\\u0627\\u0639\\u0629 \\u0645\\u0646\\u0630 \\u0627\\u0644\\u0642\\u0631\\u0646 \\u0627\\u0644\\u062e\\u0627\\u0645\\u0633 \\u0639\\u0634\\u0631 \\u0627\\u0644\\u0645\\u064a\\u0644\\u0627\\u062f\\u064a \\u060c \\u0639\\u0646\\u062f\\u0645\\u0627 \\u0623\\u062e\\u0630\\u062a \\u0637\\u0627\\u0628\\u0639\\u0629 \\u063a\\u064a\\u0631 \\u0645\\u0639\\u0631\\u0648\\u0641\\u0629 \\u0644\\u0648\\u062d\\u064b\\u0627<\\/p>\"}', 1, '2020', 1, 350.000000, '119', 119, 0, '2021-07-08T14:09:00.000Z', '4.5', 2, 1, 6, 30, 2, 0, 0, 'redmi-book-air-133-intel-core-119', NULL, 10, 1, '2021-07-08 17:11:57', '2021-07-09 15:14:46'),
(37, 5, '{\"en\":\"Xiaomi laptop\",\"ar\":\"\\u0644\\u0627\\u0628 \\u062a\\u0648\\u0628 \\u0634\\u0627\\u0648\\u0645\\u064a\"}', '{\"en\":\"<p>Lorem Ipsum is simply dummy text of the printing and typesetting industry. Lorem Ipsum has been the industry\'s standard dummy text ever since the 1500s, when an unknown printer took a galley o Lorem Ipsum is simply dummy text of the printing and typesetting industry. Lorem Ipsum has been the industry\'s standard dummy text ever since the 1500s, when an unknown printer took a galley&nbsp;<\\/p>\",\"ar\":\"<p>\\u0644\\u0648\\u0631\\u064a\\u0645 \\u0625\\u064a\\u0628\\u0633\\u0648\\u0645 \\u0647\\u0648 \\u0628\\u0628\\u0633\\u0627\\u0637\\u0629 \\u0646\\u0635 \\u0634\\u0643\\u0644\\u064a \\u064a\\u0633\\u062a\\u062e\\u062f\\u0645 \\u0641\\u064a \\u0635\\u0646\\u0627\\u0639\\u0629 \\u0627\\u0644\\u0637\\u0628\\u0627\\u0639\\u0629 \\u0648\\u0627\\u0644\\u062a\\u0646\\u0636\\u064a\\u062f. \\u0643\\u0627\\u0646 \\u0644\\u0648\\u0631\\u064a\\u0645 \\u0625\\u064a\\u0628\\u0633\\u0648\\u0645 \\u0647\\u0648 \\u0627\\u0644\\u0646\\u0635 \\u0627\\u0644\\u0648\\u0647\\u0645\\u064a \\u0627\\u0644\\u0642\\u064a\\u0627\\u0633\\u064a \\u0641\\u064a \\u0627\\u0644\\u0635\\u0646\\u0627\\u0639\\u0629 \\u0645\\u0646\\u0630 \\u0627\\u0644\\u0642\\u0631\\u0646 \\u0627\\u0644\\u062e\\u0627\\u0645\\u0633 \\u0639\\u0634\\u0631 \\u0627\\u0644\\u0645\\u064a\\u0644\\u0627\\u062f\\u064a \\u060c \\u0639\\u0646\\u062f\\u0645\\u0627 \\u0623\\u062e\\u0630\\u062a \\u0637\\u0627\\u0628\\u0639\\u0629 \\u063a\\u064a\\u0631 \\u0645\\u0639\\u0631\\u0648\\u0641\\u0629 \\u0644\\u0648\\u062d\\u064b\\u0627 \\u060c \\u0623\\u0648 \\u0644\\u0648\\u0631\\u064a\\u0645 \\u0625\\u064a\\u0628\\u0633\\u0648\\u0645 \\u0647\\u0648 \\u0628\\u0628\\u0633\\u0627\\u0637\\u0629 \\u0646\\u0635 \\u0634\\u0643\\u0644\\u064a \\u0641\\u064a \\u0635\\u0646\\u0627\\u0639\\u0629 \\u0627\\u0644\\u0637\\u0628\\u0627\\u0639\\u0629 \\u0648\\u0627\\u0644\\u062a\\u0646\\u0636\\u064a\\u062f. \\u0643\\u0627\\u0646 Lorem Ipsum \\u0647\\u0648 \\u0627\\u0644\\u0646\\u0635 \\u0627\\u0644\\u0648\\u0647\\u0645\\u064a \\u0627\\u0644\\u0642\\u064a\\u0627\\u0633\\u064a \\u0641\\u064a \\u0627\\u0644\\u0635\\u0646\\u0627\\u0639\\u0629 \\u0645\\u0646\\u0630 \\u0627\\u0644\\u0642\\u0631\\u0646 \\u0627\\u0644\\u062e\\u0627\\u0645\\u0633 \\u0639\\u0634\\u0631 \\u0627\\u0644\\u0645\\u064a\\u0644\\u0627\\u062f\\u064a \\u060c \\u0639\\u0646\\u062f\\u0645\\u0627 \\u0623\\u062e\\u0630\\u062a \\u0637\\u0627\\u0628\\u0639\\u0629 \\u063a\\u064a\\u0631 \\u0645\\u0639\\u0631\\u0648\\u0641\\u0629 \\u0644\\u0648\\u062d\\u064b\\u0627<\\/p>\"}', '{\"en\":\"<p>Lorem Ipsum is simply dummy text of the printing and typesetting industry. Lorem Ipsum has been the industry\'s standard dummy text ever since the 1500s, when an unknown printer took a galley o Lorem Ipsum is simply dummy text of the printing and typesetting industry. Lorem Ipsum has been the industry\'s standard dummy text ever since the 1500s, when an unknown printer took a galley&nbsp;<\\/p>\",\"ar\":\"<p>\\u0644\\u0648\\u0631\\u064a\\u0645 \\u0625\\u064a\\u0628\\u0633\\u0648\\u0645 \\u0647\\u0648 \\u0628\\u0628\\u0633\\u0627\\u0637\\u0629 \\u0646\\u0635 \\u0634\\u0643\\u0644\\u064a \\u064a\\u0633\\u062a\\u062e\\u062f\\u0645 \\u0641\\u064a \\u0635\\u0646\\u0627\\u0639\\u0629 \\u0627\\u0644\\u0637\\u0628\\u0627\\u0639\\u0629 \\u0648\\u0627\\u0644\\u062a\\u0646\\u0636\\u064a\\u062f. \\u0643\\u0627\\u0646 \\u0644\\u0648\\u0631\\u064a\\u0645 \\u0625\\u064a\\u0628\\u0633\\u0648\\u0645 \\u0647\\u0648 \\u0627\\u0644\\u0646\\u0635 \\u0627\\u0644\\u0648\\u0647\\u0645\\u064a \\u0627\\u0644\\u0642\\u064a\\u0627\\u0633\\u064a \\u0641\\u064a \\u0627\\u0644\\u0635\\u0646\\u0627\\u0639\\u0629 \\u0645\\u0646\\u0630 \\u0627\\u0644\\u0642\\u0631\\u0646 \\u0627\\u0644\\u062e\\u0627\\u0645\\u0633 \\u0639\\u0634\\u0631 \\u0627\\u0644\\u0645\\u064a\\u0644\\u0627\\u062f\\u064a \\u060c \\u0639\\u0646\\u062f\\u0645\\u0627 \\u0623\\u062e\\u0630\\u062a \\u0637\\u0627\\u0628\\u0639\\u0629 \\u063a\\u064a\\u0631 \\u0645\\u0639\\u0631\\u0648\\u0641\\u0629 \\u0644\\u0648\\u062d\\u064b\\u0627 \\u060c \\u0623\\u0648 \\u0644\\u0648\\u0631\\u064a\\u0645 \\u0625\\u064a\\u0628\\u0633\\u0648\\u0645 \\u0647\\u0648 \\u0628\\u0628\\u0633\\u0627\\u0637\\u0629 \\u0646\\u0635 \\u0634\\u0643\\u0644\\u064a \\u0641\\u064a \\u0635\\u0646\\u0627\\u0639\\u0629 \\u0627\\u0644\\u0637\\u0628\\u0627\\u0639\\u0629 \\u0648\\u0627\\u0644\\u062a\\u0646\\u0636\\u064a\\u062f. \\u0643\\u0627\\u0646 Lorem Ipsum \\u0647\\u0648 \\u0627\\u0644\\u0646\\u0635 \\u0627\\u0644\\u0648\\u0647\\u0645\\u064a \\u0627\\u0644\\u0642\\u064a\\u0627\\u0633\\u064a \\u0641\\u064a \\u0627\\u0644\\u0635\\u0646\\u0627\\u0639\\u0629 \\u0645\\u0646\\u0630 \\u0627\\u0644\\u0642\\u0631\\u0646 \\u0627\\u0644\\u062e\\u0627\\u0645\\u0633 \\u0639\\u0634\\u0631 \\u0627\\u0644\\u0645\\u064a\\u0644\\u0627\\u062f\\u064a \\u060c \\u0639\\u0646\\u062f\\u0645\\u0627 \\u0623\\u062e\\u0630\\u062a \\u0637\\u0627\\u0628\\u0639\\u0629 \\u063a\\u064a\\u0631 \\u0645\\u0639\\u0631\\u0648\\u0641\\u0629 \\u0644\\u0648\\u062d\\u064b\\u0627<\\/p>\"}', '{\"en\":\"<p>Lorem Ipsum is simply dummy text of the printing and typesetting industry. Lorem Ipsum has been the industry\'s standard dummy text ever since the 1500s, when an unknown printer took a galley o Lorem Ipsum is simply dummy text of the printing and typesetting industry. Lorem Ipsum has been the industry\'s standard dummy text ever since the 1500s, when an unknown printer took a galley&nbsp;<\\/p>\",\"ar\":\"<p>\\u0644\\u0648\\u0631\\u064a\\u0645 \\u0625\\u064a\\u0628\\u0633\\u0648\\u0645 \\u0647\\u0648 \\u0628\\u0628\\u0633\\u0627\\u0637\\u0629 \\u0646\\u0635 \\u0634\\u0643\\u0644\\u064a \\u064a\\u0633\\u062a\\u062e\\u062f\\u0645 \\u0641\\u064a \\u0635\\u0646\\u0627\\u0639\\u0629 \\u0627\\u0644\\u0637\\u0628\\u0627\\u0639\\u0629 \\u0648\\u0627\\u0644\\u062a\\u0646\\u0636\\u064a\\u062f. \\u0643\\u0627\\u0646 \\u0644\\u0648\\u0631\\u064a\\u0645 \\u0625\\u064a\\u0628\\u0633\\u0648\\u0645 \\u0647\\u0648 \\u0627\\u0644\\u0646\\u0635 \\u0627\\u0644\\u0648\\u0647\\u0645\\u064a \\u0627\\u0644\\u0642\\u064a\\u0627\\u0633\\u064a \\u0641\\u064a \\u0627\\u0644\\u0635\\u0646\\u0627\\u0639\\u0629 \\u0645\\u0646\\u0630 \\u0627\\u0644\\u0642\\u0631\\u0646 \\u0627\\u0644\\u062e\\u0627\\u0645\\u0633 \\u0639\\u0634\\u0631 \\u0627\\u0644\\u0645\\u064a\\u0644\\u0627\\u062f\\u064a \\u060c \\u0639\\u0646\\u062f\\u0645\\u0627 \\u0623\\u062e\\u0630\\u062a \\u0637\\u0627\\u0628\\u0639\\u0629 \\u063a\\u064a\\u0631 \\u0645\\u0639\\u0631\\u0648\\u0641\\u0629 \\u0644\\u0648\\u062d\\u064b\\u0627 \\u060c \\u0623\\u0648 \\u0644\\u0648\\u0631\\u064a\\u0645 \\u0625\\u064a\\u0628\\u0633\\u0648\\u0645 \\u0647\\u0648 \\u0628\\u0628\\u0633\\u0627\\u0637\\u0629 \\u0646\\u0635 \\u0634\\u0643\\u0644\\u064a \\u0641\\u064a \\u0635\\u0646\\u0627\\u0639\\u0629 \\u0627\\u0644\\u0637\\u0628\\u0627\\u0639\\u0629 \\u0648\\u0627\\u0644\\u062a\\u0646\\u0636\\u064a\\u062f. \\u0643\\u0627\\u0646 Lorem Ipsum \\u0647\\u0648 \\u0627\\u0644\\u0646\\u0635 \\u0627\\u0644\\u0648\\u0647\\u0645\\u064a \\u0627\\u0644\\u0642\\u064a\\u0627\\u0633\\u064a \\u0641\\u064a \\u0627\\u0644\\u0635\\u0646\\u0627\\u0639\\u0629 \\u0645\\u0646\\u0630 \\u0627\\u0644\\u0642\\u0631\\u0646 \\u0627\\u0644\\u062e\\u0627\\u0645\\u0633 \\u0639\\u0634\\u0631 \\u0627\\u0644\\u0645\\u064a\\u0644\\u0627\\u062f\\u064a \\u060c \\u0639\\u0646\\u062f\\u0645\\u0627 \\u0623\\u062e\\u0630\\u062a \\u0637\\u0627\\u0628\\u0639\\u0629 \\u063a\\u064a\\u0631 \\u0645\\u0639\\u0631\\u0648\\u0641\\u0629 \\u0644\\u0648\\u062d\\u064b\\u0627<\\/p>\"}', 1, '20201', 1, 380.000000, '202', 202, 0, '2021-07-08T14:20:00.000Z', '4.8', 2, 1, 6, 30, 2, 0, 0, 'xiaomi-laptop-202', NULL, 8, 1, '2021-07-08 17:22:07', '2021-07-08 17:22:07'),
(38, 2, '{\"en\":\"Egg Swing\",\"ar\":\"\\u0623\\u0631\\u062c\\u0648\\u062d\\u0629 \\u0627\\u0644\\u0628\\u064a\\u0636\"}', '{\"en\":\"<p><strong>Lorem Ipsum<\\/strong> is simply dummy text of the printing and typesetting industry. Lorem Ipsum has been the industry\'s standard dummy text ever since the 1500s,<\\/p>\",\"ar\":\"<p><strong>Lorem Ipsum<\\/strong> is simply dummy text of the printing and typesetting industry. Lorem Ipsum has been the industry\'s standard dummy text ever since the 1500s,<\\/p>\"}', '{\"en\":\"<p><strong>Lorem Ipsum<\\/strong> is simply dummy text of the printing and typesetting industry. Lorem Ipsum has been the industry\'s standard dummy text ever since the 1500s,<\\/p>\",\"ar\":\"<p><strong>Lorem Ipsum<\\/strong> is simply dummy text of the printing and typesetting industry. Lorem Ipsum has been the industry\'s standard dummy text ever since the 1500s,<\\/p>\"}', '{\"en\":\"<p><strong>Lorem Ipsum<\\/strong> is simply dummy text of the printing and typesetting industry. Lorem Ipsum has been the industry\'s standard dummy text ever since the 1500s,<\\/p>\",\"ar\":\"<p><strong>Lorem Ipsum<\\/strong> is simply dummy text of the printing and typesetting industry. Lorem Ipsum has been the industry\'s standard dummy text ever since the 1500s,<\\/p>\"}', 1, '211', 1, 130.000000, '100007', 99, 0, '2021-07-08T14:22:00.000Z', '4', 2, 1, 2, 27, 3, 0, 0, 'egg-swing-100007', NULL, 5, 1, '2021-07-08 17:24:57', '2021-07-10 20:57:50'),
(40, 2, '{\"en\":\"Nordic Dining Chair Wrought Iron\",\"ar\":\"\\u0627\\u0644\\u0634\\u0645\\u0627\\u0644 \\u0643\\u0631\\u0633\\u064a \\u0627\\u0644\\u0637\\u0639\\u0627\\u0645 \\u0627\\u0644\\u062d\\u062f\\u064a\\u062f \\u0627\\u0644\\u0645\\u0637\\u0627\\u0648\\u0639\"}', '{\"ar\":\"<p><strong>Lorem Ipsum<\\/strong> is simply dummy text of the printing and typesetting industry. Lorem Ipsum has been the industry\'s standard dummy text ever since the 1500s,<\\/p>\",\"en\":\"<p><strong>Lorem Ipsum<\\/strong> is simply dummy text of the printing and typesetting industry. Lorem Ipsum has been the industry\'s standard dummy text ever since the 1500s,<\\/p>\"}', '{\"ar\":\"<p><strong>Lorem Ipsum<\\/strong> is simply dummy text of the printing and typesetting industry. Lorem Ipsum has been the industry\'s standard dummy text ever since the 1500s,<\\/p>\",\"en\":\"<p><strong>Lorem Ipsum<\\/strong> is simply dummy text of the printing and typesetting industry. Lorem Ipsum has been the industry\'s standard dummy text ever since the 1500s,<\\/p>\"}', '{\"ar\":\"<p><strong>Lorem Ipsum<\\/strong> is simply dummy text of the printing and typesetting industry. Lorem Ipsum has been the industry\'s standard dummy text ever since the 1500s,<\\/p>\",\"en\":\"<p><strong>Lorem Ipsum<\\/strong> is simply dummy text of the printing and typesetting industry. Lorem Ipsum has been the industry\'s standard dummy text ever since the 1500s,<\\/p>\"}', 1, '1002', 1, 75.000000, '2223335545', 39, 0, '2021-07-08T14:28:00.000Z', '3', 2, 1, 2, 27, 3, 0, 0, 'nordic-dining-chair-wrought-iron-2223335545', NULL, 5, 1, '2021-07-08 17:29:12', '2021-07-10 22:15:01'),
(42, 3, '{\"en\":\"Elegant Quartz Watch Women Dress Wristwatch\",\"ar\":\"\\u0633\\u0627\\u0639\\u0629 \\u0643\\u0648\\u0627\\u0631\\u062a\\u0632 \\u0623\\u0646\\u064a\\u0642\\u0629 \\u0644\\u0644\\u0646\\u0633\\u0627\\u0621 \\u0641\\u0633\\u062a\\u0627\\u0646 \\u0633\\u0627\\u0639\\u0629 \\u0627\\u0644\\u064a\\u062f\"}', '{\"ar\":\"<p>\\u0644\\u0643\\u0646 \\u0644\\u0627 \\u0628\\u062f \\u0623\\u0646 \\u0623\\u0648\\u0636\\u062d \\u0644\\u0643 \\u0623\\u0646 \\u0643\\u0644 \\u0647\\u0630\\u0647 \\u0627\\u0644\\u0623\\u0641\\u0643\\u0627\\u0631 \\u0627\\u0644\\u0645\\u063a\\u0644\\u0648\\u0637\\u0629 \\u062d\\u0648\\u0644 \\u0627\\u0633\\u062a\\u0646\\u0643\\u0627\\u0631 &nbsp;\\u0627\\u0644\\u0646\\u0634\\u0648\\u0629 \\u0648\\u062a\\u0645\\u062c\\u064a\\u062f \\u0627\\u0644\\u0623\\u0644\\u0645 \\u0646\\u0634\\u0623\\u062a \\u0628\\u0627\\u0644\\u0641\\u0639\\u0644\\u060c \\u0648\\u0633\\u0623\\u0639\\u0631\\u0636 \\u0644\\u0643 \\u0627\\u0644\\u062a\\u0641\\u0627\\u0635\\u064a\\u0644 \\u0644\\u062a\\u0643\\u062a\\u0634\\u0641 \\u062d\\u0642\\u064a\\u0642\\u0629 \\u0648\\u0623\\u0633\\u0627\\u0633 \\u062a\\u0644\\u0643 \\u0627\\u0644\\u0633\\u0639\\u0627\\u062f\\u0629 \\u0627\\u0644\\u0628\\u0634\\u0631\\u064a\\u0629\\u060c \\u0641\\u0644\\u0627 \\u0623\\u062d\\u062f \\u064a\\u0631\\u0641\\u0636 \\u0623\\u0648 \\u064a\\u0643\\u0631\\u0647 \\u0623\\u0648 \\u064a\\u062a\\u062c\\u0646\\u0628 \\u0627\\u0644\\u0634\\u0639\\u0648\\u0631 \\u0628\\u0627\\u0644\\u0633\\u0639\\u0627\\u062f\\u0629\\u060c \\u0648\\u0644\\u0643\\u0646 \\u0628\\u0641\\u0636\\u0644 \\u0647\\u0624\\u0644\\u0627\\u0621 \\u0627\\u0644\\u0623\\u0634\\u062e\\u0627\\u0635 \\u0627\\u0644\\u0630\\u064a\\u0646 \\u0644\\u0627 \\u064a\\u062f\\u0631\\u0643\\u0648\\u0646 \\u0628\\u0623\\u0646 \\u0627\\u0644\\u0633\\u0639\\u0627\\u062f\\u0629 \\u0644\\u0627 \\u0628\\u062f \\u0623\\u0646 \\u0646\\u0633\\u062a\\u0634\\u0639\\u0631\\u0647\\u0627 \\u0628\\u0635\\u0648\\u0631\\u0629 \\u0623\\u0643\\u062b\\u0631 \\u0639\\u0642\\u0644\\u0627\\u0646\\u064a\\u0629 \\u0648\\u0645\\u0646\\u0637\\u0642\\u064a\\u0629 \\u0641\\u064a\\u0639\\u0631\\u0636\\u0647\\u0645 \\u0647\\u0630\\u0627 \\u0644\\u0645\\u0648\\u0627\\u062c\\u0647\\u0629 \\u0627\\u0644\\u0638\\u0631\\u0648\\u0641 \\u0627\\u0644\\u0623\\u0644\\u064a\\u0645\\u0629\\u060c \\u0648\\u0623\\u0643\\u0631\\u0631 \\u0628\\u0623\\u0646\\u0647 \\u0644\\u0627 \\u064a\\u0648\\u062c\\u062f \\u0645\\u0646 \\u064a\\u0631\\u063a\\u0628 \\u0641\\u064a \\u0627\\u0644\\u062d\\u0628 \\u0648\\u0646\\u064a\\u0644 \\u0627\\u0644\\u0645\\u0646\\u0627\\u0644 \\u0648\\u064a\\u062a\\u0644\\u0630\\u0630 \\u0628\\u0627\\u0644\\u0622\\u0644\\u0627\\u0645\\u060c \\u0627\\u0644\\u0623\\u0644\\u0645 \\u0647\\u0648 \\u0627\\u0644\\u0623\\u0644\\u0645 \\u0648\\u0644\\u0643\\u0646 \\u0646\\u062a\\u064a\\u062c\\u0629 \\u0644\\u0638\\u0631\\u0648\\u0641 \\u0645\\u0627 \\u0642\\u062f \\u062a\\u0643\\u0645\\u0646 \\u0627\\u0644\\u0633\\u0639\\u0627\\u062f\\u0647 \\u0641\\u064a\\u0645\\u0627 \\u0646\\u062a\\u062d\\u0645\\u0644\\u0647 \\u0645\\u0646 \\u0643\\u062f \\u0648\\u0623\\u0633\\u064a.<\\/p><p>\\u0648 \\u0633\\u0623\\u0639\\u0631\\u0636 \\u0645\\u062b\\u0627\\u0644 \\u062d\\u064a \\u0644\\u0647\\u0630\\u0627\\u060c \\u0645\\u0646 \\u0645\\u0646\\u0627 \\u0644\\u0645 \\u064a\\u062a\\u062d\\u0645\\u0644 \\u062c\\u0647\\u062f \\u0628\\u062f\\u0646\\u064a \\u0634\\u0627\\u0642 \\u0625\\u0644\\u0627 \\u0645\\u0646 \\u0623\\u062c\\u0644 \\u0627\\u0644\\u062d\\u0635\\u0648\\u0644 \\u0639\\u0644\\u0649 \\u0645\\u064a\\u0632\\u0629 \\u0623\\u0648 \\u0641\\u0627\\u0626\\u062f\\u0629\\u061f \\u0648\\u0644\\u0643\\u0646 \\u0645\\u0646 \\u0644\\u062f\\u064a\\u0647 \\u0627\\u0644\\u062d\\u0642 \\u0623\\u0646 \\u064a\\u0646\\u062a\\u0642\\u062f \\u0634\\u062e\\u0635 \\u0645\\u0627 \\u0623\\u0631\\u0627\\u062f \\u0623\\u0646 \\u064a\\u0634\\u0639\\u0631 \\u0628\\u0627\\u0644\\u0633\\u0639\\u0627\\u062f\\u0629 \\u0627\\u0644\\u062a\\u064a \\u0644\\u0627 \\u062a\\u0634\\u0648\\u0628\\u0647\\u0627 \\u0639\\u0648\\u0627\\u0642\\u0628 \\u0623\\u0644\\u064a\\u0645\\u0629 \\u0623\\u0648 \\u0622\\u062e\\u0631 \\u0623\\u0631\\u0627\\u062f \\u0623\\u0646 \\u064a\\u062a\\u062c\\u0646\\u0628 \\u0627\\u0644\\u0623\\u0644\\u0645 \\u0627\\u0644\\u0630\\u064a \\u0631\\u0628\\u0645\\u0627 \\u062a\\u0646\\u062c\\u0645 \\u0639\\u0646\\u0647 \\u0628\\u0639\\u0636 \\u0627\\u0644\\u0645\\u062a\\u0639\\u0629 \\u061f&nbsp;<br>\\u0639\\u0644\\u064a \\u0627\\u0644\\u062c\\u0627\\u0646\\u0628 \\u0627\\u0644\\u0622\\u062e\\u0631 \\u0646\\u0634\\u062c\\u0628 \\u0648\\u0646\\u0633\\u062a\\u0646\\u0643\\u0631 \\u0647\\u0624\\u0644\\u0627\\u0621 \\u0627\\u0644\\u0631\\u062c\\u0627\\u0644 \\u0627\\u0644\\u0645\\u0641\\u062a\\u0648\\u0646\\u0648\\u0646 \\u0628\\u0646\\u0634\\u0648\\u0629 \\u0627\\u0644\\u0644\\u062d\\u0638\\u0629 \\u0627\\u0644\\u0647\\u0627\\u0626\\u0645\\u0648\\u0646 \\u0641\\u064a \\u0631\\u063a\\u0628\\u0627\\u062a\\u0647\\u0645 \\u0641\\u0644\\u0627 \\u064a\\u062f\\u0631\\u0643\\u0648\\u0646 \\u0645\\u0627 \\u064a\\u0639\\u0642\\u0628\\u0647\\u0627 \\u0645\\u0646 \\u0627\\u0644\\u0623\\u0644\\u0645 \\u0648\\u0627\\u0644\\u0623\\u0633\\u064a \\u0627\\u0644\\u0645\\u062d\\u062a\\u0645\\u060c \\u0648\\u0627\\u0644\\u0644\\u0648\\u0645 \\u0643\\u0630\\u0644\\u0643 \\u064a\\u0634\\u0645\\u0644 \\u0647\\u0624\\u0644\\u0627\\u0621 \\u0627\\u0644\\u0630\\u064a\\u0646 \\u0623\\u062e\\u0641\\u0642\\u0648\\u0627 \\u0641\\u064a \\u0648\\u0627\\u062c\\u0628\\u0627\\u062a\\u0647\\u0645 \\u0646\\u062a\\u064a\\u062c\\u0629 \\u0644\\u0636\\u0639\\u0641 \\u0625\\u0631\\u0627\\u062f\\u062a\\u0647\\u0645 \\u0641\\u064a\\u062a\\u0633\\u0627\\u0648\\u064a \\u0645\\u0639 \\u0647\\u0624\\u0644\\u0627\\u0621 \\u0627\\u0644\\u0630\\u064a\\u0646 \\u064a\\u062a\\u062c\\u0646\\u0628\\u0648\\u0646 \\u0648\\u064a\\u0646\\u0623\\u0648\\u0646 \\u0639\\u0646 \\u062a\\u062d\\u0645\\u0644 \\u0627\\u0644\\u0643\\u062f\\u062d \\u0648\\u0627\\u0644\\u0623\\u0644\\u0645 .<\\/p>\",\"en\":\"<p><strong>Lorem Ipsum<\\/strong> is simply dummy text of the printing and typesetting industry. Lorem Ipsum has been the industry\'s standard dummy text ever since the 1500s, when an unknown printer took a galley of type and scrambled it to make a type specimen book. It has survived not only five centuries, but also the leap into electronic typesetting, remaining essentially unchanged. It was popularised in the 1960s with the release of Letraset sheets containing Lorem Ipsum passages, and more recently with desktop publishing software like Aldus PageMaker including versions of Lorem Ipsum.<\\/p>\"}', '{\"ar\":\"<p>\\u0644\\u0643\\u0646 \\u0644\\u0627 \\u0628\\u062f \\u0623\\u0646 \\u0623\\u0648\\u0636\\u062d \\u0644\\u0643 \\u0623\\u0646 \\u0643\\u0644 \\u0647\\u0630\\u0647 \\u0627\\u0644\\u0623\\u0641\\u0643\\u0627\\u0631 \\u0627\\u0644\\u0645\\u063a\\u0644\\u0648\\u0637\\u0629 \\u062d\\u0648\\u0644 \\u0627\\u0633\\u062a\\u0646\\u0643\\u0627\\u0631 &nbsp;\\u0627\\u0644\\u0646\\u0634\\u0648\\u0629 \\u0648\\u062a\\u0645\\u062c\\u064a\\u062f \\u0627\\u0644\\u0623\\u0644\\u0645 \\u0646\\u0634\\u0623\\u062a \\u0628\\u0627\\u0644\\u0641\\u0639\\u0644\\u060c \\u0648\\u0633\\u0623\\u0639\\u0631\\u0636 \\u0644\\u0643 \\u0627\\u0644\\u062a\\u0641\\u0627\\u0635\\u064a\\u0644 \\u0644\\u062a\\u0643\\u062a\\u0634\\u0641 \\u062d\\u0642\\u064a\\u0642\\u0629 \\u0648\\u0623\\u0633\\u0627\\u0633 \\u062a\\u0644\\u0643 \\u0627\\u0644\\u0633\\u0639\\u0627\\u062f\\u0629 \\u0627\\u0644\\u0628\\u0634\\u0631\\u064a\\u0629\\u060c \\u0641\\u0644\\u0627 \\u0623\\u062d\\u062f \\u064a\\u0631\\u0641\\u0636 \\u0623\\u0648 \\u064a\\u0643\\u0631\\u0647 \\u0623\\u0648 \\u064a\\u062a\\u062c\\u0646\\u0628 \\u0627\\u0644\\u0634\\u0639\\u0648\\u0631 \\u0628\\u0627\\u0644\\u0633\\u0639\\u0627\\u062f\\u0629\\u060c \\u0648\\u0644\\u0643\\u0646 \\u0628\\u0641\\u0636\\u0644 \\u0647\\u0624\\u0644\\u0627\\u0621 \\u0627\\u0644\\u0623\\u0634\\u062e\\u0627\\u0635 \\u0627\\u0644\\u0630\\u064a\\u0646 \\u0644\\u0627 \\u064a\\u062f\\u0631\\u0643\\u0648\\u0646 \\u0628\\u0623\\u0646 \\u0627\\u0644\\u0633\\u0639\\u0627\\u062f\\u0629 \\u0644\\u0627 \\u0628\\u062f \\u0623\\u0646 \\u0646\\u0633\\u062a\\u0634\\u0639\\u0631\\u0647\\u0627 \\u0628\\u0635\\u0648\\u0631\\u0629 \\u0623\\u0643\\u062b\\u0631 \\u0639\\u0642\\u0644\\u0627\\u0646\\u064a\\u0629 \\u0648\\u0645\\u0646\\u0637\\u0642\\u064a\\u0629 \\u0641\\u064a\\u0639\\u0631\\u0636\\u0647\\u0645 \\u0647\\u0630\\u0627 \\u0644\\u0645\\u0648\\u0627\\u062c\\u0647\\u0629 \\u0627\\u0644\\u0638\\u0631\\u0648\\u0641 \\u0627\\u0644\\u0623\\u0644\\u064a\\u0645\\u0629\\u060c \\u0648\\u0623\\u0643\\u0631\\u0631 \\u0628\\u0623\\u0646\\u0647 \\u0644\\u0627 \\u064a\\u0648\\u062c\\u062f \\u0645\\u0646 \\u064a\\u0631\\u063a\\u0628 \\u0641\\u064a \\u0627\\u0644\\u062d\\u0628 \\u0648\\u0646\\u064a\\u0644 \\u0627\\u0644\\u0645\\u0646\\u0627\\u0644 \\u0648\\u064a\\u062a\\u0644\\u0630\\u0630 \\u0628\\u0627\\u0644\\u0622\\u0644\\u0627\\u0645\\u060c \\u0627\\u0644\\u0623\\u0644\\u0645 \\u0647\\u0648 \\u0627\\u0644\\u0623\\u0644\\u0645 \\u0648\\u0644\\u0643\\u0646 \\u0646\\u062a\\u064a\\u062c\\u0629 \\u0644\\u0638\\u0631\\u0648\\u0641 \\u0645\\u0627 \\u0642\\u062f \\u062a\\u0643\\u0645\\u0646 \\u0627\\u0644\\u0633\\u0639\\u0627\\u062f\\u0647 \\u0641\\u064a\\u0645\\u0627 \\u0646\\u062a\\u062d\\u0645\\u0644\\u0647 \\u0645\\u0646 \\u0643\\u062f \\u0648\\u0623\\u0633\\u064a.<\\/p><p>\\u0648 \\u0633\\u0623\\u0639\\u0631\\u0636 \\u0645\\u062b\\u0627\\u0644 \\u062d\\u064a \\u0644\\u0647\\u0630\\u0627\\u060c \\u0645\\u0646 \\u0645\\u0646\\u0627 \\u0644\\u0645 \\u064a\\u062a\\u062d\\u0645\\u0644 \\u062c\\u0647\\u062f \\u0628\\u062f\\u0646\\u064a \\u0634\\u0627\\u0642 \\u0625\\u0644\\u0627 \\u0645\\u0646 \\u0623\\u062c\\u0644 \\u0627\\u0644\\u062d\\u0635\\u0648\\u0644 \\u0639\\u0644\\u0649 \\u0645\\u064a\\u0632\\u0629 \\u0623\\u0648 \\u0641\\u0627\\u0626\\u062f\\u0629\\u061f \\u0648\\u0644\\u0643\\u0646 \\u0645\\u0646 \\u0644\\u062f\\u064a\\u0647 \\u0627\\u0644\\u062d\\u0642 \\u0623\\u0646 \\u064a\\u0646\\u062a\\u0642\\u062f \\u0634\\u062e\\u0635 \\u0645\\u0627 \\u0623\\u0631\\u0627\\u062f \\u0623\\u0646 \\u064a\\u0634\\u0639\\u0631 \\u0628\\u0627\\u0644\\u0633\\u0639\\u0627\\u062f\\u0629 \\u0627\\u0644\\u062a\\u064a \\u0644\\u0627 \\u062a\\u0634\\u0648\\u0628\\u0647\\u0627 \\u0639\\u0648\\u0627\\u0642\\u0628 \\u0623\\u0644\\u064a\\u0645\\u0629 \\u0623\\u0648 \\u0622\\u062e\\u0631 \\u0623\\u0631\\u0627\\u062f \\u0623\\u0646 \\u064a\\u062a\\u062c\\u0646\\u0628 \\u0627\\u0644\\u0623\\u0644\\u0645 \\u0627\\u0644\\u0630\\u064a \\u0631\\u0628\\u0645\\u0627 \\u062a\\u0646\\u062c\\u0645 \\u0639\\u0646\\u0647 \\u0628\\u0639\\u0636 \\u0627\\u0644\\u0645\\u062a\\u0639\\u0629 \\u061f&nbsp;<br>\\u0639\\u0644\\u064a \\u0627\\u0644\\u062c\\u0627\\u0646\\u0628 \\u0627\\u0644\\u0622\\u062e\\u0631 \\u0646\\u0634\\u062c\\u0628 \\u0648\\u0646\\u0633\\u062a\\u0646\\u0643\\u0631 \\u0647\\u0624\\u0644\\u0627\\u0621 \\u0627\\u0644\\u0631\\u062c\\u0627\\u0644 \\u0627\\u0644\\u0645\\u0641\\u062a\\u0648\\u0646\\u0648\\u0646 \\u0628\\u0646\\u0634\\u0648\\u0629 \\u0627\\u0644\\u0644\\u062d\\u0638\\u0629 \\u0627\\u0644\\u0647\\u0627\\u0626\\u0645\\u0648\\u0646 \\u0641\\u064a \\u0631\\u063a\\u0628\\u0627\\u062a\\u0647\\u0645 \\u0641\\u0644\\u0627 \\u064a\\u062f\\u0631\\u0643\\u0648\\u0646 \\u0645\\u0627 \\u064a\\u0639\\u0642\\u0628\\u0647\\u0627 \\u0645\\u0646 \\u0627\\u0644\\u0623\\u0644\\u0645 \\u0648\\u0627\\u0644\\u0623\\u0633\\u064a \\u0627\\u0644\\u0645\\u062d\\u062a\\u0645\\u060c \\u0648\\u0627\\u0644\\u0644\\u0648\\u0645 \\u0643\\u0630\\u0644\\u0643 \\u064a\\u0634\\u0645\\u0644 \\u0647\\u0624\\u0644\\u0627\\u0621 \\u0627\\u0644\\u0630\\u064a\\u0646 \\u0623\\u062e\\u0641\\u0642\\u0648\\u0627 \\u0641\\u064a \\u0648\\u0627\\u062c\\u0628\\u0627\\u062a\\u0647\\u0645 \\u0646\\u062a\\u064a\\u062c\\u0629 \\u0644\\u0636\\u0639\\u0641 \\u0625\\u0631\\u0627\\u062f\\u062a\\u0647\\u0645 \\u0641\\u064a\\u062a\\u0633\\u0627\\u0648\\u064a \\u0645\\u0639 \\u0647\\u0624\\u0644\\u0627\\u0621 \\u0627\\u0644\\u0630\\u064a\\u0646 \\u064a\\u062a\\u062c\\u0646\\u0628\\u0648\\u0646 \\u0648\\u064a\\u0646\\u0623\\u0648\\u0646 \\u0639\\u0646 \\u062a\\u062d\\u0645\\u0644 \\u0627\\u0644\\u0643\\u062f\\u062d \\u0648\\u0627\\u0644\\u0623\\u0644\\u0645 .<\\/p>\",\"en\":\"<p><strong>Lorem Ipsum<\\/strong> is simply dummy text of the printing and typesetting industry. Lorem Ipsum has been the industry\'s standard dummy text ever since the 1500s, when an unknown printer took a galley of type and scrambled it to make a type specimen book. It has survived not only five centuries, but also the leap into electronic typesetting, remaining essentially unchanged. It was popularised in the 1960s with the release of Letraset sheets containing Lorem Ipsum passages, and more recently with desktop publishing software like Aldus PageMaker including versions of Lorem Ipsum.<\\/p>\"}', '{\"ar\":\"<p>\\u0644\\u0643\\u0646 \\u0644\\u0627 \\u0628\\u062f \\u0623\\u0646 \\u0623\\u0648\\u0636\\u062d \\u0644\\u0643 \\u0623\\u0646 \\u0643\\u0644 \\u0647\\u0630\\u0647 \\u0627\\u0644\\u0623\\u0641\\u0643\\u0627\\u0631 \\u0627\\u0644\\u0645\\u063a\\u0644\\u0648\\u0637\\u0629 \\u062d\\u0648\\u0644 \\u0627\\u0633\\u062a\\u0646\\u0643\\u0627\\u0631 &nbsp;\\u0627\\u0644\\u0646\\u0634\\u0648\\u0629 \\u0648\\u062a\\u0645\\u062c\\u064a\\u062f \\u0627\\u0644\\u0623\\u0644\\u0645 \\u0646\\u0634\\u0623\\u062a \\u0628\\u0627\\u0644\\u0641\\u0639\\u0644\\u060c \\u0648\\u0633\\u0623\\u0639\\u0631\\u0636 \\u0644\\u0643 \\u0627\\u0644\\u062a\\u0641\\u0627\\u0635\\u064a\\u0644 \\u0644\\u062a\\u0643\\u062a\\u0634\\u0641 \\u062d\\u0642\\u064a\\u0642\\u0629 \\u0648\\u0623\\u0633\\u0627\\u0633 \\u062a\\u0644\\u0643 \\u0627\\u0644\\u0633\\u0639\\u0627\\u062f\\u0629 \\u0627\\u0644\\u0628\\u0634\\u0631\\u064a\\u0629\\u060c \\u0641\\u0644\\u0627 \\u0623\\u062d\\u062f \\u064a\\u0631\\u0641\\u0636 \\u0623\\u0648 \\u064a\\u0643\\u0631\\u0647 \\u0623\\u0648 \\u064a\\u062a\\u062c\\u0646\\u0628 \\u0627\\u0644\\u0634\\u0639\\u0648\\u0631 \\u0628\\u0627\\u0644\\u0633\\u0639\\u0627\\u062f\\u0629\\u060c \\u0648\\u0644\\u0643\\u0646 \\u0628\\u0641\\u0636\\u0644 \\u0647\\u0624\\u0644\\u0627\\u0621 \\u0627\\u0644\\u0623\\u0634\\u062e\\u0627\\u0635 \\u0627\\u0644\\u0630\\u064a\\u0646 \\u0644\\u0627 \\u064a\\u062f\\u0631\\u0643\\u0648\\u0646 \\u0628\\u0623\\u0646 \\u0627\\u0644\\u0633\\u0639\\u0627\\u062f\\u0629 \\u0644\\u0627 \\u0628\\u062f \\u0623\\u0646 \\u0646\\u0633\\u062a\\u0634\\u0639\\u0631\\u0647\\u0627 \\u0628\\u0635\\u0648\\u0631\\u0629 \\u0623\\u0643\\u062b\\u0631 \\u0639\\u0642\\u0644\\u0627\\u0646\\u064a\\u0629 \\u0648\\u0645\\u0646\\u0637\\u0642\\u064a\\u0629 \\u0641\\u064a\\u0639\\u0631\\u0636\\u0647\\u0645 \\u0647\\u0630\\u0627 \\u0644\\u0645\\u0648\\u0627\\u062c\\u0647\\u0629 \\u0627\\u0644\\u0638\\u0631\\u0648\\u0641 \\u0627\\u0644\\u0623\\u0644\\u064a\\u0645\\u0629\\u060c \\u0648\\u0623\\u0643\\u0631\\u0631 \\u0628\\u0623\\u0646\\u0647 \\u0644\\u0627 \\u064a\\u0648\\u062c\\u062f \\u0645\\u0646 \\u064a\\u0631\\u063a\\u0628 \\u0641\\u064a \\u0627\\u0644\\u062d\\u0628 \\u0648\\u0646\\u064a\\u0644 \\u0627\\u0644\\u0645\\u0646\\u0627\\u0644 \\u0648\\u064a\\u062a\\u0644\\u0630\\u0630 \\u0628\\u0627\\u0644\\u0622\\u0644\\u0627\\u0645\\u060c \\u0627\\u0644\\u0623\\u0644\\u0645 \\u0647\\u0648 \\u0627\\u0644\\u0623\\u0644\\u0645 \\u0648\\u0644\\u0643\\u0646 \\u0646\\u062a\\u064a\\u062c\\u0629 \\u0644\\u0638\\u0631\\u0648\\u0641 \\u0645\\u0627 \\u0642\\u062f \\u062a\\u0643\\u0645\\u0646 \\u0627\\u0644\\u0633\\u0639\\u0627\\u062f\\u0647 \\u0641\\u064a\\u0645\\u0627 \\u0646\\u062a\\u062d\\u0645\\u0644\\u0647 \\u0645\\u0646 \\u0643\\u062f \\u0648\\u0623\\u0633\\u064a.<\\/p><p>\\u0648 \\u0633\\u0623\\u0639\\u0631\\u0636 \\u0645\\u062b\\u0627\\u0644 \\u062d\\u064a \\u0644\\u0647\\u0630\\u0627\\u060c \\u0645\\u0646 \\u0645\\u0646\\u0627 \\u0644\\u0645 \\u064a\\u062a\\u062d\\u0645\\u0644 \\u062c\\u0647\\u062f \\u0628\\u062f\\u0646\\u064a \\u0634\\u0627\\u0642 \\u0625\\u0644\\u0627 \\u0645\\u0646 \\u0623\\u062c\\u0644 \\u0627\\u0644\\u062d\\u0635\\u0648\\u0644 \\u0639\\u0644\\u0649 \\u0645\\u064a\\u0632\\u0629 \\u0623\\u0648 \\u0641\\u0627\\u0626\\u062f\\u0629\\u061f \\u0648\\u0644\\u0643\\u0646 \\u0645\\u0646 \\u0644\\u062f\\u064a\\u0647 \\u0627\\u0644\\u062d\\u0642 \\u0623\\u0646 \\u064a\\u0646\\u062a\\u0642\\u062f \\u0634\\u062e\\u0635 \\u0645\\u0627 \\u0623\\u0631\\u0627\\u062f \\u0623\\u0646 \\u064a\\u0634\\u0639\\u0631 \\u0628\\u0627\\u0644\\u0633\\u0639\\u0627\\u062f\\u0629 \\u0627\\u0644\\u062a\\u064a \\u0644\\u0627 \\u062a\\u0634\\u0648\\u0628\\u0647\\u0627 \\u0639\\u0648\\u0627\\u0642\\u0628 \\u0623\\u0644\\u064a\\u0645\\u0629 \\u0623\\u0648 \\u0622\\u062e\\u0631 \\u0623\\u0631\\u0627\\u062f \\u0623\\u0646 \\u064a\\u062a\\u062c\\u0646\\u0628 \\u0627\\u0644\\u0623\\u0644\\u0645 \\u0627\\u0644\\u0630\\u064a \\u0631\\u0628\\u0645\\u0627 \\u062a\\u0646\\u062c\\u0645 \\u0639\\u0646\\u0647 \\u0628\\u0639\\u0636 \\u0627\\u0644\\u0645\\u062a\\u0639\\u0629 \\u061f&nbsp;<br>\\u0639\\u0644\\u064a \\u0627\\u0644\\u062c\\u0627\\u0646\\u0628 \\u0627\\u0644\\u0622\\u062e\\u0631 \\u0646\\u0634\\u062c\\u0628 \\u0648\\u0646\\u0633\\u062a\\u0646\\u0643\\u0631 \\u0647\\u0624\\u0644\\u0627\\u0621 \\u0627\\u0644\\u0631\\u062c\\u0627\\u0644 \\u0627\\u0644\\u0645\\u0641\\u062a\\u0648\\u0646\\u0648\\u0646 \\u0628\\u0646\\u0634\\u0648\\u0629 \\u0627\\u0644\\u0644\\u062d\\u0638\\u0629 \\u0627\\u0644\\u0647\\u0627\\u0626\\u0645\\u0648\\u0646 \\u0641\\u064a \\u0631\\u063a\\u0628\\u0627\\u062a\\u0647\\u0645 \\u0641\\u0644\\u0627 \\u064a\\u062f\\u0631\\u0643\\u0648\\u0646 \\u0645\\u0627 \\u064a\\u0639\\u0642\\u0628\\u0647\\u0627 \\u0645\\u0646 \\u0627\\u0644\\u0623\\u0644\\u0645 \\u0648\\u0627\\u0644\\u0623\\u0633\\u064a \\u0627\\u0644\\u0645\\u062d\\u062a\\u0645\\u060c \\u0648\\u0627\\u0644\\u0644\\u0648\\u0645 \\u0643\\u0630\\u0644\\u0643 \\u064a\\u0634\\u0645\\u0644 \\u0647\\u0624\\u0644\\u0627\\u0621 \\u0627\\u0644\\u0630\\u064a\\u0646 \\u0623\\u062e\\u0641\\u0642\\u0648\\u0627 \\u0641\\u064a \\u0648\\u0627\\u062c\\u0628\\u0627\\u062a\\u0647\\u0645 \\u0646\\u062a\\u064a\\u062c\\u0629 \\u0644\\u0636\\u0639\\u0641 \\u0625\\u0631\\u0627\\u062f\\u062a\\u0647\\u0645 \\u0641\\u064a\\u062a\\u0633\\u0627\\u0648\\u064a \\u0645\\u0639 \\u0647\\u0624\\u0644\\u0627\\u0621 \\u0627\\u0644\\u0630\\u064a\\u0646 \\u064a\\u062a\\u062c\\u0646\\u0628\\u0648\\u0646 \\u0648\\u064a\\u0646\\u0623\\u0648\\u0646 \\u0639\\u0646 \\u062a\\u062d\\u0645\\u0644 \\u0627\\u0644\\u0643\\u062f\\u062d \\u0648\\u0627\\u0644\\u0623\\u0644\\u0645 .<\\/p>\",\"en\":\"<p><strong>Lorem Ipsum<\\/strong> is simply dummy text of the printing and typesetting industry. Lorem Ipsum has been the industry\'s standard dummy text ever since the 1500s, when an unknown printer took a galley of type and scrambled it to make a type specimen book. It has survived not only five centuries, but also the leap into electronic typesetting, remaining essentially unchanged. It was popularised in the 1960s with the release of Letraset sheets containing Lorem Ipsum passages, and more recently with desktop publishing software like Aldus PageMaker including versions of Lorem Ipsum.<\\/p>\"}', 1, 'Fresh', 1, 150.000000, 'ElegantWatch151', 150, 0, '2021-07-08T14:28:00.000Z', '0.2', 2, 1, 3, 13, 3, 0, 0, 'elegant-quartz-watch-women-dress-wristwatch-elegantwatch151', NULL, 10, 1, '2021-07-08 17:29:49', '2021-07-08 17:29:49'),
(43, 2, '{\"en\":\"Nordic Style Dining Chairs Set\",\"ar\":\"\\u0645\\u062c\\u0645\\u0648\\u0639\\u0629 \\u0643\\u0631\\u0627\\u0633\\u064a \\u062a\\u0646\\u0627\\u0648\\u0644 \\u0627\\u0644\\u0637\\u0639\\u0627\\u0645 \\u0639\\u0644\\u0649 \\u0627\\u0644\\u0637\\u0631\\u0627\\u0632 \\u0627\\u0644\\u0627\\u0633\\u0643\\u0646\\u062f\\u0646\\u0627\\u0641\\u064a\"}', '{\"ar\":\"<p><strong>Lorem Ipsum<\\/strong> is simply dummy text of the printing and typesetting industry. Lorem Ipsum has been the industry\'s standard dummy text ever since the 1500s,<\\/p>\",\"en\":\"<p><strong>Lorem Ipsum<\\/strong> is simply dummy text of the printing and typesetting industry. Lorem Ipsum has been the industry\'s standard dummy text ever since the 1500s,<\\/p>\"}', '{\"ar\":\"<p><strong>Lorem Ipsum<\\/strong> is simply dummy text of the printing and typesetting industry. Lorem Ipsum has been the industry\'s standard dummy text ever since the 1500s,<\\/p>\",\"en\":\"<p><strong>Lorem Ipsum<\\/strong> is simply dummy text of the printing and typesetting industry. Lorem Ipsum has been the industry\'s standard dummy text ever since the 1500s,<\\/p>\"}', '{\"ar\":\"<p><strong>Lorem Ipsum<\\/strong> is simply dummy text of the printing and typesetting industry. Lorem Ipsum has been the industry\'s standard dummy text ever since the 1500s,<\\/p>\",\"en\":\"<p><strong>Lorem Ipsum<\\/strong> is simply dummy text of the printing and typesetting industry. Lorem Ipsum has been the industry\'s standard dummy text ever since the 1500s,<\\/p>\"}', 1, '32434', 1, 130.000000, '0999877Kn', 50, 0, '2021-07-08T14:30:00.000Z', '1.5', 2, 1, 2, 27, 3, 0, 0, 'nordic-style-dining-chairs-set-0999877kn', NULL, 5, 1, '2021-07-08 17:32:52', '2021-07-08 17:32:52');
INSERT INTO `products` (`id`, `vendor_id`, `name`, `description`, `short_description`, `refund_policy`, `product_type`, `modal`, `is_feature`, `price`, `sku`, `stock`, `quantity`, `available_date`, `weight`, `unit_id`, `is_active`, `manufacturer_id`, `brand_id`, `tax_class_id`, `product_ordered`, `product_liked`, `slug`, `external_link`, `max_order`, `min_order`, `created_at`, `updated_at`) VALUES
(44, 3, '{\"en\":\"Brown Leather Watch\",\"ar\":\"\\u0633\\u0627\\u0639\\u0629 \\u062c\\u0644\\u062f \\u0628\\u0646\\u064a\"}', '{\"ar\":\"<p>\\u0644\\u0643\\u0646 \\u0644\\u0627 \\u0628\\u062f \\u0623\\u0646 \\u0623\\u0648\\u0636\\u062d \\u0644\\u0643 \\u0623\\u0646 \\u0643\\u0644 \\u0647\\u0630\\u0647 \\u0627\\u0644\\u0623\\u0641\\u0643\\u0627\\u0631 \\u0627\\u0644\\u0645\\u063a\\u0644\\u0648\\u0637\\u0629 \\u062d\\u0648\\u0644 \\u0627\\u0633\\u062a\\u0646\\u0643\\u0627\\u0631 &nbsp;\\u0627\\u0644\\u0646\\u0634\\u0648\\u0629 \\u0648\\u062a\\u0645\\u062c\\u064a\\u062f \\u0627\\u0644\\u0623\\u0644\\u0645 \\u0646\\u0634\\u0623\\u062a \\u0628\\u0627\\u0644\\u0641\\u0639\\u0644\\u060c \\u0648\\u0633\\u0623\\u0639\\u0631\\u0636 \\u0644\\u0643 \\u0627\\u0644\\u062a\\u0641\\u0627\\u0635\\u064a\\u0644 \\u0644\\u062a\\u0643\\u062a\\u0634\\u0641 \\u062d\\u0642\\u064a\\u0642\\u0629 \\u0648\\u0623\\u0633\\u0627\\u0633 \\u062a\\u0644\\u0643 \\u0627\\u0644\\u0633\\u0639\\u0627\\u062f\\u0629 \\u0627\\u0644\\u0628\\u0634\\u0631\\u064a\\u0629\\u060c \\u0641\\u0644\\u0627 \\u0623\\u062d\\u062f \\u064a\\u0631\\u0641\\u0636 \\u0623\\u0648 \\u064a\\u0643\\u0631\\u0647 \\u0623\\u0648 \\u064a\\u062a\\u062c\\u0646\\u0628 \\u0627\\u0644\\u0634\\u0639\\u0648\\u0631 \\u0628\\u0627\\u0644\\u0633\\u0639\\u0627\\u062f\\u0629\\u060c \\u0648\\u0644\\u0643\\u0646 \\u0628\\u0641\\u0636\\u0644 \\u0647\\u0624\\u0644\\u0627\\u0621 \\u0627\\u0644\\u0623\\u0634\\u062e\\u0627\\u0635 \\u0627\\u0644\\u0630\\u064a\\u0646 \\u0644\\u0627 \\u064a\\u062f\\u0631\\u0643\\u0648\\u0646 \\u0628\\u0623\\u0646 \\u0627\\u0644\\u0633\\u0639\\u0627\\u062f\\u0629 \\u0644\\u0627 \\u0628\\u062f \\u0623\\u0646 \\u0646\\u0633\\u062a\\u0634\\u0639\\u0631\\u0647\\u0627 \\u0628\\u0635\\u0648\\u0631\\u0629 \\u0623\\u0643\\u062b\\u0631 \\u0639\\u0642\\u0644\\u0627\\u0646\\u064a\\u0629 \\u0648\\u0645\\u0646\\u0637\\u0642\\u064a\\u0629 \\u0641\\u064a\\u0639\\u0631\\u0636\\u0647\\u0645 \\u0647\\u0630\\u0627 \\u0644\\u0645\\u0648\\u0627\\u062c\\u0647\\u0629 \\u0627\\u0644\\u0638\\u0631\\u0648\\u0641 \\u0627\\u0644\\u0623\\u0644\\u064a\\u0645\\u0629\\u060c \\u0648\\u0623\\u0643\\u0631\\u0631 \\u0628\\u0623\\u0646\\u0647 \\u0644\\u0627 \\u064a\\u0648\\u062c\\u062f \\u0645\\u0646 \\u064a\\u0631\\u063a\\u0628 \\u0641\\u064a \\u0627\\u0644\\u062d\\u0628 \\u0648\\u0646\\u064a\\u0644 \\u0627\\u0644\\u0645\\u0646\\u0627\\u0644 \\u0648\\u064a\\u062a\\u0644\\u0630\\u0630 \\u0628\\u0627\\u0644\\u0622\\u0644\\u0627\\u0645\\u060c \\u0627\\u0644\\u0623\\u0644\\u0645 \\u0647\\u0648 \\u0627\\u0644\\u0623\\u0644\\u0645 \\u0648\\u0644\\u0643\\u0646 \\u0646\\u062a\\u064a\\u062c\\u0629 \\u0644\\u0638\\u0631\\u0648\\u0641 \\u0645\\u0627 \\u0642\\u062f \\u062a\\u0643\\u0645\\u0646 \\u0627\\u0644\\u0633\\u0639\\u0627\\u062f\\u0647 \\u0641\\u064a\\u0645\\u0627 \\u0646\\u062a\\u062d\\u0645\\u0644\\u0647 \\u0645\\u0646 \\u0643\\u062f \\u0648\\u0623\\u0633\\u064a.<\\/p><p>&nbsp;<\\/p>\",\"en\":\"<p><strong>Lorem Ipsum<\\/strong> is simply dummy text of the printing and typesetting industry. Lorem Ipsum has been the industry\'s standard dummy text ever since the 1500s, when an unknown printer took a galley of type and scrambled it to make a type specimen book. It has survived not only five centuries, but also the leap into electronic typesetting, remaining essentially unchanged. It was popularised in the 1960s with the release of Letraset sheets containing Lorem Ipsum passages, and more recently with desktop publishing software like Aldus PageMaker including versions of Lorem Ipsum.<\\/p>\"}', '{\"ar\":\"<p>\\u0644\\u0643\\u0646 \\u0644\\u0627 \\u0628\\u062f \\u0623\\u0646 \\u0623\\u0648\\u0636\\u062d \\u0644\\u0643 \\u0623\\u0646 \\u0643\\u0644 \\u0647\\u0630\\u0647 \\u0627\\u0644\\u0623\\u0641\\u0643\\u0627\\u0631 \\u0627\\u0644\\u0645\\u063a\\u0644\\u0648\\u0637\\u0629 \\u062d\\u0648\\u0644 \\u0627\\u0633\\u062a\\u0646\\u0643\\u0627\\u0631 &nbsp;\\u0627\\u0644\\u0646\\u0634\\u0648\\u0629 \\u0648\\u062a\\u0645\\u062c\\u064a\\u062f \\u0627\\u0644\\u0623\\u0644\\u0645 \\u0646\\u0634\\u0623\\u062a \\u0628\\u0627\\u0644\\u0641\\u0639\\u0644\\u060c \\u0648\\u0633\\u0623\\u0639\\u0631\\u0636 \\u0644\\u0643 \\u0627\\u0644\\u062a\\u0641\\u0627\\u0635\\u064a\\u0644 \\u0644\\u062a\\u0643\\u062a\\u0634\\u0641 \\u062d\\u0642\\u064a\\u0642\\u0629 \\u0648\\u0623\\u0633\\u0627\\u0633 \\u062a\\u0644\\u0643 \\u0627\\u0644\\u0633\\u0639\\u0627\\u062f\\u0629 \\u0627\\u0644\\u0628\\u0634\\u0631\\u064a\\u0629\\u060c \\u0641\\u0644\\u0627 \\u0623\\u062d\\u062f \\u064a\\u0631\\u0641\\u0636 \\u0623\\u0648 \\u064a\\u0643\\u0631\\u0647 \\u0623\\u0648 \\u064a\\u062a\\u062c\\u0646\\u0628 \\u0627\\u0644\\u0634\\u0639\\u0648\\u0631 \\u0628\\u0627\\u0644\\u0633\\u0639\\u0627\\u062f\\u0629\\u060c \\u0648\\u0644\\u0643\\u0646 \\u0628\\u0641\\u0636\\u0644 \\u0647\\u0624\\u0644\\u0627\\u0621 \\u0627\\u0644\\u0623\\u0634\\u062e\\u0627\\u0635 \\u0627\\u0644\\u0630\\u064a\\u0646 \\u0644\\u0627 \\u064a\\u062f\\u0631\\u0643\\u0648\\u0646 \\u0628\\u0623\\u0646 \\u0627\\u0644\\u0633\\u0639\\u0627\\u062f\\u0629 \\u0644\\u0627 \\u0628\\u062f \\u0623\\u0646 \\u0646\\u0633\\u062a\\u0634\\u0639\\u0631\\u0647\\u0627 \\u0628\\u0635\\u0648\\u0631\\u0629 \\u0623\\u0643\\u062b\\u0631 \\u0639\\u0642\\u0644\\u0627\\u0646\\u064a\\u0629 \\u0648\\u0645\\u0646\\u0637\\u0642\\u064a\\u0629 \\u0641\\u064a\\u0639\\u0631\\u0636\\u0647\\u0645 \\u0647\\u0630\\u0627 \\u0644\\u0645\\u0648\\u0627\\u062c\\u0647\\u0629 \\u0627\\u0644\\u0638\\u0631\\u0648\\u0641 \\u0627\\u0644\\u0623\\u0644\\u064a\\u0645\\u0629\\u060c \\u0648\\u0623\\u0643\\u0631\\u0631 \\u0628\\u0623\\u0646\\u0647 \\u0644\\u0627 \\u064a\\u0648\\u062c\\u062f \\u0645\\u0646 \\u064a\\u0631\\u063a\\u0628 \\u0641\\u064a \\u0627\\u0644\\u062d\\u0628 \\u0648\\u0646\\u064a\\u0644 \\u0627\\u0644\\u0645\\u0646\\u0627\\u0644 \\u0648\\u064a\\u062a\\u0644\\u0630\\u0630 \\u0628\\u0627\\u0644\\u0622\\u0644\\u0627\\u0645\\u060c \\u0627\\u0644\\u0623\\u0644\\u0645 \\u0647\\u0648 \\u0627\\u0644\\u0623\\u0644\\u0645 \\u0648\\u0644\\u0643\\u0646 \\u0646\\u062a\\u064a\\u062c\\u0629 \\u0644\\u0638\\u0631\\u0648\\u0641 \\u0645\\u0627 \\u0642\\u062f \\u062a\\u0643\\u0645\\u0646 \\u0627\\u0644\\u0633\\u0639\\u0627\\u062f\\u0647 \\u0641\\u064a\\u0645\\u0627 \\u0646\\u062a\\u062d\\u0645\\u0644\\u0647 \\u0645\\u0646 \\u0643\\u062f \\u0648\\u0623\\u0633\\u064a.<\\/p><p>&nbsp;<\\/p>\",\"en\":\"<p><strong>Lorem Ipsum<\\/strong> is simply dummy text of the printing and typesetting industry. Lorem Ipsum has been the industry\'s standard dummy text ever since the 1500s, when an unknown printer took a galley of type and scrambled it to make a type specimen book. It has survived not only five centuries, but also the leap into electronic typesetting, remaining essentially unchanged. It was popularised in the 1960s with the release of Letraset sheets containing Lorem Ipsum passages, and more recently with desktop publishing software like Aldus PageMaker including versions of Lorem Ipsum.<\\/p>\"}', '{\"ar\":\"<p>\\u0644\\u0643\\u0646 \\u0644\\u0627 \\u0628\\u062f \\u0623\\u0646 \\u0623\\u0648\\u0636\\u062d \\u0644\\u0643 \\u0623\\u0646 \\u0643\\u0644 \\u0647\\u0630\\u0647 \\u0627\\u0644\\u0623\\u0641\\u0643\\u0627\\u0631 \\u0627\\u0644\\u0645\\u063a\\u0644\\u0648\\u0637\\u0629 \\u062d\\u0648\\u0644 \\u0627\\u0633\\u062a\\u0646\\u0643\\u0627\\u0631 &nbsp;\\u0627\\u0644\\u0646\\u0634\\u0648\\u0629 \\u0648\\u062a\\u0645\\u062c\\u064a\\u062f \\u0627\\u0644\\u0623\\u0644\\u0645 \\u0646\\u0634\\u0623\\u062a \\u0628\\u0627\\u0644\\u0641\\u0639\\u0644\\u060c \\u0648\\u0633\\u0623\\u0639\\u0631\\u0636 \\u0644\\u0643 \\u0627\\u0644\\u062a\\u0641\\u0627\\u0635\\u064a\\u0644 \\u0644\\u062a\\u0643\\u062a\\u0634\\u0641 \\u062d\\u0642\\u064a\\u0642\\u0629 \\u0648\\u0623\\u0633\\u0627\\u0633 \\u062a\\u0644\\u0643 \\u0627\\u0644\\u0633\\u0639\\u0627\\u062f\\u0629 \\u0627\\u0644\\u0628\\u0634\\u0631\\u064a\\u0629\\u060c \\u0641\\u0644\\u0627 \\u0623\\u062d\\u062f \\u064a\\u0631\\u0641\\u0636 \\u0623\\u0648 \\u064a\\u0643\\u0631\\u0647 \\u0623\\u0648 \\u064a\\u062a\\u062c\\u0646\\u0628 \\u0627\\u0644\\u0634\\u0639\\u0648\\u0631 \\u0628\\u0627\\u0644\\u0633\\u0639\\u0627\\u062f\\u0629\\u060c \\u0648\\u0644\\u0643\\u0646 \\u0628\\u0641\\u0636\\u0644 \\u0647\\u0624\\u0644\\u0627\\u0621 \\u0627\\u0644\\u0623\\u0634\\u062e\\u0627\\u0635 \\u0627\\u0644\\u0630\\u064a\\u0646 \\u0644\\u0627 \\u064a\\u062f\\u0631\\u0643\\u0648\\u0646 \\u0628\\u0623\\u0646 \\u0627\\u0644\\u0633\\u0639\\u0627\\u062f\\u0629 \\u0644\\u0627 \\u0628\\u062f \\u0623\\u0646 \\u0646\\u0633\\u062a\\u0634\\u0639\\u0631\\u0647\\u0627 \\u0628\\u0635\\u0648\\u0631\\u0629 \\u0623\\u0643\\u062b\\u0631 \\u0639\\u0642\\u0644\\u0627\\u0646\\u064a\\u0629 \\u0648\\u0645\\u0646\\u0637\\u0642\\u064a\\u0629 \\u0641\\u064a\\u0639\\u0631\\u0636\\u0647\\u0645 \\u0647\\u0630\\u0627 \\u0644\\u0645\\u0648\\u0627\\u062c\\u0647\\u0629 \\u0627\\u0644\\u0638\\u0631\\u0648\\u0641 \\u0627\\u0644\\u0623\\u0644\\u064a\\u0645\\u0629\\u060c \\u0648\\u0623\\u0643\\u0631\\u0631 \\u0628\\u0623\\u0646\\u0647 \\u0644\\u0627 \\u064a\\u0648\\u062c\\u062f \\u0645\\u0646 \\u064a\\u0631\\u063a\\u0628 \\u0641\\u064a \\u0627\\u0644\\u062d\\u0628 \\u0648\\u0646\\u064a\\u0644 \\u0627\\u0644\\u0645\\u0646\\u0627\\u0644 \\u0648\\u064a\\u062a\\u0644\\u0630\\u0630 \\u0628\\u0627\\u0644\\u0622\\u0644\\u0627\\u0645\\u060c \\u0627\\u0644\\u0623\\u0644\\u0645 \\u0647\\u0648 \\u0627\\u0644\\u0623\\u0644\\u0645 \\u0648\\u0644\\u0643\\u0646 \\u0646\\u062a\\u064a\\u062c\\u0629 \\u0644\\u0638\\u0631\\u0648\\u0641 \\u0645\\u0627 \\u0642\\u062f \\u062a\\u0643\\u0645\\u0646&nbsp;<\\/p>\",\"en\":\"<p><strong>Lorem Ipsum<\\/strong> is simply dummy text of the printing and typesetting industry. Lorem Ipsum has been the industry\'s standard dummy text ever since the 1500s, when an unknown printer took a galley of type and scrambled it to make a type specimen book. It has survived not only five centuries, but also the leap into electronic typesetting, remaining essentially unchanged. It was popularised in the 1960s with the release of Letraset sheets containing Lorem Ipsum passages, and more recently with desktop publishing software like Aldus PageMaker including versions of Lorem Ipsum.<\\/p>\"}', 1, 'Fresh', 0, 121.000000, 'LeatherWatches152', 199, 0, '2021-07-08T14:33:00.000Z', '0.1', 2, 1, 3, 12, 3, 0, 0, 'brown-leather-watch-leatherwatches152', NULL, 10, 1, '2021-07-08 17:35:01', '2021-07-10 20:57:50'),
(45, 2, '{\"en\":\"Office sofa chair\",\"ar\":\"\\u0643\\u0631\\u0633\\u064a \\u0645\\u0643\\u062a\\u0628 \\u0623\\u0631\\u064a\\u0643\\u0629\"}', '{\"ar\":\"<p><strong>Lorem Ipsum<\\/strong> is simply dummy text of the printing and typesetting industry. Lorem Ipsum has been the industry\'s standard dummy text ever since the 1500s,<\\/p>\",\"en\":\"<p><strong>Lorem Ipsum<\\/strong> is simply dummy text of the printing and typesetting industry. Lorem Ipsum has been the industry\'s standard dummy text ever since the 1500s,<\\/p>\"}', '{\"ar\":\"<p><strong>Lorem Ipsum<\\/strong> is simply dummy text of the printing and typesetting industry. Lorem Ipsum has been the industry\'s standard dummy text ever since the 1500s,<\\/p>\",\"en\":\"<p><strong>Lorem Ipsum<\\/strong> is simply dummy text of the printing and typesetting industry. Lorem Ipsum has been the industry\'s standard dummy text ever since the 1500s,<\\/p>\"}', '{\"ar\":\"<p><strong>Lorem Ipsum<\\/strong> is simply dummy text of the printing and typesetting industry. Lorem Ipsum has been the industry\'s standard dummy text ever since the 1500s,<\\/p>\",\"en\":\"<p><strong>Lorem Ipsum<\\/strong> is simply dummy text of the printing and typesetting industry. Lorem Ipsum has been the industry\'s standard dummy text ever since the 1500s,<\\/p>\"}', 1, '12424', 1, 159.000000, '12423536', 50, 0, '2022-08-20T14:34:00.000Z', '2', 2, 1, 2, 27, 3, 0, 0, 'office-sofa-chair-12423536', NULL, 5, 1, '2021-07-08 17:36:19', '2021-07-09 14:42:43'),
(46, 2, '{\"en\":\"Wood Step Stool\",\"ar\":\"\\u0627\\u0644\\u062e\\u0637\\u0648\\u0629 \\u0627\\u0644\\u062e\\u0634\\u0628\\u064a\\u0629 \\u0627\\u0644\\u0628\\u0631\\u0627\\u0632\"}', '{\"ar\":\"<p><strong>Lorem Ipsum<\\/strong> is simply dummy text of the printing and typesetting industry. Lorem Ipsum has been the industry\'s standard dummy text ever since the 1500s,<\\/p>\",\"en\":\"<p><strong>Lorem Ipsum<\\/strong> is simply dummy text of the printing and typesetting industry. Lorem Ipsum has been the industry\'s standard dummy text ever since the 1500s,<\\/p>\"}', '{\"ar\":\"<p><strong>Lorem Ipsum<\\/strong> is simply dummy text of the printing and typesetting industry. Lorem Ipsum has been the industry\'s standard dummy text ever since the 1500s,<\\/p>\",\"en\":\"<p><strong>Lorem Ipsum<\\/strong> is simply dummy text of the printing and typesetting industry. Lorem Ipsum has been the industry\'s standard dummy text ever since the 1500s,<\\/p>\"}', '{\"ar\":\"<p><strong>Lorem Ipsum<\\/strong> is simply dummy text of the printing and typesetting industry. Lorem Ipsum has been the industry\'s standard dummy text ever since the 1500s,<\\/p>\",\"en\":\"<p><strong>Lorem Ipsum<\\/strong> is simply dummy text of the printing and typesetting industry. Lorem Ipsum has been the industry\'s standard dummy text ever since the 1500s,<\\/p>\"}', 1, '334', 1, 120.000000, '1006786', 100, 0, '2021-07-08T14:38:00.000Z', '3', 2, 1, 2, 27, 3, 0, 0, 'wood-step-stool-1006786', NULL, 10, 1, '2021-07-08 17:40:15', '2021-07-08 17:40:15'),
(48, 3, '{\"en\":\"Luxury Men Watch Fashion Elegant Men\'s Sport Digital Analog Watches\",\"ar\":\"\\u0627\\u0644\\u0631\\u062c\\u0627\\u0644 \\u0627\\u0644\\u0641\\u0627\\u062e\\u0631\\u0629 \\u0645\\u0634\\u0627\\u0647\\u062f\\u0629 \\u0627\\u0644\\u0623\\u0632\\u064a\\u0627\\u0621 \\u0627\\u0644\\u0623\\u0646\\u064a\\u0642\\u0629 \\u0627\\u0644\\u0631\\u064a\\u0627\\u0636\\u0629 \\u0627\\u0644\\u0631\\u062c\\u0627\\u0644 \\u0627\\u0644\\u0633\\u0627\\u0639\\u0627\\u062a \\u0627\\u0644\\u0631\\u0642\\u0645\\u064a\\u0629 \\u0627\\u0644\\u062a\\u0646\\u0627\\u0638\\u0631\\u064a\\u0629\"}', '{\"ar\":\"<p>\\u0644\\u0643\\u0646 \\u0644\\u0627 \\u0628\\u062f \\u0623\\u0646 \\u0623\\u0648\\u0636\\u062d \\u0644\\u0643 \\u0623\\u0646 \\u0643\\u0644 \\u0647\\u0630\\u0647 \\u0627\\u0644\\u0623\\u0641\\u0643\\u0627\\u0631 \\u0627\\u0644\\u0645\\u063a\\u0644\\u0648\\u0637\\u0629 \\u062d\\u0648\\u0644 \\u0627\\u0633\\u062a\\u0646\\u0643\\u0627\\u0631 &nbsp;\\u0627\\u0644\\u0646\\u0634\\u0648\\u0629 \\u0648\\u062a\\u0645\\u062c\\u064a\\u062f \\u0627\\u0644\\u0623\\u0644\\u0645 \\u0646\\u0634\\u0623\\u062a \\u0628\\u0627\\u0644\\u0641\\u0639\\u0644\\u060c \\u0648\\u0633\\u0623\\u0639\\u0631\\u0636 \\u0644\\u0643 \\u0627\\u0644\\u062a\\u0641\\u0627\\u0635\\u064a\\u0644 \\u0644\\u062a\\u0643\\u062a\\u0634\\u0641 \\u062d\\u0642\\u064a\\u0642\\u0629 \\u0648\\u0623\\u0633\\u0627\\u0633 \\u062a\\u0644\\u0643 \\u0627\\u0644\\u0633\\u0639\\u0627\\u062f\\u0629 \\u0627\\u0644\\u0628\\u0634\\u0631\\u064a\\u0629\\u060c \\u0641\\u0644\\u0627 \\u0623\\u062d\\u062f \\u064a\\u0631\\u0641\\u0636 \\u0623\\u0648 \\u064a\\u0643\\u0631\\u0647 \\u0623\\u0648 \\u064a\\u062a\\u062c\\u0646\\u0628 \\u0627\\u0644\\u0634\\u0639\\u0648\\u0631 \\u0628\\u0627\\u0644\\u0633\\u0639\\u0627\\u062f\\u0629\\u060c \\u0648\\u0644\\u0643\\u0646 \\u0628\\u0641\\u0636\\u0644 \\u0647\\u0624\\u0644\\u0627\\u0621 \\u0627\\u0644\\u0623\\u0634\\u062e\\u0627\\u0635 \\u0627\\u0644\\u0630\\u064a\\u0646 \\u0644\\u0627 \\u064a\\u062f\\u0631\\u0643\\u0648\\u0646 \\u0628\\u0623\\u0646 \\u0627\\u0644\\u0633\\u0639\\u0627\\u062f\\u0629 \\u0644\\u0627 \\u0628\\u062f \\u0623\\u0646 \\u0646\\u0633\\u062a\\u0634\\u0639\\u0631\\u0647\\u0627 \\u0628\\u0635\\u0648\\u0631\\u0629 \\u0623\\u0643\\u062b\\u0631 \\u0639\\u0642\\u0644\\u0627\\u0646\\u064a\\u0629 \\u0648\\u0645\\u0646\\u0637\\u0642\\u064a\\u0629 \\u0641\\u064a\\u0639\\u0631\\u0636\\u0647\\u0645 \\u0647\\u0630\\u0627 \\u0644\\u0645\\u0648\\u0627\\u062c\\u0647\\u0629 \\u0627\\u0644\\u0638\\u0631\\u0648\\u0641 \\u0627\\u0644\\u0623\\u0644\\u064a\\u0645\\u0629\\u060c \\u0648\\u0623\\u0643\\u0631\\u0631 \\u0628\\u0623\\u0646\\u0647 \\u0644\\u0627 \\u064a\\u0648\\u062c\\u062f \\u0645\\u0646 \\u064a\\u0631\\u063a\\u0628 \\u0641\\u064a \\u0627\\u0644\\u062d\\u0628 \\u0648\\u0646\\u064a\\u0644 \\u0627\\u0644\\u0645\\u0646\\u0627\\u0644 \\u0648\\u064a\\u062a\\u0644\\u0630\\u0630 \\u0628\\u0627\\u0644\\u0622\\u0644\\u0627\\u0645\\u060c \\u0627\\u0644\\u0623\\u0644\\u0645 \\u0647\\u0648 \\u0627\\u0644\\u0623\\u0644\\u0645 \\u0648\\u0644\\u0643\\u0646 \\u0646\\u062a\\u064a\\u062c\\u0629 \\u0644\\u0638\\u0631\\u0648\\u0641 \\u0645\\u0627 \\u0642\\u062f \\u062a\\u0643\\u0645\\u0646 \\u0627\\u0644\\u0633\\u0639\\u0627\\u062f\\u0647 \\u0641\\u064a\\u0645\\u0627 \\u0646\\u062a\\u062d\\u0645\\u0644\\u0647 \\u0645\\u0646 \\u0643\\u062f \\u0648\\u0623\\u0633\\u064a.<\\/p><p>\\u0648 \\u0633\\u0623\\u0639\\u0631\\u0636 \\u0645\\u062b\\u0627\\u0644 \\u062d\\u064a \\u0644\\u0647\\u0630\\u0627\\u060c \\u0645\\u0646 \\u0645\\u0646\\u0627 \\u0644\\u0645 \\u064a\\u062a\\u062d\\u0645\\u0644 \\u062c\\u0647\\u062f \\u0628\\u062f\\u0646\\u064a \\u0634\\u0627\\u0642 \\u0625\\u0644\\u0627 \\u0645\\u0646 \\u0623\\u062c\\u0644 \\u0627\\u0644\\u062d\\u0635\\u0648\\u0644 \\u0639\\u0644\\u0649 \\u0645\\u064a\\u0632\\u0629 \\u0623\\u0648 \\u0641\\u0627\\u0626\\u062f\\u0629\\u061f \\u0648\\u0644\\u0643\\u0646 \\u0645\\u0646 \\u0644\\u062f\\u064a\\u0647 \\u0627\\u0644\\u062d\\u0642 \\u0623\\u0646 \\u064a\\u0646\\u062a\\u0642\\u062f \\u0634\\u062e\\u0635 \\u0645\\u0627 \\u0623\\u0631\\u0627\\u062f \\u0623\\u0646 \\u064a\\u0634\\u0639\\u0631 \\u0628\\u0627\\u0644\\u0633\\u0639\\u0627\\u062f\\u0629 \\u0627\\u0644\\u062a\\u064a \\u0644\\u0627 \\u062a\\u0634\\u0648\\u0628\\u0647\\u0627 \\u0639\\u0648\\u0627\\u0642\\u0628 \\u0623\\u0644\\u064a\\u0645\\u0629 \\u0623\\u0648 \\u0622\\u062e\\u0631 \\u0623\\u0631\\u0627\\u062f \\u0623\\u0646 \\u064a\\u062a\\u062c\\u0646\\u0628 \\u0627\\u0644\\u0623\\u0644\\u0645 \\u0627\\u0644\\u0630\\u064a \\u0631\\u0628\\u0645\\u0627 \\u062a\\u0646\\u062c\\u0645 \\u0639\\u0646\\u0647 \\u0628\\u0639\\u0636 \\u0627\\u0644\\u0645\\u062a\\u0639\\u0629 \\u061f&nbsp;<br>\\u0639\\u0644\\u064a \\u0627\\u0644\\u062c\\u0627\\u0646\\u0628 \\u0627\\u0644\\u0622\\u062e\\u0631 \\u0646\\u0634\\u062c\\u0628 \\u0648\\u0646\\u0633\\u062a\\u0646\\u0643\\u0631 \\u0647\\u0624\\u0644\\u0627\\u0621 \\u0627\\u0644\\u0631\\u062c\\u0627\\u0644 \\u0627\\u0644\\u0645\\u0641\\u062a\\u0648\\u0646\\u0648\\u0646 \\u0628\\u0646\\u0634\\u0648\\u0629 \\u0627\\u0644\\u0644\\u062d\\u0638\\u0629 \\u0627\\u0644\\u0647\\u0627\\u0626\\u0645\\u0648\\u0646 \\u0641\\u064a \\u0631\\u063a\\u0628\\u0627\\u062a\\u0647\\u0645 \\u0641\\u0644\\u0627 \\u064a\\u062f\\u0631\\u0643\\u0648\\u0646 \\u0645\\u0627 \\u064a\\u0639\\u0642\\u0628\\u0647\\u0627 \\u0645\\u0646 \\u0627\\u0644\\u0623\\u0644\\u0645 \\u0648\\u0627\\u0644\\u0623\\u0633\\u064a \\u0627\\u0644\\u0645\\u062d\\u062a\\u0645\\u060c \\u0648\\u0627\\u0644\\u0644\\u0648\\u0645 \\u0643\\u0630\\u0644\\u0643 \\u064a\\u0634\\u0645\\u0644 \\u0647\\u0624\\u0644\\u0627\\u0621 \\u0627\\u0644\\u0630\\u064a\\u0646 \\u0623\\u062e\\u0641\\u0642\\u0648\\u0627 \\u0641\\u064a \\u0648\\u0627\\u062c\\u0628\\u0627\\u062a\\u0647\\u0645 \\u0646\\u062a\\u064a\\u062c\\u0629 \\u0644\\u0636\\u0639\\u0641 \\u0625\\u0631\\u0627\\u062f\\u062a\\u0647\\u0645 \\u0641\\u064a\\u062a\\u0633\\u0627\\u0648\\u064a \\u0645\\u0639 \\u0647\\u0624\\u0644\\u0627\\u0621 \\u0627\\u0644\\u0630\\u064a\\u0646 \\u064a\\u062a\\u062c\\u0646\\u0628\\u0648\\u0646 \\u0648\\u064a\\u0646\\u0623\\u0648\\u0646 \\u0639\\u0646 \\u062a\\u062d\\u0645\\u0644 \\u0627\\u0644\\u0643\\u062f\\u062d \\u0648\\u0627\\u0644\\u0623\\u0644\\u0645 .<\\/p>\",\"en\":\"<p><strong>Lorem Ipsum<\\/strong> is simply dummy text of the printing and typesetting industry. Lorem Ipsum has been the industry\'s standard dummy text ever since the 1500s, when an unknown printer took a galley of type and scrambled it to make a type specimen book. It has survived not only five centuries, but also the leap into electronic typesetting, remaining essentially unchanged. It was popularised in the 1960s with the release of Letraset sheets containing Lorem Ipsum passages, and more recently with desktop publishing software like Aldus PageMaker including versions of Lorem Ipsum.<\\/p>\"}', '{\"ar\":\"<p>\\u0644\\u0643\\u0646 \\u0644\\u0627 \\u0628\\u062f \\u0623\\u0646 \\u0623\\u0648\\u0636\\u062d \\u0644\\u0643 \\u0623\\u0646 \\u0643\\u0644 \\u0647\\u0630\\u0647 \\u0627\\u0644\\u0623\\u0641\\u0643\\u0627\\u0631 \\u0627\\u0644\\u0645\\u063a\\u0644\\u0648\\u0637\\u0629 \\u062d\\u0648\\u0644 \\u0627\\u0633\\u062a\\u0646\\u0643\\u0627\\u0631 &nbsp;\\u0627\\u0644\\u0646\\u0634\\u0648\\u0629 \\u0648\\u062a\\u0645\\u062c\\u064a\\u062f \\u0627\\u0644\\u0623\\u0644\\u0645 \\u0646\\u0634\\u0623\\u062a \\u0628\\u0627\\u0644\\u0641\\u0639\\u0644\\u060c \\u0648\\u0633\\u0623\\u0639\\u0631\\u0636 \\u0644\\u0643 \\u0627\\u0644\\u062a\\u0641\\u0627\\u0635\\u064a\\u0644 \\u0644\\u062a\\u0643\\u062a\\u0634\\u0641 \\u062d\\u0642\\u064a\\u0642\\u0629 \\u0648\\u0623\\u0633\\u0627\\u0633 \\u062a\\u0644\\u0643 \\u0627\\u0644\\u0633\\u0639\\u0627\\u062f\\u0629 \\u0627\\u0644\\u0628\\u0634\\u0631\\u064a\\u0629\\u060c \\u0641\\u0644\\u0627 \\u0623\\u062d\\u062f \\u064a\\u0631\\u0641\\u0636 \\u0623\\u0648 \\u064a\\u0643\\u0631\\u0647 \\u0623\\u0648 \\u064a\\u062a\\u062c\\u0646\\u0628 \\u0627\\u0644\\u0634\\u0639\\u0648\\u0631 \\u0628\\u0627\\u0644\\u0633\\u0639\\u0627\\u062f\\u0629\\u060c \\u0648\\u0644\\u0643\\u0646 \\u0628\\u0641\\u0636\\u0644 \\u0647\\u0624\\u0644\\u0627\\u0621 \\u0627\\u0644\\u0623\\u0634\\u062e\\u0627\\u0635 \\u0627\\u0644\\u0630\\u064a\\u0646 \\u0644\\u0627 \\u064a\\u062f\\u0631\\u0643\\u0648\\u0646 \\u0628\\u0623\\u0646 \\u0627\\u0644\\u0633\\u0639\\u0627\\u062f\\u0629 \\u0644\\u0627 \\u0628\\u062f \\u0623\\u0646 \\u0646\\u0633\\u062a\\u0634\\u0639\\u0631\\u0647\\u0627 \\u0628\\u0635\\u0648\\u0631\\u0629 \\u0623\\u0643\\u062b\\u0631 \\u0639\\u0642\\u0644\\u0627\\u0646\\u064a\\u0629 \\u0648\\u0645\\u0646\\u0637\\u0642\\u064a\\u0629 \\u0641\\u064a\\u0639\\u0631\\u0636\\u0647\\u0645 \\u0647\\u0630\\u0627 \\u0644\\u0645\\u0648\\u0627\\u062c\\u0647\\u0629 \\u0627\\u0644\\u0638\\u0631\\u0648\\u0641 \\u0627\\u0644\\u0623\\u0644\\u064a\\u0645\\u0629\\u060c \\u0648\\u0623\\u0643\\u0631\\u0631 \\u0628\\u0623\\u0646\\u0647 \\u0644\\u0627 \\u064a\\u0648\\u062c\\u062f \\u0645\\u0646 \\u064a\\u0631\\u063a\\u0628 \\u0641\\u064a \\u0627\\u0644\\u062d\\u0628 \\u0648\\u0646\\u064a\\u0644 \\u0627\\u0644\\u0645\\u0646\\u0627\\u0644 \\u0648\\u064a\\u062a\\u0644\\u0630\\u0630 \\u0628\\u0627\\u0644\\u0622\\u0644\\u0627\\u0645\\u060c \\u0627\\u0644\\u0623\\u0644\\u0645 \\u0647\\u0648 \\u0627\\u0644\\u0623\\u0644\\u0645 \\u0648\\u0644\\u0643\\u0646 \\u0646\\u062a\\u064a\\u062c\\u0629 \\u0644\\u0638\\u0631\\u0648\\u0641 \\u0645\\u0627 \\u0642\\u062f \\u062a\\u0643\\u0645\\u0646 \\u0627\\u0644\\u0633\\u0639\\u0627\\u062f\\u0647 \\u0641\\u064a\\u0645\\u0627 \\u0646\\u062a\\u062d\\u0645\\u0644\\u0647 \\u0645\\u0646 \\u0643\\u062f \\u0648\\u0623\\u0633\\u064a.<\\/p><p>\\u0648 \\u0633\\u0623\\u0639\\u0631\\u0636 \\u0645\\u062b\\u0627\\u0644 \\u062d\\u064a \\u0644\\u0647\\u0630\\u0627\\u060c \\u0645\\u0646 \\u0645\\u0646\\u0627 \\u0644\\u0645 \\u064a\\u062a\\u062d\\u0645\\u0644 \\u062c\\u0647\\u062f \\u0628\\u062f\\u0646\\u064a \\u0634\\u0627\\u0642 \\u0625\\u0644\\u0627 \\u0645\\u0646 \\u0623\\u062c\\u0644 \\u0627\\u0644\\u062d\\u0635\\u0648\\u0644 \\u0639\\u0644\\u0649 \\u0645\\u064a\\u0632\\u0629 \\u0623\\u0648 \\u0641\\u0627\\u0626\\u062f\\u0629\\u061f \\u0648\\u0644\\u0643\\u0646 \\u0645\\u0646 \\u0644\\u062f\\u064a\\u0647 \\u0627\\u0644\\u062d\\u0642 \\u0623\\u0646 \\u064a\\u0646\\u062a\\u0642\\u062f \\u0634\\u062e\\u0635 \\u0645\\u0627 \\u0623\\u0631\\u0627\\u062f \\u0623\\u0646 \\u064a\\u0634\\u0639\\u0631 \\u0628\\u0627\\u0644\\u0633\\u0639\\u0627\\u062f\\u0629 \\u0627\\u0644\\u062a\\u064a \\u0644\\u0627 \\u062a\\u0634\\u0648\\u0628\\u0647\\u0627 \\u0639\\u0648\\u0627\\u0642\\u0628 \\u0623\\u0644\\u064a\\u0645\\u0629 \\u0623\\u0648 \\u0622\\u062e\\u0631 \\u0623\\u0631\\u0627\\u062f \\u0623\\u0646 \\u064a\\u062a\\u062c\\u0646\\u0628 \\u0627\\u0644\\u0623\\u0644\\u0645 \\u0627\\u0644\\u0630\\u064a \\u0631\\u0628\\u0645\\u0627 \\u062a\\u0646\\u062c\\u0645 \\u0639\\u0646\\u0647 \\u0628\\u0639\\u0636 \\u0627\\u0644\\u0645\\u062a\\u0639\\u0629 \\u061f&nbsp;<br>\\u0639\\u0644\\u064a \\u0627\\u0644\\u062c\\u0627\\u0646\\u0628 \\u0627\\u0644\\u0622\\u062e\\u0631 \\u0646\\u0634\\u062c\\u0628 \\u0648\\u0646\\u0633\\u062a\\u0646\\u0643\\u0631 \\u0647\\u0624\\u0644\\u0627\\u0621 \\u0627\\u0644\\u0631\\u062c\\u0627\\u0644 \\u0627\\u0644\\u0645\\u0641\\u062a\\u0648\\u0646\\u0648\\u0646 \\u0628\\u0646\\u0634\\u0648\\u0629 \\u0627\\u0644\\u0644\\u062d\\u0638\\u0629 \\u0627\\u0644\\u0647\\u0627\\u0626\\u0645\\u0648\\u0646 \\u0641\\u064a \\u0631\\u063a\\u0628\\u0627\\u062a\\u0647\\u0645 \\u0641\\u0644\\u0627 \\u064a\\u062f\\u0631\\u0643\\u0648\\u0646 \\u0645\\u0627 \\u064a\\u0639\\u0642\\u0628\\u0647\\u0627 \\u0645\\u0646 \\u0627\\u0644\\u0623\\u0644\\u0645 \\u0648\\u0627\\u0644\\u0623\\u0633\\u064a \\u0627\\u0644\\u0645\\u062d\\u062a\\u0645\\u060c \\u0648\\u0627\\u0644\\u0644\\u0648\\u0645 \\u0643\\u0630\\u0644\\u0643 \\u064a\\u0634\\u0645\\u0644 \\u0647\\u0624\\u0644\\u0627\\u0621 \\u0627\\u0644\\u0630\\u064a\\u0646 \\u0623\\u062e\\u0641\\u0642\\u0648\\u0627 \\u0641\\u064a \\u0648\\u0627\\u062c\\u0628\\u0627\\u062a\\u0647\\u0645 \\u0646\\u062a\\u064a\\u062c\\u0629 \\u0644\\u0636\\u0639\\u0641 \\u0625\\u0631\\u0627\\u062f\\u062a\\u0647\\u0645 \\u0641\\u064a\\u062a\\u0633\\u0627\\u0648\\u064a \\u0645\\u0639 \\u0647\\u0624\\u0644\\u0627\\u0621 \\u0627\\u0644\\u0630\\u064a\\u0646 \\u064a\\u062a\\u062c\\u0646\\u0628\\u0648\\u0646 \\u0648\\u064a\\u0646\\u0623\\u0648\\u0646 \\u0639\\u0646 \\u062a\\u062d\\u0645\\u0644 \\u0627\\u0644\\u0643\\u062f\\u062d \\u0648\\u0627\\u0644\\u0623\\u0644\\u0645 .<\\/p>\",\"en\":\"<p><strong>Lorem Ipsum<\\/strong> is simply dummy text of the printing and typesetting industry. Lorem Ipsum has been the industry\'s standard dummy text ever since the 1500s, when an unknown printer took a galley of type and scrambled it to make a type specimen book. It has survived not only five centuries, but also the leap into electronic typesetting, remaining essentially unchanged. It was popularised in the 1960s with the release of Letraset sheets containing Lorem Ipsum passages, and more recently with desktop publishing software like Aldus PageMaker including versions of Lorem Ipsum.<\\/p>\"}', '{\"ar\":\"<p>\\u0644\\u0643\\u0646 \\u0644\\u0627 \\u0628\\u062f \\u0623\\u0646 \\u0623\\u0648\\u0636\\u062d \\u0644\\u0643 \\u0623\\u0646 \\u0643\\u0644 \\u0647\\u0630\\u0647 \\u0627\\u0644\\u0623\\u0641\\u0643\\u0627\\u0631 \\u0627\\u0644\\u0645\\u063a\\u0644\\u0648\\u0637\\u0629 \\u062d\\u0648\\u0644 \\u0627\\u0633\\u062a\\u0646\\u0643\\u0627\\u0631 &nbsp;\\u0627\\u0644\\u0646\\u0634\\u0648\\u0629 \\u0648\\u062a\\u0645\\u062c\\u064a\\u062f \\u0627\\u0644\\u0623\\u0644\\u0645 \\u0646\\u0634\\u0623\\u062a \\u0628\\u0627\\u0644\\u0641\\u0639\\u0644\\u060c \\u0648\\u0633\\u0623\\u0639\\u0631\\u0636 \\u0644\\u0643 \\u0627\\u0644\\u062a\\u0641\\u0627\\u0635\\u064a\\u0644 \\u0644\\u062a\\u0643\\u062a\\u0634\\u0641 \\u062d\\u0642\\u064a\\u0642\\u0629 \\u0648\\u0623\\u0633\\u0627\\u0633 \\u062a\\u0644\\u0643 \\u0627\\u0644\\u0633\\u0639\\u0627\\u062f\\u0629 \\u0627\\u0644\\u0628\\u0634\\u0631\\u064a\\u0629\\u060c \\u0641\\u0644\\u0627 \\u0623\\u062d\\u062f \\u064a\\u0631\\u0641\\u0636 \\u0623\\u0648 \\u064a\\u0643\\u0631\\u0647 \\u0623\\u0648 \\u064a\\u062a\\u062c\\u0646\\u0628 \\u0627\\u0644\\u0634\\u0639\\u0648\\u0631 \\u0628\\u0627\\u0644\\u0633\\u0639\\u0627\\u062f\\u0629\\u060c \\u0648\\u0644\\u0643\\u0646 \\u0628\\u0641\\u0636\\u0644 \\u0647\\u0624\\u0644\\u0627\\u0621 \\u0627\\u0644\\u0623\\u0634\\u062e\\u0627\\u0635 \\u0627\\u0644\\u0630\\u064a\\u0646 \\u0644\\u0627 \\u064a\\u062f\\u0631\\u0643\\u0648\\u0646 \\u0628\\u0623\\u0646 \\u0627\\u0644\\u0633\\u0639\\u0627\\u062f\\u0629 \\u0644\\u0627 \\u0628\\u062f \\u0623\\u0646 \\u0646\\u0633\\u062a\\u0634\\u0639\\u0631\\u0647\\u0627 \\u0628\\u0635\\u0648\\u0631\\u0629 \\u0623\\u0643\\u062b\\u0631 \\u0639\\u0642\\u0644\\u0627\\u0646\\u064a\\u0629 \\u0648\\u0645\\u0646\\u0637\\u0642\\u064a\\u0629 \\u0641\\u064a\\u0639\\u0631\\u0636\\u0647\\u0645 \\u0647\\u0630\\u0627 \\u0644\\u0645\\u0648\\u0627\\u062c\\u0647\\u0629 \\u0627\\u0644\\u0638\\u0631\\u0648\\u0641 \\u0627\\u0644\\u0623\\u0644\\u064a\\u0645\\u0629\\u060c \\u0648\\u0623\\u0643\\u0631\\u0631 \\u0628\\u0623\\u0646\\u0647 \\u0644\\u0627 \\u064a\\u0648\\u062c\\u062f \\u0645\\u0646 \\u064a\\u0631\\u063a\\u0628 \\u0641\\u064a \\u0627\\u0644\\u062d\\u0628 \\u0648\\u0646\\u064a\\u0644 \\u0627\\u0644\\u0645\\u0646\\u0627\\u0644 \\u0648\\u064a\\u062a\\u0644\\u0630\\u0630 \\u0628\\u0627\\u0644\\u0622\\u0644\\u0627\\u0645\\u060c \\u0627\\u0644\\u0623\\u0644\\u0645 \\u0647\\u0648 \\u0627\\u0644\\u0623\\u0644\\u0645 \\u0648\\u0644\\u0643\\u0646 \\u0646\\u062a\\u064a\\u062c\\u0629 \\u0644\\u0638\\u0631\\u0648\\u0641 \\u0645\\u0627 \\u0642\\u062f \\u062a\\u0643\\u0645\\u0646 \\u0627\\u0644\\u0633\\u0639\\u0627\\u062f\\u0647 \\u0641\\u064a\\u0645\\u0627 \\u0646\\u062a\\u062d\\u0645\\u0644\\u0647 \\u0645\\u0646 \\u0643\\u062f \\u0648\\u0623\\u0633\\u064a.<\\/p><p>\\u0648 \\u0633\\u0623\\u0639\\u0631\\u0636 \\u0645\\u062b\\u0627\\u0644 \\u062d\\u064a \\u0644\\u0647\\u0630\\u0627\\u060c \\u0645\\u0646 \\u0645\\u0646\\u0627 \\u0644\\u0645 \\u064a\\u062a\\u062d\\u0645\\u0644 \\u062c\\u0647\\u062f \\u0628\\u062f\\u0646\\u064a \\u0634\\u0627\\u0642 \\u0625\\u0644\\u0627 \\u0645\\u0646 \\u0623\\u062c\\u0644 \\u0627\\u0644\\u062d\\u0635\\u0648\\u0644 \\u0639\\u0644\\u0649 \\u0645\\u064a\\u0632\\u0629 \\u0623\\u0648 \\u0641\\u0627\\u0626\\u062f\\u0629\\u061f \\u0648\\u0644\\u0643\\u0646 \\u0645\\u0646 \\u0644\\u062f\\u064a\\u0647 \\u0627\\u0644\\u062d\\u0642 \\u0623\\u0646 \\u064a\\u0646\\u062a\\u0642\\u062f \\u0634\\u062e\\u0635 \\u0645\\u0627 \\u0623\\u0631\\u0627\\u062f \\u0623\\u0646 \\u064a\\u0634\\u0639\\u0631 \\u0628\\u0627\\u0644\\u0633\\u0639\\u0627\\u062f\\u0629 \\u0627\\u0644\\u062a\\u064a \\u0644\\u0627 \\u062a\\u0634\\u0648\\u0628\\u0647\\u0627 \\u0639\\u0648\\u0627\\u0642\\u0628 \\u0623\\u0644\\u064a\\u0645\\u0629 \\u0623\\u0648 \\u0622\\u062e\\u0631 \\u0623\\u0631\\u0627\\u062f \\u0623\\u0646 \\u064a\\u062a\\u062c\\u0646\\u0628 \\u0627\\u0644\\u0623\\u0644\\u0645 \\u0627\\u0644\\u0630\\u064a \\u0631\\u0628\\u0645\\u0627 \\u062a\\u0646\\u062c\\u0645 \\u0639\\u0646\\u0647 \\u0628\\u0639\\u0636 \\u0627\\u0644\\u0645\\u062a\\u0639\\u0629 \\u061f&nbsp;<br>\\u0639\\u0644\\u064a \\u0627\\u0644\\u062c\\u0627\\u0646\\u0628 \\u0627\\u0644\\u0622\\u062e\\u0631 \\u0646\\u0634\\u062c\\u0628 \\u0648\\u0646\\u0633\\u062a\\u0646\\u0643\\u0631 \\u0647\\u0624\\u0644\\u0627\\u0621 \\u0627\\u0644\\u0631\\u062c\\u0627\\u0644 \\u0627\\u0644\\u0645\\u0641\\u062a\\u0648\\u0646\\u0648\\u0646 \\u0628\\u0646\\u0634\\u0648\\u0629 \\u0627\\u0644\\u0644\\u062d\\u0638\\u0629 \\u0627\\u0644\\u0647\\u0627\\u0626\\u0645\\u0648\\u0646 \\u0641\\u064a \\u0631\\u063a\\u0628\\u0627\\u062a\\u0647\\u0645 \\u0641\\u0644\\u0627 \\u064a\\u062f\\u0631\\u0643\\u0648\\u0646 \\u0645\\u0627 \\u064a\\u0639\\u0642\\u0628\\u0647\\u0627 \\u0645\\u0646 \\u0627\\u0644\\u0623\\u0644\\u0645 \\u0648\\u0627\\u0644\\u0623\\u0633\\u064a \\u0627\\u0644\\u0645\\u062d\\u062a\\u0645\\u060c \\u0648\\u0627\\u0644\\u0644\\u0648\\u0645 \\u0643\\u0630\\u0644\\u0643 \\u064a\\u0634\\u0645\\u0644 \\u0647\\u0624\\u0644\\u0627\\u0621 \\u0627\\u0644\\u0630\\u064a\\u0646 \\u0623\\u062e\\u0641\\u0642\\u0648\\u0627 \\u0641\\u064a \\u0648\\u0627\\u062c\\u0628\\u0627\\u062a\\u0647\\u0645 \\u0646\\u062a\\u064a\\u062c\\u0629 \\u0644\\u0636\\u0639\\u0641 \\u0625\\u0631\\u0627\\u062f\\u062a\\u0647\\u0645 \\u0641\\u064a\\u062a\\u0633\\u0627\\u0648\\u064a \\u0645\\u0639 \\u0647\\u0624\\u0644\\u0627\\u0621 \\u0627\\u0644\\u0630\\u064a\\u0646 \\u064a\\u062a\\u062c\\u0646\\u0628\\u0648\\u0646 \\u0648\\u064a\\u0646\\u0623\\u0648\\u0646 \\u0639\\u0646 \\u062a\\u062d\\u0645\\u0644 \\u0627\\u0644\\u0643\\u062f\\u062d \\u0648\\u0627\\u0644\\u0623\\u0644\\u0645 .<\\/p>\",\"en\":\"<p><strong>Lorem Ipsum<\\/strong> is simply dummy text of the printing and typesetting industry. Lorem Ipsum has been the industry\'s standard dummy text ever since the 1500s, when an unknown printer took a galley of type and scrambled it to make a type specimen book. It has survived not only five centuries, but also the leap into electronic typesetting, remaining essentially unchanged. It was popularised in the 1960s with the release of Letraset sheets containing Lorem Ipsum passages, and more recently with desktop publishing software like Aldus PageMaker including versions of Lorem Ipsum.<\\/p>\"}', 2, 'Fresh', 1, 119.000000, 'LuxuryMenWatch151', 200, 0, '2022-08-19T14:52:00.000Z', '0.1', 2, 1, 3, 12, 3, 0, 0, 'luxury-men-watch-fashion-elegant-mens-sport-digital-analog-watches-luxurymenwatch151', NULL, 10, 1, '2021-07-08 17:54:51', '2021-07-09 14:50:45'),
(49, 6, '{\"en\":\"35 Color Professional Makeup\",\"ar\":\"35 \\u0644\\u0648\\u0646 \\u0645\\u0643\\u064a\\u0627\\u062c \\u0627\\u062d\\u062a\\u0631\\u0627\\u0641\\u064a\"}', '{\"ar\":\"<p><strong>Lorem Ipsum<\\/strong> is simply dummy text of the printing and typesetting industry. Lorem Ipsum has been the industry\'s standard dummy text ever since the 1500s<\\/p>\",\"en\":\"<p><strong>Lorem Ipsum<\\/strong> is simply dummy text of the printing and typesetting industry. Lorem Ipsum has been the industry\'s standard dummy text ever since the 1500s<\\/p>\"}', '{\"ar\":\"<p><strong>Lorem Ipsum<\\/strong> is simply dummy text of the printing and typesetting industry. Lorem Ipsum has been the industry\'s standard dummy text ever since the 1500s<\\/p>\",\"en\":\"<p><strong>Lorem Ipsum<\\/strong> is simply dummy text of the printing and typesetting industry. Lorem Ipsum has been the industry\'s standard dummy text ever since the 1500s<\\/p>\"}', '{\"ar\":\"<p><strong>Lorem Ipsum<\\/strong> is simply dummy text of the printing and typesetting industry. Lorem Ipsum has been the industry\'s standard dummy text ever since the 1500s<\\/p>\",\"en\":\"<p><strong>Lorem Ipsum<\\/strong> is simply dummy text of the printing and typesetting industry. Lorem Ipsum has been the industry\'s standard dummy text ever since the 1500s<\\/p>\"}', 1, '111', 1, 160.000000, '1090', 100, 0, '2021-07-08T14:53:00.000Z', '0.500', 2, 1, 7, 31, 3, 0, 0, '35-color-professional-makeup-1090', NULL, 5, 1, '2021-07-08 17:55:25', '2021-07-08 17:55:25'),
(50, 4, '{\"en\":\"Rino4\",\"ar\":\"\\u0631\\u064a\\u0646\\u0648 4\"}', '{\"en\":\"<p>Lorem Ipsum is simply dummy text of the printing and typesetting industry. Lorem Ipsum has been the industry\'s standard dummy text ever since the 1500s, when an unknown printer took a galley o Lorem Ipsum is simply dummy text of the printing and typesetting industry. Lorem Ipsum has been the industry\'s standard dummy text ever since the 1500s, when an unknown printer took a galley&nbsp;<\\/p>\",\"ar\":\"<p>\\u0644\\u0648\\u0631\\u064a\\u0645 \\u0625\\u064a\\u0628\\u0633\\u0648\\u0645 \\u0647\\u0648 \\u0628\\u0628\\u0633\\u0627\\u0637\\u0629 \\u0646\\u0635 \\u0634\\u0643\\u0644\\u064a \\u064a\\u0633\\u062a\\u062e\\u062f\\u0645 \\u0641\\u064a \\u0635\\u0646\\u0627\\u0639\\u0629 \\u0627\\u0644\\u0637\\u0628\\u0627\\u0639\\u0629 \\u0648\\u0627\\u0644\\u062a\\u0646\\u0636\\u064a\\u062f. \\u0643\\u0627\\u0646 \\u0644\\u0648\\u0631\\u064a\\u0645 \\u0625\\u064a\\u0628\\u0633\\u0648\\u0645 \\u0647\\u0648 \\u0627\\u0644\\u0646\\u0635 \\u0627\\u0644\\u0648\\u0647\\u0645\\u064a \\u0627\\u0644\\u0642\\u064a\\u0627\\u0633\\u064a \\u0641\\u064a \\u0627\\u0644\\u0635\\u0646\\u0627\\u0639\\u0629 \\u0645\\u0646\\u0630 \\u0627\\u0644\\u0642\\u0631\\u0646 \\u0627\\u0644\\u062e\\u0627\\u0645\\u0633 \\u0639\\u0634\\u0631 \\u0627\\u0644\\u0645\\u064a\\u0644\\u0627\\u062f\\u064a \\u060c \\u0639\\u0646\\u062f\\u0645\\u0627 \\u0623\\u062e\\u0630\\u062a \\u0637\\u0627\\u0628\\u0639\\u0629 \\u063a\\u064a\\u0631 \\u0645\\u0639\\u0631\\u0648\\u0641\\u0629 \\u0644\\u0648\\u062d\\u064b\\u0627 \\u060c \\u0623\\u0648 \\u0644\\u0648\\u0631\\u064a\\u0645 \\u0625\\u064a\\u0628\\u0633\\u0648\\u0645 \\u0647\\u0648 \\u0628\\u0628\\u0633\\u0627\\u0637\\u0629 \\u0646\\u0635 \\u0634\\u0643\\u0644\\u064a \\u0641\\u064a \\u0635\\u0646\\u0627\\u0639\\u0629 \\u0627\\u0644\\u0637\\u0628\\u0627\\u0639\\u0629 \\u0648\\u0627\\u0644\\u062a\\u0646\\u0636\\u064a\\u062f. \\u0643\\u0627\\u0646 Lorem Ipsum \\u0647\\u0648 \\u0627\\u0644\\u0646\\u0635 \\u0627\\u0644\\u0648\\u0647\\u0645\\u064a \\u0627\\u0644\\u0642\\u064a\\u0627\\u0633\\u064a \\u0641\\u064a \\u0627\\u0644\\u0635\\u0646\\u0627\\u0639\\u0629 \\u0645\\u0646\\u0630 \\u0627\\u0644\\u0642\\u0631\\u0646 \\u0627\\u0644\\u062e\\u0627\\u0645\\u0633 \\u0639\\u0634\\u0631 \\u0627\\u0644\\u0645\\u064a\\u0644\\u0627\\u062f\\u064a \\u060c \\u0639\\u0646\\u062f\\u0645\\u0627 \\u0623\\u062e\\u0630\\u062a \\u0637\\u0627\\u0628\\u0639\\u0629 \\u063a\\u064a\\u0631 \\u0645\\u0639\\u0631\\u0648\\u0641\\u0629 \\u0644\\u0648\\u062d\\u064b\\u0627<\\/p>\"}', '{\"en\":\"<p>Lorem Ipsum is simply dummy text of the printing and typesetting industry. Lorem Ipsum has been the industry\'s standard dummy text ever since the 1500s, when an unknown printer took a galley o Lorem Ipsum is simply dummy text of the printing and typesetting industry. Lorem Ipsum has been the industry\'s standard dummy text ever since the 1500s, when an unknown printer took a galley&nbsp;<\\/p>\",\"ar\":\"<p>\\u0644\\u0648\\u0631\\u064a\\u0645 \\u0625\\u064a\\u0628\\u0633\\u0648\\u0645 \\u0647\\u0648 \\u0628\\u0628\\u0633\\u0627\\u0637\\u0629 \\u0646\\u0635 \\u0634\\u0643\\u0644\\u064a \\u064a\\u0633\\u062a\\u062e\\u062f\\u0645 \\u0641\\u064a \\u0635\\u0646\\u0627\\u0639\\u0629 \\u0627\\u0644\\u0637\\u0628\\u0627\\u0639\\u0629 \\u0648\\u0627\\u0644\\u062a\\u0646\\u0636\\u064a\\u062f. \\u0643\\u0627\\u0646 \\u0644\\u0648\\u0631\\u064a\\u0645 \\u0625\\u064a\\u0628\\u0633\\u0648\\u0645 \\u0647\\u0648 \\u0627\\u0644\\u0646\\u0635 \\u0627\\u0644\\u0648\\u0647\\u0645\\u064a \\u0627\\u0644\\u0642\\u064a\\u0627\\u0633\\u064a \\u0641\\u064a \\u0627\\u0644\\u0635\\u0646\\u0627\\u0639\\u0629 \\u0645\\u0646\\u0630 \\u0627\\u0644\\u0642\\u0631\\u0646 \\u0627\\u0644\\u062e\\u0627\\u0645\\u0633 \\u0639\\u0634\\u0631 \\u0627\\u0644\\u0645\\u064a\\u0644\\u0627\\u062f\\u064a \\u060c \\u0639\\u0646\\u062f\\u0645\\u0627 \\u0623\\u062e\\u0630\\u062a \\u0637\\u0627\\u0628\\u0639\\u0629 \\u063a\\u064a\\u0631 \\u0645\\u0639\\u0631\\u0648\\u0641\\u0629 \\u0644\\u0648\\u062d\\u064b\\u0627 \\u060c \\u0623\\u0648 \\u0644\\u0648\\u0631\\u064a\\u0645 \\u0625\\u064a\\u0628\\u0633\\u0648\\u0645 \\u0647\\u0648 \\u0628\\u0628\\u0633\\u0627\\u0637\\u0629 \\u0646\\u0635 \\u0634\\u0643\\u0644\\u064a \\u0641\\u064a \\u0635\\u0646\\u0627\\u0639\\u0629 \\u0627\\u0644\\u0637\\u0628\\u0627\\u0639\\u0629 \\u0648\\u0627\\u0644\\u062a\\u0646\\u0636\\u064a\\u062f. \\u0643\\u0627\\u0646 Lorem Ipsum \\u0647\\u0648 \\u0627\\u0644\\u0646\\u0635 \\u0627\\u0644\\u0648\\u0647\\u0645\\u064a \\u0627\\u0644\\u0642\\u064a\\u0627\\u0633\\u064a \\u0641\\u064a \\u0627\\u0644\\u0635\\u0646\\u0627\\u0639\\u0629 \\u0645\\u0646\\u0630 \\u0627\\u0644\\u0642\\u0631\\u0646 \\u0627\\u0644\\u062e\\u0627\\u0645\\u0633 \\u0639\\u0634\\u0631 \\u0627\\u0644\\u0645\\u064a\\u0644\\u0627\\u062f\\u064a \\u060c \\u0639\\u0646\\u062f\\u0645\\u0627 \\u0623\\u062e\\u0630\\u062a \\u0637\\u0627\\u0628\\u0639\\u0629 \\u063a\\u064a\\u0631 \\u0645\\u0639\\u0631\\u0648\\u0641\\u0629 \\u0644\\u0648\\u062d\\u064b\\u0627<\\/p>\"}', '{\"en\":\"<p>Lorem Ipsum is simply dummy text of the printing and typesetting industry. Lorem Ipsum has been the industry\'s standard dummy text ever since the 1500s, when an unknown printer took a galley o Lorem Ipsum is simply dummy text of the printing and typesetting industry. Lorem Ipsum has been the industry\'s standard dummy text ever since the 1500s, when an unknown printer took a galley&nbsp;<\\/p>\",\"ar\":\"<p>\\u0644\\u0648\\u0631\\u064a\\u0645 \\u0625\\u064a\\u0628\\u0633\\u0648\\u0645 \\u0647\\u0648 \\u0628\\u0628\\u0633\\u0627\\u0637\\u0629 \\u0646\\u0635 \\u0634\\u0643\\u0644\\u064a \\u064a\\u0633\\u062a\\u062e\\u062f\\u0645 \\u0641\\u064a \\u0635\\u0646\\u0627\\u0639\\u0629 \\u0627\\u0644\\u0637\\u0628\\u0627\\u0639\\u0629 \\u0648\\u0627\\u0644\\u062a\\u0646\\u0636\\u064a\\u062f. \\u0643\\u0627\\u0646 \\u0644\\u0648\\u0631\\u064a\\u0645 \\u0625\\u064a\\u0628\\u0633\\u0648\\u0645 \\u0647\\u0648 \\u0627\\u0644\\u0646\\u0635 \\u0627\\u0644\\u0648\\u0647\\u0645\\u064a \\u0627\\u0644\\u0642\\u064a\\u0627\\u0633\\u064a \\u0641\\u064a \\u0627\\u0644\\u0635\\u0646\\u0627\\u0639\\u0629 \\u0645\\u0646\\u0630 \\u0627\\u0644\\u0642\\u0631\\u0646 \\u0627\\u0644\\u062e\\u0627\\u0645\\u0633 \\u0639\\u0634\\u0631 \\u0627\\u0644\\u0645\\u064a\\u0644\\u0627\\u062f\\u064a \\u060c \\u0639\\u0646\\u062f\\u0645\\u0627 \\u0623\\u062e\\u0630\\u062a \\u0637\\u0627\\u0628\\u0639\\u0629 \\u063a\\u064a\\u0631 \\u0645\\u0639\\u0631\\u0648\\u0641\\u0629 \\u0644\\u0648\\u062d\\u064b\\u0627 \\u060c \\u0623\\u0648 \\u0644\\u0648\\u0631\\u064a\\u0645 \\u0625\\u064a\\u0628\\u0633\\u0648\\u0645 \\u0647\\u0648 \\u0628\\u0628\\u0633\\u0627\\u0637\\u0629 \\u0646\\u0635 \\u0634\\u0643\\u0644\\u064a \\u0641\\u064a \\u0635\\u0646\\u0627\\u0639\\u0629 \\u0627\\u0644\\u0637\\u0628\\u0627\\u0639\\u0629 \\u0648\\u0627\\u0644\\u062a\\u0646\\u0636\\u064a\\u062f. \\u0643\\u0627\\u0646 Lorem Ipsum \\u0647\\u0648 \\u0627\\u0644\\u0646\\u0635 \\u0627\\u0644\\u0648\\u0647\\u0645\\u064a \\u0627\\u0644\\u0642\\u064a\\u0627\\u0633\\u064a \\u0641\\u064a \\u0627\\u0644\\u0635\\u0646\\u0627\\u0639\\u0629 \\u0645\\u0646\\u0630 \\u0627\\u0644\\u0642\\u0631\\u0646 \\u0627\\u0644\\u062e\\u0627\\u0645\\u0633 \\u0639\\u0634\\u0631 \\u0627\\u0644\\u0645\\u064a\\u0644\\u0627\\u062f\\u064a \\u060c \\u0639\\u0646\\u062f\\u0645\\u0627 \\u0623\\u062e\\u0630\\u062a \\u0637\\u0627\\u0628\\u0639\\u0629 \\u063a\\u064a\\u0631 \\u0645\\u0639\\u0631\\u0648\\u0641\\u0629 \\u0644\\u0648\\u062d\\u064b\\u0627<\\/p>\"}', 1, '2021', 1, 260.000000, '207', 207, 0, '2021-07-09T12:22:00.000Z', '0.2', 2, 1, 4, 29, 2, 0, 0, 'rino4-207', NULL, 5, 1, '2021-07-08 17:59:26', '2021-07-09 15:23:55');
INSERT INTO `products` (`id`, `vendor_id`, `name`, `description`, `short_description`, `refund_policy`, `product_type`, `modal`, `is_feature`, `price`, `sku`, `stock`, `quantity`, `available_date`, `weight`, `unit_id`, `is_active`, `manufacturer_id`, `brand_id`, `tax_class_id`, `product_ordered`, `product_liked`, `slug`, `external_link`, `max_order`, `min_order`, `created_at`, `updated_at`) VALUES
(51, 3, '{\"en\":\"Relojes Inteligentes Smartwatch Sport Ip68 Waterproof\",\"ar\":\"\\u0645\\u0642\\u0627\\u0648\\u0645 \\u0644\\u0644\\u0645\\u0627\\u0621\"}', '{\"ar\":\"<p>\\u0644\\u0643\\u0646 \\u0644\\u0627 \\u0628\\u062f \\u0623\\u0646 \\u0623\\u0648\\u0636\\u062d \\u0644\\u0643 \\u0623\\u0646 \\u0643\\u0644 \\u0647\\u0630\\u0647 \\u0627\\u0644\\u0623\\u0641\\u0643\\u0627\\u0631 \\u0627\\u0644\\u0645\\u063a\\u0644\\u0648\\u0637\\u0629 \\u062d\\u0648\\u0644 \\u0627\\u0633\\u062a\\u0646\\u0643\\u0627\\u0631 &nbsp;\\u0627\\u0644\\u0646\\u0634\\u0648\\u0629 \\u0648\\u062a\\u0645\\u062c\\u064a\\u062f \\u0627\\u0644\\u0623\\u0644\\u0645 \\u0646\\u0634\\u0623\\u062a \\u0628\\u0627\\u0644\\u0641\\u0639\\u0644\\u060c \\u0648\\u0633\\u0623\\u0639\\u0631\\u0636 \\u0644\\u0643 \\u0627\\u0644\\u062a\\u0641\\u0627\\u0635\\u064a\\u0644 \\u0644\\u062a\\u0643\\u062a\\u0634\\u0641 \\u062d\\u0642\\u064a\\u0642\\u0629 \\u0648\\u0623\\u0633\\u0627\\u0633 \\u062a\\u0644\\u0643 \\u0627\\u0644\\u0633\\u0639\\u0627\\u062f\\u0629 \\u0627\\u0644\\u0628\\u0634\\u0631\\u064a\\u0629\\u060c \\u0641\\u0644\\u0627 \\u0623\\u062d\\u062f \\u064a\\u0631\\u0641\\u0636 \\u0623\\u0648 \\u064a\\u0643\\u0631\\u0647 \\u0623\\u0648 \\u064a\\u062a\\u062c\\u0646\\u0628 \\u0627\\u0644\\u0634\\u0639\\u0648\\u0631 \\u0628\\u0627\\u0644\\u0633\\u0639\\u0627\\u062f\\u0629\\u060c \\u0648\\u0644\\u0643\\u0646 \\u0628\\u0641\\u0636\\u0644 \\u0647\\u0624\\u0644\\u0627\\u0621 \\u0627\\u0644\\u0623\\u0634\\u062e\\u0627\\u0635 \\u0627\\u0644\\u0630\\u064a\\u0646 \\u0644\\u0627 \\u064a\\u062f\\u0631\\u0643\\u0648\\u0646 \\u0628\\u0623\\u0646 \\u0627\\u0644\\u0633\\u0639\\u0627\\u062f\\u0629 \\u0644\\u0627 \\u0628\\u062f \\u0623\\u0646 \\u0646\\u0633\\u062a\\u0634\\u0639\\u0631\\u0647\\u0627 \\u0628\\u0635\\u0648\\u0631\\u0629 \\u0623\\u0643\\u062b\\u0631 \\u0639\\u0642\\u0644\\u0627\\u0646\\u064a\\u0629 \\u0648\\u0645\\u0646\\u0637\\u0642\\u064a\\u0629 \\u0641\\u064a\\u0639\\u0631\\u0636\\u0647\\u0645 \\u0647\\u0630\\u0627 \\u0644\\u0645\\u0648\\u0627\\u062c\\u0647\\u0629 \\u0627\\u0644\\u0638\\u0631\\u0648\\u0641 \\u0627\\u0644\\u0623\\u0644\\u064a\\u0645\\u0629\\u060c \\u0648\\u0623\\u0643\\u0631\\u0631 \\u0628\\u0623\\u0646\\u0647 \\u0644\\u0627 \\u064a\\u0648\\u062c\\u062f \\u0645\\u0646 \\u064a\\u0631\\u063a\\u0628 \\u0641\\u064a \\u0627\\u0644\\u062d\\u0628 \\u0648\\u0646\\u064a\\u0644 \\u0627\\u0644\\u0645\\u0646\\u0627\\u0644 \\u0648\\u064a\\u062a\\u0644\\u0630\\u0630 \\u0628\\u0627\\u0644\\u0622\\u0644\\u0627\\u0645\\u060c \\u0627\\u0644\\u0623\\u0644\\u0645 \\u0647\\u0648 \\u0627\\u0644\\u0623\\u0644\\u0645 \\u0648\\u0644\\u0643\\u0646 \\u0646\\u062a\\u064a\\u062c\\u0629 \\u0644\\u0638\\u0631\\u0648\\u0641 \\u0645\\u0627 \\u0642\\u062f \\u062a\\u0643\\u0645\\u0646 \\u0627\\u0644\\u0633\\u0639\\u0627\\u062f\\u0647 \\u0641\\u064a\\u0645\\u0627 \\u0646\\u062a\\u062d\\u0645\\u0644\\u0647 \\u0645\\u0646 \\u0643\\u062f \\u0648\\u0623\\u0633\\u064a.<\\/p><p>\\u0648 \\u0633\\u0623\\u0639\\u0631\\u0636 \\u0645\\u062b\\u0627\\u0644 \\u062d\\u064a \\u0644\\u0647\\u0630\\u0627\\u060c \\u0645\\u0646 \\u0645\\u0646\\u0627 \\u0644\\u0645 \\u064a\\u062a\\u062d\\u0645\\u0644 \\u062c\\u0647\\u062f \\u0628\\u062f\\u0646\\u064a \\u0634\\u0627\\u0642 \\u0625\\u0644\\u0627 \\u0645\\u0646 \\u0623\\u062c\\u0644 \\u0627\\u0644\\u062d\\u0635\\u0648\\u0644 \\u0639\\u0644\\u0649 \\u0645\\u064a\\u0632\\u0629 \\u0623\\u0648 \\u0641\\u0627\\u0626\\u062f\\u0629\\u061f \\u0648\\u0644\\u0643\\u0646 \\u0645\\u0646 \\u0644\\u062f\\u064a\\u0647 \\u0627\\u0644\\u062d\\u0642 \\u0623\\u0646 \\u064a\\u0646\\u062a\\u0642\\u062f \\u0634\\u062e\\u0635 \\u0645\\u0627 \\u0623\\u0631\\u0627\\u062f \\u0623\\u0646 \\u064a\\u0634\\u0639\\u0631 \\u0628\\u0627\\u0644\\u0633\\u0639\\u0627\\u062f\\u0629 \\u0627\\u0644\\u062a\\u064a \\u0644\\u0627 \\u062a\\u0634\\u0648\\u0628\\u0647\\u0627 \\u0639\\u0648\\u0627\\u0642\\u0628 \\u0623\\u0644\\u064a\\u0645\\u0629 \\u0623\\u0648 \\u0622\\u062e\\u0631 \\u0623\\u0631\\u0627\\u062f \\u0623\\u0646 \\u064a\\u062a\\u062c\\u0646\\u0628 \\u0627\\u0644\\u0623\\u0644\\u0645 \\u0627\\u0644\\u0630\\u064a \\u0631\\u0628\\u0645\\u0627 \\u062a\\u0646\\u062c\\u0645 \\u0639\\u0646\\u0647 \\u0628\\u0639\\u0636 \\u0627\\u0644\\u0645\\u062a\\u0639\\u0629 \\u061f&nbsp;<br>\\u0639\\u0644\\u064a \\u0627\\u0644\\u062c\\u0627\\u0646\\u0628 \\u0627\\u0644\\u0622\\u062e\\u0631 \\u0646\\u0634\\u062c\\u0628 \\u0648\\u0646\\u0633\\u062a\\u0646\\u0643\\u0631 \\u0647\\u0624\\u0644\\u0627\\u0621 \\u0627\\u0644\\u0631\\u062c\\u0627\\u0644 \\u0627\\u0644\\u0645\\u0641\\u062a\\u0648\\u0646\\u0648\\u0646 \\u0628\\u0646\\u0634\\u0648\\u0629 \\u0627\\u0644\\u0644\\u062d\\u0638\\u0629 \\u0627\\u0644\\u0647\\u0627\\u0626\\u0645\\u0648\\u0646 \\u0641\\u064a \\u0631\\u063a\\u0628\\u0627\\u062a\\u0647\\u0645 \\u0641\\u0644\\u0627 \\u064a\\u062f\\u0631\\u0643\\u0648\\u0646 \\u0645\\u0627 \\u064a\\u0639\\u0642\\u0628\\u0647\\u0627 \\u0645\\u0646 \\u0627\\u0644\\u0623\\u0644\\u0645 \\u0648\\u0627\\u0644\\u0623\\u0633\\u064a \\u0627\\u0644\\u0645\\u062d\\u062a\\u0645\\u060c \\u0648\\u0627\\u0644\\u0644\\u0648\\u0645 \\u0643\\u0630\\u0644\\u0643 \\u064a\\u0634\\u0645\\u0644 \\u0647\\u0624\\u0644\\u0627\\u0621 \\u0627\\u0644\\u0630\\u064a\\u0646 \\u0623\\u062e\\u0641\\u0642\\u0648\\u0627 \\u0641\\u064a \\u0648\\u0627\\u062c\\u0628\\u0627\\u062a\\u0647\\u0645 \\u0646\\u062a\\u064a\\u062c\\u0629 \\u0644\\u0636\\u0639\\u0641 \\u0625\\u0631\\u0627\\u062f\\u062a\\u0647\\u0645 \\u0641\\u064a\\u062a\\u0633\\u0627\\u0648\\u064a \\u0645\\u0639 \\u0647\\u0624\\u0644\\u0627\\u0621 \\u0627\\u0644\\u0630\\u064a\\u0646 \\u064a\\u062a\\u062c\\u0646\\u0628\\u0648\\u0646 \\u0648\\u064a\\u0646\\u0623\\u0648\\u0646 \\u0639\\u0646 \\u062a\\u062d\\u0645\\u0644 \\u0627\\u0644\\u0643\\u062f\\u062d \\u0648\\u0627\\u0644\\u0623\\u0644\\u0645 .<\\/p>\",\"en\":\"<p><strong>Lorem Ipsum<\\/strong> is simply dummy text of the printing and typesetting industry. Lorem Ipsum has been the industry\'s standard dummy text ever since the 1500s, when an unknown printer took a galley of type and scrambled it to make a type specimen book. It has survived not only five centuries, but also the leap into electronic typesetting, remaining essentially unchanged. It was popularised in the 1960s with the release of Letraset sheets containing Lorem Ipsum passages, and more recently with desktop publishing software like Aldus PageMaker including versions of Lorem Ipsum.<\\/p>\"}', '{\"ar\":\"<p>\\u0644\\u0643\\u0646 \\u0644\\u0627 \\u0628\\u062f \\u0623\\u0646 \\u0623\\u0648\\u0636\\u062d \\u0644\\u0643 \\u0623\\u0646 \\u0643\\u0644 \\u0647\\u0630\\u0647 \\u0627\\u0644\\u0623\\u0641\\u0643\\u0627\\u0631 \\u0627\\u0644\\u0645\\u063a\\u0644\\u0648\\u0637\\u0629 \\u062d\\u0648\\u0644 \\u0627\\u0633\\u062a\\u0646\\u0643\\u0627\\u0631 &nbsp;\\u0627\\u0644\\u0646\\u0634\\u0648\\u0629 \\u0648\\u062a\\u0645\\u062c\\u064a\\u062f \\u0627\\u0644\\u0623\\u0644\\u0645 \\u0646\\u0634\\u0623\\u062a \\u0628\\u0627\\u0644\\u0641\\u0639\\u0644\\u060c \\u0648\\u0633\\u0623\\u0639\\u0631\\u0636 \\u0644\\u0643 \\u0627\\u0644\\u062a\\u0641\\u0627\\u0635\\u064a\\u0644 \\u0644\\u062a\\u0643\\u062a\\u0634\\u0641 \\u062d\\u0642\\u064a\\u0642\\u0629 \\u0648\\u0623\\u0633\\u0627\\u0633 \\u062a\\u0644\\u0643 \\u0627\\u0644\\u0633\\u0639\\u0627\\u062f\\u0629 \\u0627\\u0644\\u0628\\u0634\\u0631\\u064a\\u0629\\u060c \\u0641\\u0644\\u0627 \\u0623\\u062d\\u062f \\u064a\\u0631\\u0641\\u0636 \\u0623\\u0648 \\u064a\\u0643\\u0631\\u0647 \\u0623\\u0648 \\u064a\\u062a\\u062c\\u0646\\u0628 \\u0627\\u0644\\u0634\\u0639\\u0648\\u0631 \\u0628\\u0627\\u0644\\u0633\\u0639\\u0627\\u062f\\u0629\\u060c \\u0648\\u0644\\u0643\\u0646 \\u0628\\u0641\\u0636\\u0644 \\u0647\\u0624\\u0644\\u0627\\u0621 \\u0627\\u0644\\u0623\\u0634\\u062e\\u0627\\u0635 \\u0627\\u0644\\u0630\\u064a\\u0646 \\u0644\\u0627 \\u064a\\u062f\\u0631\\u0643\\u0648\\u0646 \\u0628\\u0623\\u0646 \\u0627\\u0644\\u0633\\u0639\\u0627\\u062f\\u0629 \\u0644\\u0627 \\u0628\\u062f \\u0623\\u0646 \\u0646\\u0633\\u062a\\u0634\\u0639\\u0631\\u0647\\u0627 \\u0628\\u0635\\u0648\\u0631\\u0629 \\u0623\\u0643\\u062b\\u0631 \\u0639\\u0642\\u0644\\u0627\\u0646\\u064a\\u0629 \\u0648\\u0645\\u0646\\u0637\\u0642\\u064a\\u0629 \\u0641\\u064a\\u0639\\u0631\\u0636\\u0647\\u0645 \\u0647\\u0630\\u0627 \\u0644\\u0645\\u0648\\u0627\\u062c\\u0647\\u0629 \\u0627\\u0644\\u0638\\u0631\\u0648\\u0641 \\u0627\\u0644\\u0623\\u0644\\u064a\\u0645\\u0629\\u060c \\u0648\\u0623\\u0643\\u0631\\u0631 \\u0628\\u0623\\u0646\\u0647 \\u0644\\u0627 \\u064a\\u0648\\u062c\\u062f \\u0645\\u0646 \\u064a\\u0631\\u063a\\u0628 \\u0641\\u064a \\u0627\\u0644\\u062d\\u0628 \\u0648\\u0646\\u064a\\u0644 \\u0627\\u0644\\u0645\\u0646\\u0627\\u0644 \\u0648\\u064a\\u062a\\u0644\\u0630\\u0630 \\u0628\\u0627\\u0644\\u0622\\u0644\\u0627\\u0645\\u060c \\u0627\\u0644\\u0623\\u0644\\u0645 \\u0647\\u0648 \\u0627\\u0644\\u0623\\u0644\\u0645 \\u0648\\u0644\\u0643\\u0646 \\u0646\\u062a\\u064a\\u062c\\u0629 \\u0644\\u0638\\u0631\\u0648\\u0641 \\u0645\\u0627 \\u0642\\u062f \\u062a\\u0643\\u0645\\u0646 \\u0627\\u0644\\u0633\\u0639\\u0627\\u062f\\u0647 \\u0641\\u064a\\u0645\\u0627 \\u0646\\u062a\\u062d\\u0645\\u0644\\u0647 \\u0645\\u0646 \\u0643\\u062f \\u0648\\u0623\\u0633\\u064a.<\\/p><p>\\u0648 \\u0633\\u0623\\u0639\\u0631\\u0636 \\u0645\\u062b\\u0627\\u0644 \\u062d\\u064a \\u0644\\u0647\\u0630\\u0627\\u060c \\u0645\\u0646 \\u0645\\u0646\\u0627 \\u0644\\u0645 \\u064a\\u062a\\u062d\\u0645\\u0644 \\u062c\\u0647\\u062f \\u0628\\u062f\\u0646\\u064a \\u0634\\u0627\\u0642 \\u0625\\u0644\\u0627 \\u0645\\u0646 \\u0623\\u062c\\u0644 \\u0627\\u0644\\u062d\\u0635\\u0648\\u0644 \\u0639\\u0644\\u0649 \\u0645\\u064a\\u0632\\u0629 \\u0623\\u0648 \\u0641\\u0627\\u0626\\u062f\\u0629\\u061f \\u0648\\u0644\\u0643\\u0646 \\u0645\\u0646 \\u0644\\u062f\\u064a\\u0647 \\u0627\\u0644\\u062d\\u0642 \\u0623\\u0646 \\u064a\\u0646\\u062a\\u0642\\u062f \\u0634\\u062e\\u0635 \\u0645\\u0627 \\u0623\\u0631\\u0627\\u062f \\u0623\\u0646 \\u064a\\u0634\\u0639\\u0631 \\u0628\\u0627\\u0644\\u0633\\u0639\\u0627\\u062f\\u0629 \\u0627\\u0644\\u062a\\u064a \\u0644\\u0627 \\u062a\\u0634\\u0648\\u0628\\u0647\\u0627 \\u0639\\u0648\\u0627\\u0642\\u0628 \\u0623\\u0644\\u064a\\u0645\\u0629 \\u0623\\u0648 \\u0622\\u062e\\u0631 \\u0623\\u0631\\u0627\\u062f \\u0623\\u0646 \\u064a\\u062a\\u062c\\u0646\\u0628 \\u0627\\u0644\\u0623\\u0644\\u0645 \\u0627\\u0644\\u0630\\u064a \\u0631\\u0628\\u0645\\u0627 \\u062a\\u0646\\u062c\\u0645 \\u0639\\u0646\\u0647 \\u0628\\u0639\\u0636 \\u0627\\u0644\\u0645\\u062a\\u0639\\u0629 \\u061f&nbsp;<br>\\u0639\\u0644\\u064a \\u0627\\u0644\\u062c\\u0627\\u0646\\u0628 \\u0627\\u0644\\u0622\\u062e\\u0631 \\u0646\\u0634\\u062c\\u0628 \\u0648\\u0646\\u0633\\u062a\\u0646\\u0643\\u0631 \\u0647\\u0624\\u0644\\u0627\\u0621 \\u0627\\u0644\\u0631\\u062c\\u0627\\u0644 \\u0627\\u0644\\u0645\\u0641\\u062a\\u0648\\u0646\\u0648\\u0646 \\u0628\\u0646\\u0634\\u0648\\u0629 \\u0627\\u0644\\u0644\\u062d\\u0638\\u0629 \\u0627\\u0644\\u0647\\u0627\\u0626\\u0645\\u0648\\u0646 \\u0641\\u064a \\u0631\\u063a\\u0628\\u0627\\u062a\\u0647\\u0645 \\u0641\\u0644\\u0627 \\u064a\\u062f\\u0631\\u0643\\u0648\\u0646 \\u0645\\u0627 \\u064a\\u0639\\u0642\\u0628\\u0647\\u0627 \\u0645\\u0646 \\u0627\\u0644\\u0623\\u0644\\u0645 \\u0648\\u0627\\u0644\\u0623\\u0633\\u064a \\u0627\\u0644\\u0645\\u062d\\u062a\\u0645\\u060c \\u0648\\u0627\\u0644\\u0644\\u0648\\u0645 \\u0643\\u0630\\u0644\\u0643 \\u064a\\u0634\\u0645\\u0644 \\u0647\\u0624\\u0644\\u0627\\u0621 \\u0627\\u0644\\u0630\\u064a\\u0646 \\u0623\\u062e\\u0641\\u0642\\u0648\\u0627 \\u0641\\u064a \\u0648\\u0627\\u062c\\u0628\\u0627\\u062a\\u0647\\u0645 \\u0646\\u062a\\u064a\\u062c\\u0629 \\u0644\\u0636\\u0639\\u0641 \\u0625\\u0631\\u0627\\u062f\\u062a\\u0647\\u0645 \\u0641\\u064a\\u062a\\u0633\\u0627\\u0648\\u064a \\u0645\\u0639 \\u0647\\u0624\\u0644\\u0627\\u0621 \\u0627\\u0644\\u0630\\u064a\\u0646 \\u064a\\u062a\\u062c\\u0646\\u0628\\u0648\\u0646 \\u0648\\u064a\\u0646\\u0623\\u0648\\u0646 \\u0639\\u0646 \\u062a\\u062d\\u0645\\u0644 \\u0627\\u0644\\u0643\\u062f\\u062d \\u0648\\u0627\\u0644\\u0623\\u0644\\u0645 .<\\/p>\",\"en\":\"<p><strong>Lorem Ipsum<\\/strong> is simply dummy text of the printing and typesetting industry. Lorem Ipsum has been the industry\'s standard dummy text ever since the 1500s, when an unknown printer took a galley of type and scrambled it to make a type specimen book. It has survived not only five centuries, but also the leap into electronic typesetting, remaining essentially unchanged. It was popularised in the 1960s with the release of Letraset sheets containing Lorem Ipsum passages, and more recently with desktop publishing software like Aldus PageMaker including versions of Lorem Ipsum.<\\/p>\"}', '{\"ar\":\"<p>\\u0644\\u0643\\u0646 \\u0644\\u0627 \\u0628\\u062f \\u0623\\u0646 \\u0623\\u0648\\u0636\\u062d \\u0644\\u0643 \\u0623\\u0646 \\u0643\\u0644 \\u0647\\u0630\\u0647 \\u0627\\u0644\\u0623\\u0641\\u0643\\u0627\\u0631 \\u0627\\u0644\\u0645\\u063a\\u0644\\u0648\\u0637\\u0629 \\u062d\\u0648\\u0644 \\u0627\\u0633\\u062a\\u0646\\u0643\\u0627\\u0631 &nbsp;\\u0627\\u0644\\u0646\\u0634\\u0648\\u0629 \\u0648\\u062a\\u0645\\u062c\\u064a\\u062f \\u0627\\u0644\\u0623\\u0644\\u0645 \\u0646\\u0634\\u0623\\u062a \\u0628\\u0627\\u0644\\u0641\\u0639\\u0644\\u060c \\u0648\\u0633\\u0623\\u0639\\u0631\\u0636 \\u0644\\u0643 \\u0627\\u0644\\u062a\\u0641\\u0627\\u0635\\u064a\\u0644 \\u0644\\u062a\\u0643\\u062a\\u0634\\u0641 \\u062d\\u0642\\u064a\\u0642\\u0629 \\u0648\\u0623\\u0633\\u0627\\u0633 \\u062a\\u0644\\u0643 \\u0627\\u0644\\u0633\\u0639\\u0627\\u062f\\u0629 \\u0627\\u0644\\u0628\\u0634\\u0631\\u064a\\u0629\\u060c \\u0641\\u0644\\u0627 \\u0623\\u062d\\u062f \\u064a\\u0631\\u0641\\u0636 \\u0623\\u0648 \\u064a\\u0643\\u0631\\u0647 \\u0623\\u0648 \\u064a\\u062a\\u062c\\u0646\\u0628 \\u0627\\u0644\\u0634\\u0639\\u0648\\u0631 \\u0628\\u0627\\u0644\\u0633\\u0639\\u0627\\u062f\\u0629\\u060c \\u0648\\u0644\\u0643\\u0646 \\u0628\\u0641\\u0636\\u0644 \\u0647\\u0624\\u0644\\u0627\\u0621 \\u0627\\u0644\\u0623\\u0634\\u062e\\u0627\\u0635 \\u0627\\u0644\\u0630\\u064a\\u0646 \\u0644\\u0627 \\u064a\\u062f\\u0631\\u0643\\u0648\\u0646 \\u0628\\u0623\\u0646 \\u0627\\u0644\\u0633\\u0639\\u0627\\u062f\\u0629 \\u0644\\u0627 \\u0628\\u062f \\u0623\\u0646 \\u0646\\u0633\\u062a\\u0634\\u0639\\u0631\\u0647\\u0627 \\u0628\\u0635\\u0648\\u0631\\u0629 \\u0623\\u0643\\u062b\\u0631 \\u0639\\u0642\\u0644\\u0627\\u0646\\u064a\\u0629 \\u0648\\u0645\\u0646\\u0637\\u0642\\u064a\\u0629 \\u0641\\u064a\\u0639\\u0631\\u0636\\u0647\\u0645 \\u0647\\u0630\\u0627 \\u0644\\u0645\\u0648\\u0627\\u062c\\u0647\\u0629 \\u0627\\u0644\\u0638\\u0631\\u0648\\u0641 \\u0627\\u0644\\u0623\\u0644\\u064a\\u0645\\u0629\\u060c \\u0648\\u0623\\u0643\\u0631\\u0631 \\u0628\\u0623\\u0646\\u0647 \\u0644\\u0627 \\u064a\\u0648\\u062c\\u062f \\u0645\\u0646 \\u064a\\u0631\\u063a\\u0628 \\u0641\\u064a \\u0627\\u0644\\u062d\\u0628 \\u0648\\u0646\\u064a\\u0644 \\u0627\\u0644\\u0645\\u0646\\u0627\\u0644 \\u0648\\u064a\\u062a\\u0644\\u0630\\u0630 \\u0628\\u0627\\u0644\\u0622\\u0644\\u0627\\u0645\\u060c \\u0627\\u0644\\u0623\\u0644\\u0645 \\u0647\\u0648 \\u0627\\u0644\\u0623\\u0644\\u0645 \\u0648\\u0644\\u0643\\u0646 \\u0646\\u062a\\u064a\\u062c\\u0629 \\u0644\\u0638\\u0631\\u0648\\u0641 \\u0645\\u0627 \\u0642\\u062f \\u062a\\u0643\\u0645\\u0646 \\u0627\\u0644\\u0633\\u0639\\u0627\\u062f\\u0647 \\u0641\\u064a\\u0645\\u0627 \\u0646\\u062a\\u062d\\u0645\\u0644\\u0647 \\u0645\\u0646 \\u0643\\u062f \\u0648\\u0623\\u0633\\u064a.<\\/p><p>\\u0648 \\u0633\\u0623\\u0639\\u0631\\u0636 \\u0645\\u062b\\u0627\\u0644 \\u062d\\u064a \\u0644\\u0647\\u0630\\u0627\\u060c \\u0645\\u0646 \\u0645\\u0646\\u0627 \\u0644\\u0645 \\u064a\\u062a\\u062d\\u0645\\u0644 \\u062c\\u0647\\u062f \\u0628\\u062f\\u0646\\u064a \\u0634\\u0627\\u0642 \\u0625\\u0644\\u0627 \\u0645\\u0646 \\u0623\\u062c\\u0644 \\u0627\\u0644\\u062d\\u0635\\u0648\\u0644 \\u0639\\u0644\\u0649 \\u0645\\u064a\\u0632\\u0629 \\u0623\\u0648 \\u0641\\u0627\\u0626\\u062f\\u0629\\u061f \\u0648\\u0644\\u0643\\u0646 \\u0645\\u0646 \\u0644\\u062f\\u064a\\u0647 \\u0627\\u0644\\u062d\\u0642 \\u0623\\u0646 \\u064a\\u0646\\u062a\\u0642\\u062f \\u0634\\u062e\\u0635 \\u0645\\u0627 \\u0623\\u0631\\u0627\\u062f \\u0623\\u0646 \\u064a\\u0634\\u0639\\u0631 \\u0628\\u0627\\u0644\\u0633\\u0639\\u0627\\u062f\\u0629 \\u0627\\u0644\\u062a\\u064a \\u0644\\u0627 \\u062a\\u0634\\u0648\\u0628\\u0647\\u0627 \\u0639\\u0648\\u0627\\u0642\\u0628 \\u0623\\u0644\\u064a\\u0645\\u0629 \\u0623\\u0648 \\u0622\\u062e\\u0631 \\u0623\\u0631\\u0627\\u062f \\u0623\\u0646 \\u064a\\u062a\\u062c\\u0646\\u0628 \\u0627\\u0644\\u0623\\u0644\\u0645 \\u0627\\u0644\\u0630\\u064a \\u0631\\u0628\\u0645\\u0627 \\u062a\\u0646\\u062c\\u0645 \\u0639\\u0646\\u0647 \\u0628\\u0639\\u0636 \\u0627\\u0644\\u0645\\u062a\\u0639\\u0629 \\u061f&nbsp;<br>\\u0639\\u0644\\u064a \\u0627\\u0644\\u062c\\u0627\\u0646\\u0628 \\u0627\\u0644\\u0622\\u062e\\u0631 \\u0646\\u0634\\u062c\\u0628 \\u0648\\u0646\\u0633\\u062a\\u0646\\u0643\\u0631 \\u0647\\u0624\\u0644\\u0627\\u0621 \\u0627\\u0644\\u0631\\u062c\\u0627\\u0644 \\u0627\\u0644\\u0645\\u0641\\u062a\\u0648\\u0646\\u0648\\u0646 \\u0628\\u0646\\u0634\\u0648\\u0629 \\u0627\\u0644\\u0644\\u062d\\u0638\\u0629 \\u0627\\u0644\\u0647\\u0627\\u0626\\u0645\\u0648\\u0646 \\u0641\\u064a \\u0631\\u063a\\u0628\\u0627\\u062a\\u0647\\u0645 \\u0641\\u0644\\u0627 \\u064a\\u062f\\u0631\\u0643\\u0648\\u0646 \\u0645\\u0627 \\u064a\\u0639\\u0642\\u0628\\u0647\\u0627 \\u0645\\u0646 \\u0627\\u0644\\u0623\\u0644\\u0645 \\u0648\\u0627\\u0644\\u0623\\u0633\\u064a \\u0627\\u0644\\u0645\\u062d\\u062a\\u0645\\u060c \\u0648\\u0627\\u0644\\u0644\\u0648\\u0645 \\u0643\\u0630\\u0644\\u0643 \\u064a\\u0634\\u0645\\u0644 \\u0647\\u0624\\u0644\\u0627\\u0621 \\u0627\\u0644\\u0630\\u064a\\u0646 \\u0623\\u062e\\u0641\\u0642\\u0648\\u0627 \\u0641\\u064a \\u0648\\u0627\\u062c\\u0628\\u0627\\u062a\\u0647\\u0645 \\u0646\\u062a\\u064a\\u062c\\u0629 \\u0644\\u0636\\u0639\\u0641 \\u0625\\u0631\\u0627\\u062f\\u062a\\u0647\\u0645 \\u0641\\u064a\\u062a\\u0633\\u0627\\u0648\\u064a \\u0645\\u0639 \\u0647\\u0624\\u0644\\u0627\\u0621 \\u0627\\u0644\\u0630\\u064a\\u0646 \\u064a\\u062a\\u062c\\u0646\\u0628\\u0648\\u0646 \\u0648\\u064a\\u0646\\u0623\\u0648\\u0646 \\u0639\\u0646 \\u062a\\u062d\\u0645\\u0644 \\u0627\\u0644\\u0643\\u062f\\u062d \\u0648\\u0627\\u0644\\u0623\\u0644\\u0645 .<\\/p>\",\"en\":\"<p><strong>Lorem Ipsum<\\/strong> is simply dummy text of the printing and typesetting industry. Lorem Ipsum has been the industry\'s standard dummy text ever since the 1500s, when an unknown printer took a galley of type and scrambled it to make a type specimen book. It has survived not only five centuries, but also the leap into electronic typesetting, remaining essentially unchanged. It was popularised in the 1960s with the release of Letraset sheets containing Lorem Ipsum passages, and more recently with desktop publishing software like Aldus PageMaker including versions of Lorem Ipsum.<\\/p>\"}', 1, 'Fresh', 1, 110.000000, 'RelojesInteligentes153', 151, 0, '2021-07-08T15:07:00.000Z', '0.2', 2, 1, 3, 12, 3, 0, 0, 'relojes-inteligentes-smartwatch-sport-ip68-waterproof-relojesinteligentes153', NULL, 10, 1, '2021-07-08 18:07:11', '2021-07-08 18:07:11'),
(52, 6, '{\"en\":\"AmazeFan V Face Beauty Machine Face\",\"ar\":\"\\u062c\\u0647\\u0627\\u0632 \\u062a\\u062c\\u0645\\u064a\\u0644 \\u0627\\u0644\\u0648\\u062c\\u0647 AmazeFan V \\u0644\\u0644\\u0648\\u062c\\u0647\"}', '{\"ar\":\"<p><strong>Lorem Ipsum<\\/strong> is simply dummy text of the printing and typesetting industry. Lorem Ipsum has been the industry\'s standard dummy text ever since the 1500s<\\/p>\",\"en\":\"<p><strong>Lorem Ipsum<\\/strong> is simply dummy text of the printing and typesetting industry. Lorem Ipsum has been the industry\'s standard dummy text ever since the 1500s<\\/p>\"}', '{\"ar\":\"<p><strong>Lorem Ipsum<\\/strong> is simply dummy text of the printing and typesetting industry. Lorem Ipsum has been the industry\'s standard dummy text ever since the 1500s<\\/p>\",\"en\":\"<p><strong>Lorem Ipsum<\\/strong> is simply dummy text of the printing and typesetting industry. Lorem Ipsum has been the industry\'s standard dummy text ever since the 1500s<\\/p>\"}', '{\"ar\":\"<p><strong>Lorem Ipsum<\\/strong> is simply dummy text of the printing and typesetting industry. Lorem Ipsum has been the industry\'s standard dummy text ever since the 1500s<\\/p>\",\"en\":\"<p><strong>Lorem Ipsum<\\/strong> is simply dummy text of the printing and typesetting industry. Lorem Ipsum has been the industry\'s standard dummy text ever since the 1500s<\\/p>\"}', 1, '2324', 1, 120.000000, '10789', 100, 0, '2022-09-25T15:08:00.000Z', '0.500', 2, 1, 7, 31, 3, 0, 0, 'amazefan-v-face-beauty-machine-face-10789', NULL, 5, 1, '2021-07-08 18:08:44', '2021-07-09 14:51:58'),
(53, 4, '{\"en\":\"Xiomi Mi 11\",\"ar\":\"\\u0634\\u0627\\u0648\\u0645\\u064a \\u0645\\u064a 11\"}', '{\"en\":\"<p>Lorem Ipsum is simply dummy text of the printing and typesetting industry. Lorem Ipsum has been the industry\'s standard dummy text ever since the 1500s, when an unknown printer took a galley o Lorem Ipsum is simply dummy text of the printing and typesetting industry. Lorem Ipsum has been the industry\'s standard dummy text ever since the 1500s, when an unknown printer took a galley&nbsp;<\\/p>\",\"ar\":\"<p>\\u0644\\u0648\\u0631\\u064a\\u0645 \\u0625\\u064a\\u0628\\u0633\\u0648\\u0645 \\u0647\\u0648 \\u0628\\u0628\\u0633\\u0627\\u0637\\u0629 \\u0646\\u0635 \\u0634\\u0643\\u0644\\u064a \\u064a\\u0633\\u062a\\u062e\\u062f\\u0645 \\u0641\\u064a \\u0635\\u0646\\u0627\\u0639\\u0629 \\u0627\\u0644\\u0637\\u0628\\u0627\\u0639\\u0629 \\u0648\\u0627\\u0644\\u062a\\u0646\\u0636\\u064a\\u062f. \\u0643\\u0627\\u0646 \\u0644\\u0648\\u0631\\u064a\\u0645 \\u0625\\u064a\\u0628\\u0633\\u0648\\u0645 \\u0647\\u0648 \\u0627\\u0644\\u0646\\u0635 \\u0627\\u0644\\u0648\\u0647\\u0645\\u064a \\u0627\\u0644\\u0642\\u064a\\u0627\\u0633\\u064a \\u0641\\u064a \\u0627\\u0644\\u0635\\u0646\\u0627\\u0639\\u0629 \\u0645\\u0646\\u0630 \\u0627\\u0644\\u0642\\u0631\\u0646 \\u0627\\u0644\\u062e\\u0627\\u0645\\u0633 \\u0639\\u0634\\u0631 \\u0627\\u0644\\u0645\\u064a\\u0644\\u0627\\u062f\\u064a \\u060c \\u0639\\u0646\\u062f\\u0645\\u0627 \\u0623\\u062e\\u0630\\u062a \\u0637\\u0627\\u0628\\u0639\\u0629 \\u063a\\u064a\\u0631 \\u0645\\u0639\\u0631\\u0648\\u0641\\u0629 \\u0644\\u0648\\u062d\\u064b\\u0627 \\u060c \\u0623\\u0648 \\u0644\\u0648\\u0631\\u064a\\u0645 \\u0625\\u064a\\u0628\\u0633\\u0648\\u0645 \\u0647\\u0648 \\u0628\\u0628\\u0633\\u0627\\u0637\\u0629 \\u0646\\u0635 \\u0634\\u0643\\u0644\\u064a \\u0641\\u064a \\u0635\\u0646\\u0627\\u0639\\u0629 \\u0627\\u0644\\u0637\\u0628\\u0627\\u0639\\u0629 \\u0648\\u0627\\u0644\\u062a\\u0646\\u0636\\u064a\\u062f. \\u0643\\u0627\\u0646 Lorem Ipsum \\u0647\\u0648 \\u0627\\u0644\\u0646\\u0635 \\u0627\\u0644\\u0648\\u0647\\u0645\\u064a \\u0627\\u0644\\u0642\\u064a\\u0627\\u0633\\u064a \\u0641\\u064a \\u0627\\u0644\\u0635\\u0646\\u0627\\u0639\\u0629 \\u0645\\u0646\\u0630 \\u0627\\u0644\\u0642\\u0631\\u0646 \\u0627\\u0644\\u062e\\u0627\\u0645\\u0633 \\u0639\\u0634\\u0631 \\u0627\\u0644\\u0645\\u064a\\u0644\\u0627\\u062f\\u064a \\u060c \\u0639\\u0646\\u062f\\u0645\\u0627 \\u0623\\u062e\\u0630\\u062a \\u0637\\u0627\\u0628\\u0639\\u0629 \\u063a\\u064a\\u0631 \\u0645\\u0639\\u0631\\u0648\\u0641\\u0629 \\u0644\\u0648\\u062d\\u064b\\u0627<\\/p>\"}', '{\"en\":\"<p>Lorem Ipsum is simply dummy text of the printing and typesetting industry. Lorem Ipsum has been the industry\'s standard dummy text ever since the 1500s, when an unknown printer took a galley o Lorem Ipsum is simply dummy text of the printing and typesetting industry. Lorem Ipsum has been the industry\'s standard dummy text ever since the 1500s, when an unknown printer took a galley&nbsp;<\\/p>\",\"ar\":\"<p>\\u0644\\u0648\\u0631\\u064a\\u0645 \\u0625\\u064a\\u0628\\u0633\\u0648\\u0645 \\u0647\\u0648 \\u0628\\u0628\\u0633\\u0627\\u0637\\u0629 \\u0646\\u0635 \\u0634\\u0643\\u0644\\u064a \\u064a\\u0633\\u062a\\u062e\\u062f\\u0645 \\u0641\\u064a \\u0635\\u0646\\u0627\\u0639\\u0629 \\u0627\\u0644\\u0637\\u0628\\u0627\\u0639\\u0629 \\u0648\\u0627\\u0644\\u062a\\u0646\\u0636\\u064a\\u062f. \\u0643\\u0627\\u0646 \\u0644\\u0648\\u0631\\u064a\\u0645 \\u0625\\u064a\\u0628\\u0633\\u0648\\u0645 \\u0647\\u0648 \\u0627\\u0644\\u0646\\u0635 \\u0627\\u0644\\u0648\\u0647\\u0645\\u064a \\u0627\\u0644\\u0642\\u064a\\u0627\\u0633\\u064a \\u0641\\u064a \\u0627\\u0644\\u0635\\u0646\\u0627\\u0639\\u0629 \\u0645\\u0646\\u0630 \\u0627\\u0644\\u0642\\u0631\\u0646 \\u0627\\u0644\\u062e\\u0627\\u0645\\u0633 \\u0639\\u0634\\u0631 \\u0627\\u0644\\u0645\\u064a\\u0644\\u0627\\u062f\\u064a \\u060c \\u0639\\u0646\\u062f\\u0645\\u0627 \\u0623\\u062e\\u0630\\u062a \\u0637\\u0627\\u0628\\u0639\\u0629 \\u063a\\u064a\\u0631 \\u0645\\u0639\\u0631\\u0648\\u0641\\u0629 \\u0644\\u0648\\u062d\\u064b\\u0627 \\u060c \\u0623\\u0648 \\u0644\\u0648\\u0631\\u064a\\u0645 \\u0625\\u064a\\u0628\\u0633\\u0648\\u0645 \\u0647\\u0648 \\u0628\\u0628\\u0633\\u0627\\u0637\\u0629 \\u0646\\u0635 \\u0634\\u0643\\u0644\\u064a \\u0641\\u064a \\u0635\\u0646\\u0627\\u0639\\u0629 \\u0627\\u0644\\u0637\\u0628\\u0627\\u0639\\u0629 \\u0648\\u0627\\u0644\\u062a\\u0646\\u0636\\u064a\\u062f. \\u0643\\u0627\\u0646 Lorem Ipsum \\u0647\\u0648 \\u0627\\u0644\\u0646\\u0635 \\u0627\\u0644\\u0648\\u0647\\u0645\\u064a \\u0627\\u0644\\u0642\\u064a\\u0627\\u0633\\u064a \\u0641\\u064a \\u0627\\u0644\\u0635\\u0646\\u0627\\u0639\\u0629 \\u0645\\u0646\\u0630 \\u0627\\u0644\\u0642\\u0631\\u0646 \\u0627\\u0644\\u062e\\u0627\\u0645\\u0633 \\u0639\\u0634\\u0631 \\u0627\\u0644\\u0645\\u064a\\u0644\\u0627\\u062f\\u064a \\u060c \\u0639\\u0646\\u062f\\u0645\\u0627 \\u0623\\u062e\\u0630\\u062a \\u0637\\u0627\\u0628\\u0639\\u0629 \\u063a\\u064a\\u0631 \\u0645\\u0639\\u0631\\u0648\\u0641\\u0629 \\u0644\\u0648\\u062d\\u064b\\u0627<\\/p>\"}', '{\"en\":\"<p>Lorem Ipsum is simply dummy text of the printing and typesetting industry. Lorem Ipsum has been the industry\'s standard dummy text ever since the 1500s, when an unknown printer took a galley o Lorem Ipsum is simply dummy text of the printing and typesetting industry. Lorem Ipsum has been the industry\'s standard dummy text ever since the 1500s, when an unknown printer took a galley&nbsp;<\\/p>\",\"ar\":\"<p>\\u0644\\u0648\\u0631\\u064a\\u0645 \\u0625\\u064a\\u0628\\u0633\\u0648\\u0645 \\u0647\\u0648 \\u0628\\u0628\\u0633\\u0627\\u0637\\u0629 \\u0646\\u0635 \\u0634\\u0643\\u0644\\u064a \\u064a\\u0633\\u062a\\u062e\\u062f\\u0645 \\u0641\\u064a \\u0635\\u0646\\u0627\\u0639\\u0629 \\u0627\\u0644\\u0637\\u0628\\u0627\\u0639\\u0629 \\u0648\\u0627\\u0644\\u062a\\u0646\\u0636\\u064a\\u062f. \\u0643\\u0627\\u0646 \\u0644\\u0648\\u0631\\u064a\\u0645 \\u0625\\u064a\\u0628\\u0633\\u0648\\u0645 \\u0647\\u0648 \\u0627\\u0644\\u0646\\u0635 \\u0627\\u0644\\u0648\\u0647\\u0645\\u064a \\u0627\\u0644\\u0642\\u064a\\u0627\\u0633\\u064a \\u0641\\u064a \\u0627\\u0644\\u0635\\u0646\\u0627\\u0639\\u0629 \\u0645\\u0646\\u0630 \\u0627\\u0644\\u0642\\u0631\\u0646 \\u0627\\u0644\\u062e\\u0627\\u0645\\u0633 \\u0639\\u0634\\u0631 \\u0627\\u0644\\u0645\\u064a\\u0644\\u0627\\u062f\\u064a \\u060c \\u0639\\u0646\\u062f\\u0645\\u0627 \\u0623\\u062e\\u0630\\u062a \\u0637\\u0627\\u0628\\u0639\\u0629 \\u063a\\u064a\\u0631 \\u0645\\u0639\\u0631\\u0648\\u0641\\u0629 \\u0644\\u0648\\u062d\\u064b\\u0627 \\u060c \\u0623\\u0648 \\u0644\\u0648\\u0631\\u064a\\u0645 \\u0625\\u064a\\u0628\\u0633\\u0648\\u0645 \\u0647\\u0648 \\u0628\\u0628\\u0633\\u0627\\u0637\\u0629 \\u0646\\u0635 \\u0634\\u0643\\u0644\\u064a \\u0641\\u064a \\u0635\\u0646\\u0627\\u0639\\u0629 \\u0627\\u0644\\u0637\\u0628\\u0627\\u0639\\u0629 \\u0648\\u0627\\u0644\\u062a\\u0646\\u0636\\u064a\\u062f. \\u0643\\u0627\\u0646 Lorem Ipsum \\u0647\\u0648 \\u0627\\u0644\\u0646\\u0635 \\u0627\\u0644\\u0648\\u0647\\u0645\\u064a \\u0627\\u0644\\u0642\\u064a\\u0627\\u0633\\u064a \\u0641\\u064a \\u0627\\u0644\\u0635\\u0646\\u0627\\u0639\\u0629 \\u0645\\u0646\\u0630 \\u0627\\u0644\\u0642\\u0631\\u0646 \\u0627\\u0644\\u062e\\u0627\\u0645\\u0633 \\u0639\\u0634\\u0631 \\u0627\\u0644\\u0645\\u064a\\u0644\\u0627\\u062f\\u064a \\u060c \\u0639\\u0646\\u062f\\u0645\\u0627 \\u0623\\u062e\\u0630\\u062a \\u0637\\u0627\\u0628\\u0639\\u0629 \\u063a\\u064a\\u0631 \\u0645\\u0639\\u0631\\u0648\\u0641\\u0629 \\u0644\\u0648\\u062d\\u064b\\u0627<\\/p>\"}', 1, '2021', 1, 250.000000, '210', 10, 0, '2021-07-08T15:14:00.000Z', '0.150', 2, 1, 4, 29, 2, 0, 0, 'xiomi-mi-11-210', NULL, 5, 1, '2021-07-08 18:16:28', '2021-07-09 09:20:13'),
(54, 6, '{\"en\":\"Bamboo Charcoal Cleansing Mask\",\"ar\":\"\\u0642\\u0646\\u0627\\u0639 \\u0645\\u0646\\u0638\\u0641 \\u0645\\u0646 \\u0641\\u062d\\u0645 \\u0627\\u0644\\u062e\\u064a\\u0632\\u0631\\u0627\\u0646\"}', '{\"ar\":\"<p><strong>Lorem Ipsum<\\/strong> is simply dummy text of the printing and typesetting industry. Lorem Ipsum has been the industry\'s standard dummy text ever since the 1500s<\\/p>\",\"en\":\"<p><strong>Lorem Ipsum<\\/strong> is simply dummy text of the printing and typesetting industry. Lorem Ipsum has been the industry\'s standard dummy text ever since the 1500s<\\/p>\"}', '{\"ar\":\"<p><strong>Lorem Ipsum<\\/strong> is simply dummy text of the printing and typesetting industry. Lorem Ipsum has been the industry\'s standard dummy text ever since the 1500s<\\/p>\",\"en\":\"<p><strong>Lorem Ipsum<\\/strong> is simply dummy text of the printing and typesetting industry. Lorem Ipsum has been the industry\'s standard dummy text ever since the 1500s<\\/p>\"}', '{\"ar\":\"<p><strong>Lorem Ipsum<\\/strong> is simply dummy text of the printing and typesetting industry. Lorem Ipsum has been the industry\'s standard dummy text ever since the 1500s<\\/p>\",\"en\":\"<p><strong>Lorem Ipsum<\\/strong> is simply dummy text of the printing and typesetting industry. Lorem Ipsum has been the industry\'s standard dummy text ever since the 1500s<\\/p>\"}', 1, '1232', 1, 110.000000, '235457688', 50, 0, '2022-11-26T15:16:00.000Z', '0.200', 2, 1, 7, 31, 3, 0, 0, 'bamboo-charcoal-cleansing-mask-235457688', NULL, 5, 1, '2021-07-08 18:28:05', '2021-07-09 14:45:00'),
(55, 5, '{\"en\":\"Computer Office Mouse Matte USB\",\"ar\":\"\\u0645\\u0627\\u0648\\u0633 \\u0643\\u0645\\u0628\\u064a\\u0648\\u062a\\u0631 \\u0645\\u0643\\u062a\\u0628 \\u0645\\u0627\\u062a\\u064a \\u064a\\u0648 \\u0627\\u0633 \\u0628\\u064a\"}', '{\"en\":\"<p>Lorem Ipsum is simply dummy text of the printing and typesetting industry. Lorem Ipsum has been the industry\'s standard dummy text ever since the 1500s, when an unknown printer took a galley o Lorem Ipsum is simply dummy text of the printing and typesetting industry. Lorem Ipsum has been the industry\'s standard dummy text ever since the 1500s, when an unknown printer took a galley&nbsp;<\\/p>\",\"ar\":\"<p>\\u0644\\u0648\\u0631\\u064a\\u0645 \\u0625\\u064a\\u0628\\u0633\\u0648\\u0645 \\u0647\\u0648 \\u0628\\u0628\\u0633\\u0627\\u0637\\u0629 \\u0646\\u0635 \\u0634\\u0643\\u0644\\u064a \\u064a\\u0633\\u062a\\u062e\\u062f\\u0645 \\u0641\\u064a \\u0635\\u0646\\u0627\\u0639\\u0629 \\u0627\\u0644\\u0637\\u0628\\u0627\\u0639\\u0629 \\u0648\\u0627\\u0644\\u062a\\u0646\\u0636\\u064a\\u062f. \\u0643\\u0627\\u0646 \\u0644\\u0648\\u0631\\u064a\\u0645 \\u0625\\u064a\\u0628\\u0633\\u0648\\u0645 \\u0647\\u0648 \\u0627\\u0644\\u0646\\u0635 \\u0627\\u0644\\u0648\\u0647\\u0645\\u064a \\u0627\\u0644\\u0642\\u064a\\u0627\\u0633\\u064a \\u0641\\u064a \\u0627\\u0644\\u0635\\u0646\\u0627\\u0639\\u0629 \\u0645\\u0646\\u0630 \\u0627\\u0644\\u0642\\u0631\\u0646 \\u0627\\u0644\\u062e\\u0627\\u0645\\u0633 \\u0639\\u0634\\u0631 \\u0627\\u0644\\u0645\\u064a\\u0644\\u0627\\u062f\\u064a \\u060c \\u0639\\u0646\\u062f\\u0645\\u0627 \\u0623\\u062e\\u0630\\u062a \\u0637\\u0627\\u0628\\u0639\\u0629 \\u063a\\u064a\\u0631 \\u0645\\u0639\\u0631\\u0648\\u0641\\u0629 \\u0644\\u0648\\u062d\\u064b\\u0627 \\u060c \\u0623\\u0648 \\u0644\\u0648\\u0631\\u064a\\u0645 \\u0625\\u064a\\u0628\\u0633\\u0648\\u0645 \\u0647\\u0648 \\u0628\\u0628\\u0633\\u0627\\u0637\\u0629 \\u0646\\u0635 \\u0634\\u0643\\u0644\\u064a \\u0641\\u064a \\u0635\\u0646\\u0627\\u0639\\u0629 \\u0627\\u0644\\u0637\\u0628\\u0627\\u0639\\u0629 \\u0648\\u0627\\u0644\\u062a\\u0646\\u0636\\u064a\\u062f. \\u0643\\u0627\\u0646 Lorem Ipsum \\u0647\\u0648 \\u0627\\u0644\\u0646\\u0635 \\u0627\\u0644\\u0648\\u0647\\u0645\\u064a \\u0627\\u0644\\u0642\\u064a\\u0627\\u0633\\u064a \\u0641\\u064a \\u0627\\u0644\\u0635\\u0646\\u0627\\u0639\\u0629 \\u0645\\u0646\\u0630 \\u0627\\u0644\\u0642\\u0631\\u0646 \\u0627\\u0644\\u062e\\u0627\\u0645\\u0633 \\u0639\\u0634\\u0631 \\u0627\\u0644\\u0645\\u064a\\u0644\\u0627\\u062f\\u064a \\u060c \\u0639\\u0646\\u062f\\u0645\\u0627 \\u0623\\u062e\\u0630\\u062a \\u0637\\u0627\\u0628\\u0639\\u0629 \\u063a\\u064a\\u0631 \\u0645\\u0639\\u0631\\u0648\\u0641\\u0629 \\u0644\\u0648\\u062d\\u064b\\u0627<\\/p>\"}', '{\"en\":\"<p>Lorem Ipsum is simply dummy text of the printing and typesetting industry. Lorem Ipsum has been the industry\'s standard dummy text ever since the 1500s, when an unknown printer took a galley o Lorem Ipsum is simply dummy text of the printing and typesetting industry. Lorem Ipsum has been the industry\'s standard dummy text ever since the 1500s, when an unknown printer took a galley&nbsp;<\\/p>\",\"ar\":\"<p>\\u0644\\u0648\\u0631\\u064a\\u0645 \\u0625\\u064a\\u0628\\u0633\\u0648\\u0645 \\u0647\\u0648 \\u0628\\u0628\\u0633\\u0627\\u0637\\u0629 \\u0646\\u0635 \\u0634\\u0643\\u0644\\u064a \\u064a\\u0633\\u062a\\u062e\\u062f\\u0645 \\u0641\\u064a \\u0635\\u0646\\u0627\\u0639\\u0629 \\u0627\\u0644\\u0637\\u0628\\u0627\\u0639\\u0629 \\u0648\\u0627\\u0644\\u062a\\u0646\\u0636\\u064a\\u062f. \\u0643\\u0627\\u0646 \\u0644\\u0648\\u0631\\u064a\\u0645 \\u0625\\u064a\\u0628\\u0633\\u0648\\u0645 \\u0647\\u0648 \\u0627\\u0644\\u0646\\u0635 \\u0627\\u0644\\u0648\\u0647\\u0645\\u064a \\u0627\\u0644\\u0642\\u064a\\u0627\\u0633\\u064a \\u0641\\u064a \\u0627\\u0644\\u0635\\u0646\\u0627\\u0639\\u0629 \\u0645\\u0646\\u0630 \\u0627\\u0644\\u0642\\u0631\\u0646 \\u0627\\u0644\\u062e\\u0627\\u0645\\u0633 \\u0639\\u0634\\u0631 \\u0627\\u0644\\u0645\\u064a\\u0644\\u0627\\u062f\\u064a \\u060c \\u0639\\u0646\\u062f\\u0645\\u0627 \\u0623\\u062e\\u0630\\u062a \\u0637\\u0627\\u0628\\u0639\\u0629 \\u063a\\u064a\\u0631 \\u0645\\u0639\\u0631\\u0648\\u0641\\u0629 \\u0644\\u0648\\u062d\\u064b\\u0627 \\u060c \\u0623\\u0648 \\u0644\\u0648\\u0631\\u064a\\u0645 \\u0625\\u064a\\u0628\\u0633\\u0648\\u0645 \\u0647\\u0648 \\u0628\\u0628\\u0633\\u0627\\u0637\\u0629 \\u0646\\u0635 \\u0634\\u0643\\u0644\\u064a \\u0641\\u064a \\u0635\\u0646\\u0627\\u0639\\u0629 \\u0627\\u0644\\u0637\\u0628\\u0627\\u0639\\u0629 \\u0648\\u0627\\u0644\\u062a\\u0646\\u0636\\u064a\\u062f. \\u0643\\u0627\\u0646 Lorem Ipsum \\u0647\\u0648 \\u0627\\u0644\\u0646\\u0635 \\u0627\\u0644\\u0648\\u0647\\u0645\\u064a \\u0627\\u0644\\u0642\\u064a\\u0627\\u0633\\u064a \\u0641\\u064a \\u0627\\u0644\\u0635\\u0646\\u0627\\u0639\\u0629 \\u0645\\u0646\\u0630 \\u0627\\u0644\\u0642\\u0631\\u0646 \\u0627\\u0644\\u062e\\u0627\\u0645\\u0633 \\u0639\\u0634\\u0631 \\u0627\\u0644\\u0645\\u064a\\u0644\\u0627\\u062f\\u064a \\u060c \\u0639\\u0646\\u062f\\u0645\\u0627 \\u0623\\u062e\\u0630\\u062a \\u0637\\u0627\\u0628\\u0639\\u0629 \\u063a\\u064a\\u0631 \\u0645\\u0639\\u0631\\u0648\\u0641\\u0629 \\u0644\\u0648\\u062d\\u064b\\u0627<\\/p>\"}', '{\"en\":\"<p>Lorem Ipsum is simply dummy text of the printing and typesetting industry. Lorem Ipsum has been the industry\'s standard dummy text ever since the 1500s, when an unknown printer took a galley o Lorem Ipsum is simply dummy text of the printing and typesetting industry. Lorem Ipsum has been the industry\'s standard dummy text ever since the 1500s, when an unknown printer took a galley&nbsp;<\\/p>\",\"ar\":\"<p>\\u0644\\u0648\\u0631\\u064a\\u0645 \\u0625\\u064a\\u0628\\u0633\\u0648\\u0645 \\u0647\\u0648 \\u0628\\u0628\\u0633\\u0627\\u0637\\u0629 \\u0646\\u0635 \\u0634\\u0643\\u0644\\u064a \\u064a\\u0633\\u062a\\u062e\\u062f\\u0645 \\u0641\\u064a \\u0635\\u0646\\u0627\\u0639\\u0629 \\u0627\\u0644\\u0637\\u0628\\u0627\\u0639\\u0629 \\u0648\\u0627\\u0644\\u062a\\u0646\\u0636\\u064a\\u062f. \\u0643\\u0627\\u0646 \\u0644\\u0648\\u0631\\u064a\\u0645 \\u0625\\u064a\\u0628\\u0633\\u0648\\u0645 \\u0647\\u0648 \\u0627\\u0644\\u0646\\u0635 \\u0627\\u0644\\u0648\\u0647\\u0645\\u064a \\u0627\\u0644\\u0642\\u064a\\u0627\\u0633\\u064a \\u0641\\u064a \\u0627\\u0644\\u0635\\u0646\\u0627\\u0639\\u0629 \\u0645\\u0646\\u0630 \\u0627\\u0644\\u0642\\u0631\\u0646 \\u0627\\u0644\\u062e\\u0627\\u0645\\u0633 \\u0639\\u0634\\u0631 \\u0627\\u0644\\u0645\\u064a\\u0644\\u0627\\u062f\\u064a \\u060c \\u0639\\u0646\\u062f\\u0645\\u0627 \\u0623\\u062e\\u0630\\u062a \\u0637\\u0627\\u0628\\u0639\\u0629 \\u063a\\u064a\\u0631 \\u0645\\u0639\\u0631\\u0648\\u0641\\u0629 \\u0644\\u0648\\u062d\\u064b\\u0627 \\u060c \\u0623\\u0648 \\u0644\\u0648\\u0631\\u064a\\u0645 \\u0625\\u064a\\u0628\\u0633\\u0648\\u0645 \\u0647\\u0648 \\u0628\\u0628\\u0633\\u0627\\u0637\\u0629 \\u0646\\u0635 \\u0634\\u0643\\u0644\\u064a \\u0641\\u064a \\u0635\\u0646\\u0627\\u0639\\u0629 \\u0627\\u0644\\u0637\\u0628\\u0627\\u0639\\u0629 \\u0648\\u0627\\u0644\\u062a\\u0646\\u0636\\u064a\\u062f. \\u0643\\u0627\\u0646 Lorem Ipsum \\u0647\\u0648 \\u0627\\u0644\\u0646\\u0635 \\u0627\\u0644\\u0648\\u0647\\u0645\\u064a \\u0627\\u0644\\u0642\\u064a\\u0627\\u0633\\u064a \\u0641\\u064a \\u0627\\u0644\\u0635\\u0646\\u0627\\u0639\\u0629 \\u0645\\u0646\\u0630 \\u0627\\u0644\\u0642\\u0631\\u0646 \\u0627\\u0644\\u062e\\u0627\\u0645\\u0633 \\u0639\\u0634\\u0631 \\u0627\\u0644\\u0645\\u064a\\u0644\\u0627\\u062f\\u064a \\u060c \\u0639\\u0646\\u062f\\u0645\\u0627 \\u0623\\u062e\\u0630\\u062a \\u0637\\u0627\\u0628\\u0639\\u0629 \\u063a\\u064a\\u0631 \\u0645\\u0639\\u0631\\u0648\\u0641\\u0629 \\u0644\\u0648\\u062d\\u064b\\u0627<\\/p>\"}', 1, '2021', 1, 28.000000, '212', 50, 0, '2022-04-23T15:29:00.000Z', '0.1', 2, 1, 6, 30, 3, 0, 0, 'computer-office-mouse-matte-usb-212', NULL, 9, 1, '2021-07-08 18:31:39', '2021-07-09 14:39:02'),
(56, 6, '{\"en\":\"Double-end Concealer Stick Face\",\"ar\":\"\\u0639\\u0635\\u0627 \\u0643\\u0648\\u0646\\u0633\\u064a\\u0644\\u0631 \\u0645\\u0632\\u062f\\u0648\\u062c\\u0629 \\u0644\\u0644\\u0648\\u062c\\u0647\"}', '{\"ar\":\"<p>\\u0644\\u0648\\u0631\\u064a\\u0645 \\u0625\\u064a\\u0628\\u0633\\u0648\\u0645 \\u0647\\u0648 \\u0628\\u0628\\u0633\\u0627\\u0637\\u0629 \\u0646\\u0635 \\u0634\\u0643\\u0644\\u064a \\u064a\\u0633\\u062a\\u062e\\u062f\\u0645 \\u0641\\u064a \\u0635\\u0646\\u0627\\u0639\\u0629 \\u0627\\u0644\\u0637\\u0628\\u0627\\u0639\\u0629 \\u0648\\u0627\\u0644\\u062a\\u0646\\u0636\\u064a\\u062f. \\u0643\\u0627\\u0646 Lorem Ipsum \\u0647\\u0648 \\u0627\\u0644\\u0646\\u0635 \\u0627\\u0644\\u0648\\u0647\\u0645\\u064a \\u0627\\u0644\\u0642\\u064a\\u0627\\u0633\\u064a \\u0641\\u064a \\u0627\\u0644\\u0635\\u0646\\u0627\\u0639\\u0629 \\u0645\\u0646\\u0630 \\u0627\\u0644\\u0642\\u0631\\u0646 \\u0627\\u0644\\u062e\\u0627\\u0645\\u0633 \\u0639\\u0634\\u0631 \\u0627\\u0644\\u0645\\u064a\\u0644\\u0627\\u062f\\u064a<\\/p><p><br>&nbsp;<\\/p>\",\"en\":\"<p>Lorem Ipsum is simply dummy text of the printing and typesetting industry. Lorem Ipsum has been the industry\'s standard dummy text ever since the 1500s<\\/p>\"}', '{\"ar\":\"<p>\\u0644\\u0648\\u0631\\u064a\\u0645 \\u0625\\u064a\\u0628\\u0633\\u0648\\u0645 \\u0647\\u0648 \\u0628\\u0628\\u0633\\u0627\\u0637\\u0629 \\u0646\\u0635 \\u0634\\u0643\\u0644\\u064a \\u064a\\u0633\\u062a\\u062e\\u062f\\u0645 \\u0641\\u064a \\u0635\\u0646\\u0627\\u0639\\u0629 \\u0627\\u0644\\u0637\\u0628\\u0627\\u0639\\u0629 \\u0648\\u0627\\u0644\\u062a\\u0646\\u0636\\u064a\\u062f. \\u0643\\u0627\\u0646 Lorem Ipsum \\u0647\\u0648 \\u0627\\u0644\\u0646\\u0635 \\u0627\\u0644\\u0648\\u0647\\u0645\\u064a \\u0627\\u0644\\u0642\\u064a\\u0627\\u0633\\u064a \\u0641\\u064a \\u0627\\u0644\\u0635\\u0646\\u0627\\u0639\\u0629 \\u0645\\u0646\\u0630 \\u0627\\u0644\\u0642\\u0631\\u0646 \\u0627\\u0644\\u062e\\u0627\\u0645\\u0633 \\u0639\\u0634\\u0631 \\u0627\\u0644\\u0645\\u064a\\u0644\\u0627\\u062f\\u064a<\\/p><p><br>&nbsp;<\\/p>\",\"en\":\"<p>Lorem Ipsum is simply dummy text of the printing and typesetting industry. Lorem Ipsum has been the industry\'s standard dummy text ever since the 1500s<\\/p>\"}', '{\"ar\":\"<p>\\u0644\\u0648\\u0631\\u064a\\u0645 \\u0625\\u064a\\u0628\\u0633\\u0648\\u0645 \\u0647\\u0648 \\u0628\\u0628\\u0633\\u0627\\u0637\\u0629 \\u0646\\u0635 \\u0634\\u0643\\u0644\\u064a \\u064a\\u0633\\u062a\\u062e\\u062f\\u0645 \\u0641\\u064a \\u0635\\u0646\\u0627\\u0639\\u0629 \\u0627\\u0644\\u0637\\u0628\\u0627\\u0639\\u0629 \\u0648\\u0627\\u0644\\u062a\\u0646\\u0636\\u064a\\u062f. \\u0643\\u0627\\u0646 Lorem Ipsum \\u0647\\u0648 \\u0627\\u0644\\u0646\\u0635 \\u0627\\u0644\\u0648\\u0647\\u0645\\u064a \\u0627\\u0644\\u0642\\u064a\\u0627\\u0633\\u064a \\u0641\\u064a \\u0627\\u0644\\u0635\\u0646\\u0627\\u0639\\u0629 \\u0645\\u0646\\u0630 \\u0627\\u0644\\u0642\\u0631\\u0646 \\u0627\\u0644\\u062e\\u0627\\u0645\\u0633 \\u0639\\u0634\\u0631 \\u0627\\u0644\\u0645\\u064a\\u0644\\u0627\\u062f\\u064a<\\/p><p><br>&nbsp;<\\/p>\",\"en\":\"<p>Lorem Ipsum is simply dummy text of the printing and typesetting industry. Lorem Ipsum has been the industry\'s standard dummy text ever since the 1500s<\\/p>\"}', 1, '23423', 1, 120.000000, '2352345', 50, 0, '2022-10-29T15:31:00.000Z', '0.500', 2, 1, 7, 31, 3, 0, 0, 'double-end-concealer-stick-face-2352345', NULL, 5, 1, '2021-07-08 18:32:07', '2021-07-09 14:37:42'),
(57, 6, '{\"en\":\"Electric Face Care Ultrasonic Cleaning Skin\",\"ar\":\"\\u0627\\u0644\\u0639\\u0646\\u0627\\u064a\\u0629 \\u0628\\u0627\\u0644\\u0648\\u062c\\u0647 \\u0627\\u0644\\u0643\\u0647\\u0631\\u0628\\u0627\\u0626\\u064a\\u0629 \\u062a\\u0646\\u0638\\u064a\\u0641 \\u0627\\u0644\\u0628\\u0634\\u0631\\u0629 \\u0628\\u0627\\u0644\\u0645\\u0648\\u062c\\u0627\\u062a \\u0641\\u0648\\u0642 \\u0627\\u0644\\u0635\\u0648\\u062a\\u064a\\u0629\"}', '{\"ar\":\"<p>\\u0644\\u0648\\u0631\\u064a\\u0645 \\u0625\\u064a\\u0628\\u0633\\u0648\\u0645 \\u0647\\u0648 \\u0628\\u0628\\u0633\\u0627\\u0637\\u0629 \\u0646\\u0635 \\u0634\\u0643\\u0644\\u064a \\u064a\\u0633\\u062a\\u062e\\u062f\\u0645 \\u0641\\u064a \\u0635\\u0646\\u0627\\u0639\\u0629 \\u0627\\u0644\\u0637\\u0628\\u0627\\u0639\\u0629 \\u0648\\u0627\\u0644\\u062a\\u0646\\u0636\\u064a\\u062f. \\u0643\\u0627\\u0646 Lorem Ipsum \\u0647\\u0648 \\u0627\\u0644\\u0646\\u0635 \\u0627\\u0644\\u0648\\u0647\\u0645\\u064a \\u0627\\u0644\\u0642\\u064a\\u0627\\u0633\\u064a \\u0641\\u064a \\u0627\\u0644\\u0635\\u0646\\u0627\\u0639\\u0629 \\u0645\\u0646\\u0630 \\u0627\\u0644\\u0642\\u0631\\u0646 \\u0627\\u0644\\u062e\\u0627\\u0645\\u0633 \\u0639\\u0634\\u0631&nbsp;<\\/p>\",\"en\":\"<p>Lorem Ipsum is simply dummy text of the printing and typesetting industry. Lorem Ipsum has been the industry\'s standard dummy text ever since the 1500s<\\/p>\"}', '{\"ar\":\"<p>\\u0644\\u0648\\u0631\\u064a\\u0645 \\u0625\\u064a\\u0628\\u0633\\u0648\\u0645 \\u0647\\u0648 \\u0628\\u0628\\u0633\\u0627\\u0637\\u0629 \\u0646\\u0635 \\u0634\\u0643\\u0644\\u064a \\u064a\\u0633\\u062a\\u062e\\u062f\\u0645 \\u0641\\u064a \\u0635\\u0646\\u0627\\u0639\\u0629 \\u0627\\u0644\\u0637\\u0628\\u0627\\u0639\\u0629 \\u0648\\u0627\\u0644\\u062a\\u0646\\u0636\\u064a\\u062f. \\u0643\\u0627\\u0646 Lorem Ipsum \\u0647\\u0648 \\u0627\\u0644\\u0646\\u0635 \\u0627\\u0644\\u0648\\u0647\\u0645\\u064a \\u0627\\u0644\\u0642\\u064a\\u0627\\u0633\\u064a \\u0641\\u064a \\u0627\\u0644\\u0635\\u0646\\u0627\\u0639\\u0629 \\u0645\\u0646\\u0630 \\u0627\\u0644\\u0642\\u0631\\u0646 \\u0627\\u0644\\u062e\\u0627\\u0645\\u0633 \\u0639\\u0634\\u0631&nbsp;<\\/p>\",\"en\":\"<p>Lorem Ipsum is simply dummy text of the printing and typesetting industry. Lorem Ipsum has been the industry\'s standard dummy text ever since the 1500s<\\/p>\"}', '{\"ar\":\"<p>\\u0644\\u0648\\u0631\\u064a\\u0645 \\u0625\\u064a\\u0628\\u0633\\u0648\\u0645 \\u0647\\u0648 \\u0628\\u0628\\u0633\\u0627\\u0637\\u0629 \\u0646\\u0635 \\u0634\\u0643\\u0644\\u064a \\u064a\\u0633\\u062a\\u062e\\u062f\\u0645 \\u0641\\u064a \\u0635\\u0646\\u0627\\u0639\\u0629 \\u0627\\u0644\\u0637\\u0628\\u0627\\u0639\\u0629 \\u0648\\u0627\\u0644\\u062a\\u0646\\u0636\\u064a\\u062f. \\u0643\\u0627\\u0646 Lorem Ipsum \\u0647\\u0648 \\u0627\\u0644\\u0646\\u0635 \\u0627\\u0644\\u0648\\u0647\\u0645\\u064a \\u0627\\u0644\\u0642\\u064a\\u0627\\u0633\\u064a \\u0641\\u064a \\u0627\\u0644\\u0635\\u0646\\u0627\\u0639\\u0629 \\u0645\\u0646\\u0630 \\u0627\\u0644\\u0642\\u0631\\u0646 \\u0627\\u0644\\u062e\\u0627\\u0645\\u0633 \\u0639\\u0634\\u0631&nbsp;<\\/p>\",\"en\":\"<p>Lorem Ipsum is simply dummy text of the printing and typesetting industry. Lorem Ipsum has been the industry\'s standard dummy text ever since the 1500s<\\/p>\"}', 1, '32534', 1, 150.000000, '231432456', 50, 0, '2022-05-27T15:34:00.000Z', '0.300', 2, 1, 7, 31, 3, 0, 0, 'electric-face-care-ultrasonic-cleaning-skin-231432456', NULL, 5, 1, '2021-07-08 18:34:48', '2021-07-09 14:36:06');
